{"id":3189,"date":"2019-04-20T12:23:42","date_gmt":"2019-04-20T09:23:42","guid":{"rendered":"http:\/\/www.ksttukku.fi\/kauppa\/?post_type=product&#038;p=3189"},"modified":"2024-08-12T15:00:36","modified_gmt":"2024-08-12T12:00:36","slug":"kylpyhuonevalaisin-esther-s3-6w-ip44","status":"publish","type":"product","link":"https:\/\/www.ksttukku.fi\/kauppa\/tuote\/kylpyhuonevalaisin-esther-s3-6w-ip44\/","title":{"rendered":"Kylpyhuonevalaisin Esther S3 6W IP44"},"content":{"rendered":"<p>Uudistunut AC-led versio n\u00e4ytt\u00e4v\u00e4st\u00e4 Esther valaisimesta.<br \/>\nAC-led kytket\u00e4\u00e4n suoraan verkkovirtaa, ei erillist\u00e4<br \/>\nmuuntajaa. Kromattu S3 varrella varustettu, 280mm leve\u00e4<br \/>\nvalaisin, jonka mukana toimitetaan uusi kiinnitin kaapin p\u00e4\u00e4lle asennusta helpottamaan. Kiinnitett\u00e4viss\u00e4 my\u00f6s peilin taakse. Irrottamalla uuden kiinnittimen osat toisistaan voi valaisimen kiinnitt\u00e4\u00e4 my\u00f6s max. 6mm peiliin. IP44, 6W, 457 lumenia, 4000K. CRI &gt; 80,<br \/>\n36 000h, takuu 5 vuotta. Esiasennettu europlug johto (IP44 liittimell\u00e4).<\/p>\n","protected":false},"excerpt":{"rendered":"<p>Uudistunut AC-led versio n\u00e4ytt\u00e4v\u00e4st\u00e4 Esther valaisimesta. AC-led kytket\u00e4\u00e4n suoraan verkkovirtaa, ei erillist\u00e4 muuntajaa. Kromattu S3 varrella varustettu, 280mm leve\u00e4 valaisin, jonka mukana toimitetaan uusi kiinnitin kaapin p\u00e4\u00e4lle asennusta helpottamaan. Kiinnitett\u00e4viss\u00e4 my\u00f6s peilin taakse. Irrottamalla uuden kiinnittimen osat toisistaan voi valaisimen kiinnitt\u00e4\u00e4 my\u00f6s max. 6mm peiliin. IP44, 6W, 457 lumenia, 4000K. CRI &gt; 80, 36 000h, [&hellip;]<\/p>\n","protected":false},"featured_media":3190,"comment_status":"closed","ping_status":"closed","template":"","meta":[],"product_brand":[],"product_cat":[48,150,240],"product_tag":[],"class_list":{"0":"post-3189","1":"product","2":"type-product","3":"status-publish","4":"has-post-thumbnail","6":"product_cat-kosteantilanvalaisimet","7":"product_cat-kylpyhuone","8":"product_cat-valolipat-ja-valaisimet","10":"first","11":"instock","12":"taxable","13":"shipping-taxable","14":"purchasable","15":"product-type-simple"},"_links":{"self":[{"href":"https:\/\/www.ksttukku.fi\/kauppa\/wp-json\/wp\/v2\/product\/3189","targetHints":{"allow":["GET"]}}],"collection":[{"href":"https:\/\/www.ksttukku.fi\/kauppa\/wp-json\/wp\/v2\/product"}],"about":[{"href":"https:\/\/www.ksttukku.fi\/kauppa\/wp-json\/wp\/v2\/types\/product"}],"replies":[{"embeddable":true,"href":"https:\/\/www.ksttukku.fi\/kauppa\/wp-json\/wp\/v2\/comments?post=3189"}],"wp:featuredmedia":[{"embeddable":true,"href":"https:\/\/www.ksttukku.fi\/kauppa\/wp-json\/wp\/v2\/media\/3190"}],"wp:attachment":[{"href":"https:\/\/www.ksttukku.fi\/kauppa\/wp-json\/wp\/v2\/media?parent=3189"}],"wp:term":[{"taxonomy":"product_brand","embeddable":true,"href":"https:\/\/www.ksttukku.fi\/kauppa\/wp-json\/wp\/v2\/product_brand?post=3189"},{"taxonomy":"product_cat","embeddable":true,"href":"https:\/\/www.ksttukku.fi\/kauppa\/wp-json\/wp\/v2\/product_cat?post=3189"},{"taxonomy":"product_tag","embeddable":true,"href":"https:\/\/www.ksttukku.fi\/kauppa\/wp-json\/wp\/v2\/product_tag?post=3189"}],"curies":[{"name":"wp","href":"https:\/\/api.w.org\/{rel}","templated":true}]}}