{"id":328,"date":"2018-01-31T17:34:00","date_gmt":"2018-01-31T15:34:00","guid":{"rendered":"http:\/\/www.ksttukku.fi\/kauppa\/?post_type=product&#038;p=328"},"modified":"2020-02-19T17:49:19","modified_gmt":"2020-02-19T15:49:19","slug":"led-valonauhasarja-5m-ip44ip20-2","status":"publish","type":"product","link":"https:\/\/www.ksttukku.fi\/kauppa\/tuote\/led-valonauhasarja-5m-ip44ip20-2\/","title":{"rendered":"Led valonauhasarja 3m IP44\/IP20"},"content":{"rendered":"<p>LED-valonauha monipuoliseen valaistukseen. Sopii IP44 luokituksensa ansiosta esim. terassille sek\u00e4 kaikkiin muihin kodin tiloihin. Sis\u00e4lt\u00e4\u00e4 3 metri\u00e4 valonauhaa. Helppo asentaa pienehk\u00f6\u00f6n tilaan ja antaa tehokkaan puhtaan valkoisen valaistuksen. Sis\u00e4lt\u00e4\u00e4 liit\u00e4nt\u00e4laitteen.<\/p>\n<p>Teho: 28,8 W (9,6W\/m)<\/p>\n<p>Valovirta: 2016 lm<\/p>\n<p>IP-luokitus: IP44 (liit\u00e4nt\u00e4laite IP20)<\/p>\n<p>V\u00e4ril\u00e4mp\u00f6: 4000 K<\/p>\n","protected":false},"excerpt":{"rendered":"<p>LED-valonauha monipuoliseen valaistukseen. Sopii IP44 luokituksensa ansiosta esim. terassille sek\u00e4 kaikkiin muihin kodin tiloihin. Sis\u00e4lt\u00e4\u00e4 3 metri\u00e4 valonauhaa. Helppo asentaa pienehk\u00f6\u00f6n tilaan ja antaa tehokkaan puhtaan valkoisen valaistuksen. Sis\u00e4lt\u00e4\u00e4 liit\u00e4nt\u00e4laitteen. Teho: 28,8 W (9,6W\/m) Valovirta: 2016 lm IP-luokitus: IP44 (liit\u00e4nt\u00e4laite IP20) V\u00e4ril\u00e4mp\u00f6: 4000 K<\/p>\n","protected":false},"featured_media":329,"comment_status":"closed","ping_status":"closed","template":"","meta":[],"product_brand":[],"product_cat":[45],"product_tag":[],"class_list":{"0":"post-328","1":"product","2":"type-product","3":"status-publish","4":"has-post-thumbnail","6":"product_cat-valonauhat","8":"first","9":"instock","10":"taxable","11":"shipping-taxable","12":"purchasable","13":"product-type-simple"},"_links":{"self":[{"href":"https:\/\/www.ksttukku.fi\/kauppa\/wp-json\/wp\/v2\/product\/328","targetHints":{"allow":["GET"]}}],"collection":[{"href":"https:\/\/www.ksttukku.fi\/kauppa\/wp-json\/wp\/v2\/product"}],"about":[{"href":"https:\/\/www.ksttukku.fi\/kauppa\/wp-json\/wp\/v2\/types\/product"}],"replies":[{"embeddable":true,"href":"https:\/\/www.ksttukku.fi\/kauppa\/wp-json\/wp\/v2\/comments?post=328"}],"wp:featuredmedia":[{"embeddable":true,"href":"https:\/\/www.ksttukku.fi\/kauppa\/wp-json\/wp\/v2\/media\/329"}],"wp:attachment":[{"href":"https:\/\/www.ksttukku.fi\/kauppa\/wp-json\/wp\/v2\/media?parent=328"}],"wp:term":[{"taxonomy":"product_brand","embeddable":true,"href":"https:\/\/www.ksttukku.fi\/kauppa\/wp-json\/wp\/v2\/product_brand?post=328"},{"taxonomy":"product_cat","embeddable":true,"href":"https:\/\/www.ksttukku.fi\/kauppa\/wp-json\/wp\/v2\/product_cat?post=328"},{"taxonomy":"product_tag","embeddable":true,"href":"https:\/\/www.ksttukku.fi\/kauppa\/wp-json\/wp\/v2\/product_tag?post=328"}],"curies":[{"name":"wp","href":"https:\/\/api.w.org\/{rel}","templated":true}]}}