{"id":3394,"date":"2019-05-06T13:04:35","date_gmt":"2019-05-06T10:04:35","guid":{"rendered":"http:\/\/www.ksttukku.fi\/kauppa\/?post_type=product&#038;p=3394"},"modified":"2024-05-06T10:51:35","modified_gmt":"2024-05-06T07:51:35","slug":"akkuketjusaha-ge-lc-18-li-solo","status":"publish","type":"product","link":"https:\/\/www.ksttukku.fi\/kauppa\/tuote\/akkuketjusaha-ge-lc-18-li-solo\/","title":{"rendered":"Akkuketjusaha GE-LC 18 Li Solo"},"content":{"rendered":"<p>Takapotkusuoja, mekaaninen ketjujarru ja ketjusieppo tuovat k\u00e4ytt\u00f6turvallisuutta. Metallinen kaarnapiikki takaa turvallisen ohjauksen ja ergonominen kahva miellytt\u00e4v\u00e4n otteen. Ketjun kiristykseen tai vaihtoon ei tarvita ty\u00f6kaluja. Ketjun voitelu toimii automaattisesti. \u00d6ljys\u00e4ili\u00f6 on helppo t\u00e4ytt\u00e4\u00e4 tilavan t\u00e4ytt\u00f6aukon ansiosta.<br \/>\nTekniset tiedot:<br \/>\nLaipan pituus: 250 mm<br \/>\nLeikkuupituus: 230 mm<br \/>\nLeikkuunopeus: 4,3 m\/s<br \/>\n\u00d6ljys\u00e4ili\u00f6: 200 ml<br \/>\nLaitteen paino: 2,9 kg<\/p>\n","protected":false},"excerpt":{"rendered":"<p>Einhell akkuketjusaha GE-LC 18 Li Solo on varustettu laadukkaalla Oregon-laipalla ja ketjulla. Leikkuupituus on 230 mm. Toimitus ilman akkua ja latauslaitetta, mutta kaikki Einhell Power X-Change tuoteperheen akut ja latauslaite sopivat.<\/p>\n","protected":false},"featured_media":3395,"comment_status":"closed","ping_status":"closed","template":"","meta":[],"product_brand":[],"product_cat":[207,249],"product_tag":[],"class_list":{"0":"post-3394","1":"product","2":"type-product","3":"status-publish","4":"has-post-thumbnail","6":"product_cat-koneet-tyokalut","7":"product_cat-moottorisahat","9":"first","10":"outofstock","11":"taxable","12":"shipping-taxable","13":"purchasable","14":"product-type-simple"},"_links":{"self":[{"href":"https:\/\/www.ksttukku.fi\/kauppa\/wp-json\/wp\/v2\/product\/3394","targetHints":{"allow":["GET"]}}],"collection":[{"href":"https:\/\/www.ksttukku.fi\/kauppa\/wp-json\/wp\/v2\/product"}],"about":[{"href":"https:\/\/www.ksttukku.fi\/kauppa\/wp-json\/wp\/v2\/types\/product"}],"replies":[{"embeddable":true,"href":"https:\/\/www.ksttukku.fi\/kauppa\/wp-json\/wp\/v2\/comments?post=3394"}],"wp:featuredmedia":[{"embeddable":true,"href":"https:\/\/www.ksttukku.fi\/kauppa\/wp-json\/wp\/v2\/media\/3395"}],"wp:attachment":[{"href":"https:\/\/www.ksttukku.fi\/kauppa\/wp-json\/wp\/v2\/media?parent=3394"}],"wp:term":[{"taxonomy":"product_brand","embeddable":true,"href":"https:\/\/www.ksttukku.fi\/kauppa\/wp-json\/wp\/v2\/product_brand?post=3394"},{"taxonomy":"product_cat","embeddable":true,"href":"https:\/\/www.ksttukku.fi\/kauppa\/wp-json\/wp\/v2\/product_cat?post=3394"},{"taxonomy":"product_tag","embeddable":true,"href":"https:\/\/www.ksttukku.fi\/kauppa\/wp-json\/wp\/v2\/product_tag?post=3394"}],"curies":[{"name":"wp","href":"https:\/\/api.w.org\/{rel}","templated":true}]}}