{"id":3398,"date":"2019-05-06T17:25:44","date_gmt":"2019-05-06T14:25:44","guid":{"rendered":"http:\/\/www.ksttukku.fi\/kauppa\/?post_type=product&#038;p=3398"},"modified":"2019-05-06T17:25:44","modified_gmt":"2019-05-06T14:25:44","slug":"valikytkinjohto-205m-valkoinen","status":"publish","type":"product","link":"https:\/\/www.ksttukku.fi\/kauppa\/tuote\/valikytkinjohto-205m-valkoinen\/","title":{"rendered":"V\u00e4likytkinjohto 2+0,5m valkoinen"},"content":{"rendered":"<p>Pistotulpalta v\u00e4likytkimelle 2 m ja v\u00e4likykimelt\u00e4 liit\u00e4nt\u00e4p\u00e4\u00e4h\u00e4n 0,5 m<\/p>\n<p class=\"dataelement\"><span class=\"title\">Tuotemerkki:<\/span> <span class=\"data\">ElectroGEAR<\/span><\/p>\n","protected":false},"excerpt":{"rendered":"<p>Pistotulpalta v\u00e4likytkimelle 2 m ja v\u00e4likykimelt\u00e4 liit\u00e4nt\u00e4p\u00e4\u00e4h\u00e4n 0,5 m Tuotemerkki: ElectroGEAR<\/p>\n","protected":false},"featured_media":3399,"comment_status":"closed","ping_status":"closed","template":"","meta":[],"product_brand":[],"product_cat":[230,251],"product_tag":[],"class_list":{"0":"post-3398","1":"product","2":"type-product","3":"status-publish","4":"has-post-thumbnail","6":"product_cat-sahkotarvikkeet","7":"product_cat-valikytkimet-ja-johdot","9":"first","10":"instock","11":"taxable","12":"shipping-taxable","13":"purchasable","14":"product-type-simple"},"_links":{"self":[{"href":"https:\/\/www.ksttukku.fi\/kauppa\/wp-json\/wp\/v2\/product\/3398","targetHints":{"allow":["GET"]}}],"collection":[{"href":"https:\/\/www.ksttukku.fi\/kauppa\/wp-json\/wp\/v2\/product"}],"about":[{"href":"https:\/\/www.ksttukku.fi\/kauppa\/wp-json\/wp\/v2\/types\/product"}],"replies":[{"embeddable":true,"href":"https:\/\/www.ksttukku.fi\/kauppa\/wp-json\/wp\/v2\/comments?post=3398"}],"wp:featuredmedia":[{"embeddable":true,"href":"https:\/\/www.ksttukku.fi\/kauppa\/wp-json\/wp\/v2\/media\/3399"}],"wp:attachment":[{"href":"https:\/\/www.ksttukku.fi\/kauppa\/wp-json\/wp\/v2\/media?parent=3398"}],"wp:term":[{"taxonomy":"product_brand","embeddable":true,"href":"https:\/\/www.ksttukku.fi\/kauppa\/wp-json\/wp\/v2\/product_brand?post=3398"},{"taxonomy":"product_cat","embeddable":true,"href":"https:\/\/www.ksttukku.fi\/kauppa\/wp-json\/wp\/v2\/product_cat?post=3398"},{"taxonomy":"product_tag","embeddable":true,"href":"https:\/\/www.ksttukku.fi\/kauppa\/wp-json\/wp\/v2\/product_tag?post=3398"}],"curies":[{"name":"wp","href":"https:\/\/api.w.org\/{rel}","templated":true}]}}