{"id":3413,"date":"2019-05-07T11:57:16","date_gmt":"2019-05-07T08:57:16","guid":{"rendered":"http:\/\/www.ksttukku.fi\/kauppa\/?post_type=product&#038;p=3413"},"modified":"2024-05-06T10:56:09","modified_gmt":"2024-05-06T07:56:09","slug":"einhell-sahkosaha-ge-ec-2240-s","status":"publish","type":"product","link":"https:\/\/www.ksttukku.fi\/kauppa\/tuote\/einhell-sahkosaha-ge-ec-2240-s\/","title":{"rendered":"Einhell s\u00e4hk\u00f6saha GE-EC 2240 S"},"content":{"rendered":"<p>J\u00e4nnite: 230 V ~ 50 Hz<br \/>\nTeho: 2200 W<br \/>\nKierrokset: 8000 \/ min<br \/>\nLaipan pituus: 405 mm<br \/>\nLeikkuupituus: 375 mm<br \/>\nKetjunopeus: 14,5 m\/s<br \/>\n\u00d6ljytankki: 150 ml<br \/>\nTakapotkusuoja ja mekaaninen pikaketjujarru.<br \/>\nLaadukas Oregon-ketju ja laippa. Metallivaihteisto.<br \/>\nTy\u00f6kaluvapaa ketjun kiristys. Automaattinen ketjunvoitelu.<br \/>\nKest\u00e4v\u00e4 metallinen kaarnapiikki.<\/p>\n","protected":false},"excerpt":{"rendered":"<p>J\u00e4nnite: 230 V ~ 50 Hz Teho: 2200 W Kierrokset: 8000 \/ min Laipan pituus: 405 mm Leikkuupituus: 375 mm Ketjunopeus: 14,5 m\/s \u00d6ljytankki: 150 ml Takapotkusuoja ja mekaaninen pikaketjujarru. Laadukas Oregon-ketju ja laippa. Metallivaihteisto. Ty\u00f6kaluvapaa ketjun kiristys. Automaattinen ketjunvoitelu. Kest\u00e4v\u00e4 metallinen kaarnapiikki.<\/p>\n","protected":false},"featured_media":3414,"comment_status":"closed","ping_status":"closed","template":"","meta":[],"product_brand":[],"product_cat":[207,249],"product_tag":[],"class_list":{"0":"post-3413","1":"product","2":"type-product","3":"status-publish","4":"has-post-thumbnail","6":"product_cat-koneet-tyokalut","7":"product_cat-moottorisahat","9":"first","10":"outofstock","11":"taxable","12":"shipping-taxable","13":"purchasable","14":"product-type-simple"},"_links":{"self":[{"href":"https:\/\/www.ksttukku.fi\/kauppa\/wp-json\/wp\/v2\/product\/3413","targetHints":{"allow":["GET"]}}],"collection":[{"href":"https:\/\/www.ksttukku.fi\/kauppa\/wp-json\/wp\/v2\/product"}],"about":[{"href":"https:\/\/www.ksttukku.fi\/kauppa\/wp-json\/wp\/v2\/types\/product"}],"replies":[{"embeddable":true,"href":"https:\/\/www.ksttukku.fi\/kauppa\/wp-json\/wp\/v2\/comments?post=3413"}],"wp:featuredmedia":[{"embeddable":true,"href":"https:\/\/www.ksttukku.fi\/kauppa\/wp-json\/wp\/v2\/media\/3414"}],"wp:attachment":[{"href":"https:\/\/www.ksttukku.fi\/kauppa\/wp-json\/wp\/v2\/media?parent=3413"}],"wp:term":[{"taxonomy":"product_brand","embeddable":true,"href":"https:\/\/www.ksttukku.fi\/kauppa\/wp-json\/wp\/v2\/product_brand?post=3413"},{"taxonomy":"product_cat","embeddable":true,"href":"https:\/\/www.ksttukku.fi\/kauppa\/wp-json\/wp\/v2\/product_cat?post=3413"},{"taxonomy":"product_tag","embeddable":true,"href":"https:\/\/www.ksttukku.fi\/kauppa\/wp-json\/wp\/v2\/product_tag?post=3413"}],"curies":[{"name":"wp","href":"https:\/\/api.w.org\/{rel}","templated":true}]}}