{"id":3438,"date":"2019-05-11T11:59:36","date_gmt":"2019-05-11T08:59:36","guid":{"rendered":"http:\/\/www.ksttukku.fi\/kauppa\/?post_type=product&#038;p=3438"},"modified":"2024-05-06T10:33:41","modified_gmt":"2024-05-06T07:33:41","slug":"einhell-uppopumppu-gc-sp-5511-if","status":"publish","type":"product","link":"https:\/\/www.ksttukku.fi\/kauppa\/tuote\/einhell-uppopumppu-gc-sp-5511-if\/","title":{"rendered":"Einhell uppopumppu GC-SP 5511 IF"},"content":{"rendered":"<p>Teho: 550 W<br \/>\nMax tuotto: 11 000 l \/ h<br \/>\nMax nostokorkeus: 8,5 m<br \/>\nMax upotussyvyys: 7 m<br \/>\nMax veden l\u00e4mp\u00f6tila: 35 \u00b0C<br \/>\nMax partikkelien koko: 5 mm<br \/>\nVirtajohto: 10 m<br \/>\nSis\u00e4\u00e4nrakennettu uimuri<br \/>\nManuaalinen tai automaattitoiminto<br \/>\nImee maksimissaan 5 mm asti<br \/>\nUppopumppu ei sis\u00e4ll\u00e4 vaarallisia PAH-yhdisteit\u00e4 ja se on RoHS-direktiivin mukainen, joten sen k\u00e4ytt\u00f6 ei kuormita ymp\u00e4rist\u00f6\u00e4 haitallisilla aineilla, kuten elohopealla tai lyijyll\u00e4.<\/p>\n","protected":false},"excerpt":{"rendered":"<p>Einhell GC-SP 5511 IF uppopumpulla tyhjenn\u00e4t k\u00e4tev\u00e4sti kaivot, sadevesitynnyrit ja l\u00e4t\u00e4k\u00f6t. Valintakytkimen avulla voit valita joko manuaali- tai automaattipumppauksen. Pumpun kompaktin koon ansiosta sen varastointi tilaan kuin tilaan on mutkatonta.<\/p>\n","protected":false},"featured_media":3439,"comment_status":"closed","ping_status":"closed","template":"","meta":[],"product_brand":[],"product_cat":[254],"product_tag":[],"class_list":{"0":"post-3438","1":"product","2":"type-product","3":"status-publish","4":"has-post-thumbnail","6":"product_cat-pumput","8":"first","9":"outofstock","10":"taxable","11":"shipping-taxable","12":"purchasable","13":"product-type-simple"},"_links":{"self":[{"href":"https:\/\/www.ksttukku.fi\/kauppa\/wp-json\/wp\/v2\/product\/3438","targetHints":{"allow":["GET"]}}],"collection":[{"href":"https:\/\/www.ksttukku.fi\/kauppa\/wp-json\/wp\/v2\/product"}],"about":[{"href":"https:\/\/www.ksttukku.fi\/kauppa\/wp-json\/wp\/v2\/types\/product"}],"replies":[{"embeddable":true,"href":"https:\/\/www.ksttukku.fi\/kauppa\/wp-json\/wp\/v2\/comments?post=3438"}],"wp:featuredmedia":[{"embeddable":true,"href":"https:\/\/www.ksttukku.fi\/kauppa\/wp-json\/wp\/v2\/media\/3439"}],"wp:attachment":[{"href":"https:\/\/www.ksttukku.fi\/kauppa\/wp-json\/wp\/v2\/media?parent=3438"}],"wp:term":[{"taxonomy":"product_brand","embeddable":true,"href":"https:\/\/www.ksttukku.fi\/kauppa\/wp-json\/wp\/v2\/product_brand?post=3438"},{"taxonomy":"product_cat","embeddable":true,"href":"https:\/\/www.ksttukku.fi\/kauppa\/wp-json\/wp\/v2\/product_cat?post=3438"},{"taxonomy":"product_tag","embeddable":true,"href":"https:\/\/www.ksttukku.fi\/kauppa\/wp-json\/wp\/v2\/product_tag?post=3438"}],"curies":[{"name":"wp","href":"https:\/\/api.w.org\/{rel}","templated":true}]}}