{"id":3576,"date":"2019-06-20T13:55:21","date_gmt":"2019-06-20T10:55:21","guid":{"rendered":"http:\/\/www.ksttukku.fi\/kauppa\/?post_type=product&#038;p=3576"},"modified":"2021-01-25T13:38:49","modified_gmt":"2021-01-25T11:38:49","slug":"kattotuuletinvalaisin-antiikkimessinki","status":"publish","type":"product","link":"https:\/\/www.ksttukku.fi\/kauppa\/tuote\/kattotuuletinvalaisin-antiikkimessinki\/","title":{"rendered":"Kattotuuletinvalaisin antiikkimessinki"},"content":{"rendered":"<p>Kattotuuletinvalaisin yhdist\u00e4\u00e4 k\u00e4tev\u00e4sti tuuletuksen ja valaisun.<\/p>\n<ul>\n<li>\u00a04 mdf lapaa<\/li>\n<li>\u00a0halk. : 130 cm<\/li>\n<li>\u00a0kork. : 45 cm<\/li>\n<li>\u00a0valonl\u00e4hde: 4 x E27 (ei sis\u00e4lly pakkaukseen)<\/li>\n<li>kolme nopeutta ja py\u00f6rimissuunnanvaihto.<\/li>\n<li>valaisimelle ja tuulettimelle omat vetokytkimet<\/li>\n<\/ul>\n","protected":false},"excerpt":{"rendered":"<p>Tilap\u00e4isesti loppu<\/p>\n","protected":false},"featured_media":3565,"comment_status":"closed","ping_status":"closed","template":"","meta":[],"product_brand":[],"product_cat":[175,260,257],"product_tag":[],"class_list":{"0":"post-3576","1":"product","2":"type-product","3":"status-publish","4":"has-post-thumbnail","6":"product_cat-tuuletinvalaisimet","7":"product_cat-kattotuulettimet","8":"product_cat-tuulettimet-ja-ilmanviilentimet","10":"first","11":"outofstock","12":"taxable","13":"shipping-taxable","14":"purchasable","15":"product-type-simple"},"_links":{"self":[{"href":"https:\/\/www.ksttukku.fi\/kauppa\/wp-json\/wp\/v2\/product\/3576","targetHints":{"allow":["GET"]}}],"collection":[{"href":"https:\/\/www.ksttukku.fi\/kauppa\/wp-json\/wp\/v2\/product"}],"about":[{"href":"https:\/\/www.ksttukku.fi\/kauppa\/wp-json\/wp\/v2\/types\/product"}],"replies":[{"embeddable":true,"href":"https:\/\/www.ksttukku.fi\/kauppa\/wp-json\/wp\/v2\/comments?post=3576"}],"wp:featuredmedia":[{"embeddable":true,"href":"https:\/\/www.ksttukku.fi\/kauppa\/wp-json\/wp\/v2\/media\/3565"}],"wp:attachment":[{"href":"https:\/\/www.ksttukku.fi\/kauppa\/wp-json\/wp\/v2\/media?parent=3576"}],"wp:term":[{"taxonomy":"product_brand","embeddable":true,"href":"https:\/\/www.ksttukku.fi\/kauppa\/wp-json\/wp\/v2\/product_brand?post=3576"},{"taxonomy":"product_cat","embeddable":true,"href":"https:\/\/www.ksttukku.fi\/kauppa\/wp-json\/wp\/v2\/product_cat?post=3576"},{"taxonomy":"product_tag","embeddable":true,"href":"https:\/\/www.ksttukku.fi\/kauppa\/wp-json\/wp\/v2\/product_tag?post=3576"}],"curies":[{"name":"wp","href":"https:\/\/api.w.org\/{rel}","templated":true}]}}