{"id":378,"date":"2018-02-05T16:24:24","date_gmt":"2018-02-05T14:24:24","guid":{"rendered":"http:\/\/www.ksttukku.fi\/kauppa\/?post_type=product&#038;p=378"},"modified":"2025-02-26T15:27:06","modified_gmt":"2025-02-26T13:27:06","slug":"led-alasvalo-6w-ip20-suunnattava","status":"publish","type":"product","link":"https:\/\/www.ksttukku.fi\/kauppa\/tuote\/led-alasvalo-6w-ip20-suunnattava\/","title":{"rendered":"Led-alasvalo alumiini  6W IP20 suunnattava"},"content":{"rendered":"<p>Uppoasennettava ledvalaisin kaikkiin kodin kuiviin tiloihin<\/p>\n<p>Sis\u00e4lt\u00e4\u00e4 liit\u00e4nt\u00e4laitteen<\/p>\n<p>Teho: 6 W<\/p>\n<p>Valovirta: 450 lm<\/p>\n<p>Valaisimen koko: \u2205 85 mm, korkeus 45 mm<\/p>\n<p>Upotusaukko: \u2205 75 mm<\/p>\n<p>Valonjakokulma: 45\u00b0<\/p>\n<p>V\u00e4ril\u00e4mp\u00f6 4000 K<\/p>\n<p>V\u00e4ri: valkoinen<\/p>\n<p>Materiaali: alumiini<\/p>\n","protected":false},"excerpt":{"rendered":"<p>Uppoasennettava ja suunnattava ledvalaisin kodin sisustus- ja korostusvalaistukseen<\/p>\n","protected":false},"featured_media":17025,"comment_status":"closed","ping_status":"closed","template":"","meta":[],"product_brand":[],"product_cat":[46,539,35,52,34],"product_tag":[],"class_list":{"0":"post-378","1":"product","2":"type-product","3":"status-publish","4":"has-post-thumbnail","6":"product_cat-alasvalot","7":"product_cat-poistotori","8":"product_cat-sisavalaisimet","9":"product_cat-upotettavat","10":"product_cat-valaisimet","12":"first","13":"instock","14":"sale","15":"taxable","16":"shipping-taxable","17":"purchasable","18":"product-type-simple"},"_links":{"self":[{"href":"https:\/\/www.ksttukku.fi\/kauppa\/wp-json\/wp\/v2\/product\/378","targetHints":{"allow":["GET"]}}],"collection":[{"href":"https:\/\/www.ksttukku.fi\/kauppa\/wp-json\/wp\/v2\/product"}],"about":[{"href":"https:\/\/www.ksttukku.fi\/kauppa\/wp-json\/wp\/v2\/types\/product"}],"replies":[{"embeddable":true,"href":"https:\/\/www.ksttukku.fi\/kauppa\/wp-json\/wp\/v2\/comments?post=378"}],"wp:featuredmedia":[{"embeddable":true,"href":"https:\/\/www.ksttukku.fi\/kauppa\/wp-json\/wp\/v2\/media\/17025"}],"wp:attachment":[{"href":"https:\/\/www.ksttukku.fi\/kauppa\/wp-json\/wp\/v2\/media?parent=378"}],"wp:term":[{"taxonomy":"product_brand","embeddable":true,"href":"https:\/\/www.ksttukku.fi\/kauppa\/wp-json\/wp\/v2\/product_brand?post=378"},{"taxonomy":"product_cat","embeddable":true,"href":"https:\/\/www.ksttukku.fi\/kauppa\/wp-json\/wp\/v2\/product_cat?post=378"},{"taxonomy":"product_tag","embeddable":true,"href":"https:\/\/www.ksttukku.fi\/kauppa\/wp-json\/wp\/v2\/product_tag?post=378"}],"curies":[{"name":"wp","href":"https:\/\/api.w.org\/{rel}","templated":true}]}}