{"id":4402,"date":"2019-09-12T12:39:41","date_gmt":"2019-09-12T09:39:41","guid":{"rendered":"https:\/\/www.ksttukku.fi\/kauppa\/?post_type=product&#038;p=4402"},"modified":"2025-02-26T12:18:39","modified_gmt":"2025-02-26T10:18:39","slug":"flat-p-alasvalo-ip44-9w-dim","status":"publish","type":"product","link":"https:\/\/www.ksttukku.fi\/kauppa\/tuote\/flat-p-alasvalo-ip44-9w-dim\/","title":{"rendered":"Airam Flat P alasvalo IP44 9W 500lm dim"},"content":{"rendered":"<p>Flat alasvalosarjan voi asentaa matalaan kattorakenteeseen. K\u00e4ytt\u00f6kohteita ovat kylpyhuoneet, k\u00e4yt\u00e4v\u00e4t ja oleskelutilat. Jousiliittimin varustettu valaisin on ketjutettavissa.<\/p>\n<p>Runko alumiinia, kupu polykarbonaattia.<br \/>\nValkoinen.<br \/>\nSuojausluokka II.<br \/>\nKattoasennus, soveltuu ketjutettavaksi maks. 3 x 2,5 mm2.<br \/>\nV\u00e4ril\u00e4mp\u00f6tila 3000 K\u00a0 CRI &gt; 80.<br \/>\nMacAdam 4 SDCM.<br \/>\nIP20\/IP44.<br \/>\nKiinte\u00e4 led: 9 W \/ 500 lm<br \/>\nTriac-himmennys, saatavana DALI- ja Casambi-ohjauksella tilauksesta.<br \/>\nK\u00e4ytt\u00f6ymp\u00e4rist\u00f6n l\u00e4mp\u00f6tila 0 \u2026 35 \u00b0C.<br \/>\nHy\u00f6tyelinik\u00e4 L70 60 000 h (Ta35\u00b0C).<br \/>\nVirtal\u00e4hteen elinik\u00e4 50 000 h.<\/p>\n<ul class=\"data-list itemcard-data-list\">\n<li class=\"data-list__item\"><span class=\"data-list__item__label\">Rakenne<\/span> <span class=\"data-list__item__value\">RUNKO ALUMIINIA<\/span><\/li>\n<li class=\"data-list__item\"><span class=\"data-list__item__label\">Lampputyyppi<\/span> <span class=\"data-list__item__value\">LED kiinte\u00e4<\/span><\/li>\n<li>Valaisimen mitat \u2205 120 mm, korkeus 26,5 mm<\/li>\n<li class=\"data-list__item\"><span class=\"data-list__item__label\">Teho<\/span> <span class=\"data-list__item__value\">9 W<br \/>\n<\/span><\/li>\n<li>Valovirta 500 lm<\/li>\n<li class=\"data-list__item\"><span class=\"data-list__item__label\">V\u00e4ril\u00e4mp\u00f6tila<\/span> <span class=\"data-list__item__value\">3000K<br \/>\n<\/span><\/li>\n<li class=\"data-list__item\"><span class=\"data-list__item__label\">V\u00e4rintoistoindeksi<\/span> <span class=\"data-list__item__value\">80-89<\/span><\/li>\n<li class=\"data-list__item\"><span class=\"data-list__item__label\">Asennus<\/span> <span class=\"data-list__item__value\">UPPOASENNUS<\/span><\/li>\n<li>Upotusaukko \u2205 105 mm<\/li>\n<li class=\"data-list__item\"><span class=\"data-list__item__label\">Kytkent\u00e4<\/span> <span class=\"data-list__item__value\">JOUSILIITTIMET 3X2,5MM2 KETJUTETTAVISSA<\/span><\/li>\n<li class=\"data-list__item\"><span class=\"data-list__item__label\">Ohjaus<\/span> <span class=\"data-list__item__value\">Triac<\/span><\/li>\n<\/ul>\n","protected":false},"excerpt":{"rendered":"<p>Himmennett\u00e4v\u00e4 alasvalo<\/p>\n<p>Voidaan asentaa my\u00f6s kylpyhuoneisiin<\/p>\n","protected":false},"featured_media":4405,"comment_status":"closed","ping_status":"closed","template":"","meta":[],"product_brand":[],"product_cat":[46,35,52,34],"product_tag":[],"class_list":{"0":"post-4402","1":"product","2":"type-product","3":"status-publish","4":"has-post-thumbnail","6":"product_cat-alasvalot","7":"product_cat-sisavalaisimet","8":"product_cat-upotettavat","9":"product_cat-valaisimet","11":"first","12":"outofstock","13":"taxable","14":"shipping-taxable","15":"product-type-variable"},"_links":{"self":[{"href":"https:\/\/www.ksttukku.fi\/kauppa\/wp-json\/wp\/v2\/product\/4402","targetHints":{"allow":["GET"]}}],"collection":[{"href":"https:\/\/www.ksttukku.fi\/kauppa\/wp-json\/wp\/v2\/product"}],"about":[{"href":"https:\/\/www.ksttukku.fi\/kauppa\/wp-json\/wp\/v2\/types\/product"}],"replies":[{"embeddable":true,"href":"https:\/\/www.ksttukku.fi\/kauppa\/wp-json\/wp\/v2\/comments?post=4402"}],"wp:featuredmedia":[{"embeddable":true,"href":"https:\/\/www.ksttukku.fi\/kauppa\/wp-json\/wp\/v2\/media\/4405"}],"wp:attachment":[{"href":"https:\/\/www.ksttukku.fi\/kauppa\/wp-json\/wp\/v2\/media?parent=4402"}],"wp:term":[{"taxonomy":"product_brand","embeddable":true,"href":"https:\/\/www.ksttukku.fi\/kauppa\/wp-json\/wp\/v2\/product_brand?post=4402"},{"taxonomy":"product_cat","embeddable":true,"href":"https:\/\/www.ksttukku.fi\/kauppa\/wp-json\/wp\/v2\/product_cat?post=4402"},{"taxonomy":"product_tag","embeddable":true,"href":"https:\/\/www.ksttukku.fi\/kauppa\/wp-json\/wp\/v2\/product_tag?post=4402"}],"curies":[{"name":"wp","href":"https:\/\/api.w.org\/{rel}","templated":true}]}}