{"id":4627,"date":"2019-10-22T17:56:26","date_gmt":"2019-10-22T14:56:26","guid":{"rendered":"https:\/\/www.ksttukku.fi\/kauppa\/?post_type=product&#038;p=4627"},"modified":"2021-02-09T17:43:11","modified_gmt":"2021-02-09T15:43:11","slug":"4living-painopeitto-150x200cm-7kg","status":"publish","type":"product","link":"https:\/\/www.ksttukku.fi\/kauppa\/tuote\/4living-painopeitto-150x200cm-7kg\/","title":{"rendered":"4Living painopeitto 7kg 150x200cm"},"content":{"rendered":"<p>Koko: 150 x 200 cm. Paino 7 kg. Kangas embossattua 100% polyesteri mink-karvaa 230gsm, ja toinen puoli sile\u00e4\u00e4 100% polyesteri mink-karvaa 230gsm. T\u00e4yte 150gsm polyesterikuitua ja non-toxic lasihelmi\u00e4. Painopeiton alla makaaminen saa kehossa aikaan turvallisen ja rentoutuneen olon. Painon ansiosta koko keho rentoutuu ja mm. nukahtamisesta tulee helpompaa.<\/p>\n","protected":false},"excerpt":{"rendered":"<p>Koko: 150 x 200 cm. Paino 7 kg. Kangas embossattua 100% polyesteri mink-karvaa 230gsm, ja toinen puoli sile\u00e4\u00e4 100% polyesteri mink-karvaa 230gsm. T\u00e4yte 150gsm polyesterikuitua ja non-toxic lasihelmi\u00e4. Painopeiton alla makaaminen saa kehossa aikaan turvallisen ja rentoutuneen olon. Painon ansiosta koko keho rentoutuu ja mm. nukahtamisesta tulee helpompaa.<\/p>\n","protected":false},"featured_media":4628,"comment_status":"closed","ping_status":"closed","template":"","meta":[],"product_brand":[],"product_cat":[312],"product_tag":[],"class_list":{"0":"post-4627","1":"product","2":"type-product","3":"status-publish","4":"has-post-thumbnail","6":"product_cat-painopeitot","8":"first","9":"instock","10":"sale","11":"taxable","12":"shipping-taxable","13":"purchasable","14":"product-type-simple"},"_links":{"self":[{"href":"https:\/\/www.ksttukku.fi\/kauppa\/wp-json\/wp\/v2\/product\/4627","targetHints":{"allow":["GET"]}}],"collection":[{"href":"https:\/\/www.ksttukku.fi\/kauppa\/wp-json\/wp\/v2\/product"}],"about":[{"href":"https:\/\/www.ksttukku.fi\/kauppa\/wp-json\/wp\/v2\/types\/product"}],"replies":[{"embeddable":true,"href":"https:\/\/www.ksttukku.fi\/kauppa\/wp-json\/wp\/v2\/comments?post=4627"}],"wp:featuredmedia":[{"embeddable":true,"href":"https:\/\/www.ksttukku.fi\/kauppa\/wp-json\/wp\/v2\/media\/4628"}],"wp:attachment":[{"href":"https:\/\/www.ksttukku.fi\/kauppa\/wp-json\/wp\/v2\/media?parent=4627"}],"wp:term":[{"taxonomy":"product_brand","embeddable":true,"href":"https:\/\/www.ksttukku.fi\/kauppa\/wp-json\/wp\/v2\/product_brand?post=4627"},{"taxonomy":"product_cat","embeddable":true,"href":"https:\/\/www.ksttukku.fi\/kauppa\/wp-json\/wp\/v2\/product_cat?post=4627"},{"taxonomy":"product_tag","embeddable":true,"href":"https:\/\/www.ksttukku.fi\/kauppa\/wp-json\/wp\/v2\/product_tag?post=4627"}],"curies":[{"name":"wp","href":"https:\/\/api.w.org\/{rel}","templated":true}]}}