{"id":4635,"date":"2019-10-23T13:35:19","date_gmt":"2019-10-23T10:35:19","guid":{"rendered":"https:\/\/www.ksttukku.fi\/kauppa\/?post_type=product&#038;p=4635"},"modified":"2019-11-14T00:01:36","modified_gmt":"2019-11-13T22:01:36","slug":"mega-1000-kasivalaisin","status":"publish","type":"product","link":"https:\/\/www.ksttukku.fi\/kauppa\/tuote\/mega-1000-kasivalaisin\/","title":{"rendered":"Airam Mega 1000 taskulamppu"},"content":{"rendered":"<ul class=\"data-list itemcard-data-list\">\n<li class=\"data-list__item\"><span class=\"data-list__item__label\">Valonl\u00e4hde<\/span> <span class=\"data-list__item__value\">10 W Cree LED, ei vaihdettava.<\/span><\/li>\n<li>Valoteho 1000 lm<\/li>\n<li>Toimintaet\u00e4isyys 250 m<\/li>\n<li class=\"data-list__item\"><span class=\"data-list__item__label\">Led<\/span> <span class=\"data-list__item__value\">Valo 100%, 50%, off.<\/span><\/li>\n<li class=\"data-list__item\"><span class=\"data-list__item__label\">Rakenne<\/span> <span class=\"data-list__item__value\">Runko alumiiniseosta<\/span><\/li>\n<li>Paristot 9 x AA (ei sis\u00e4lly pakkaukseen)<\/li>\n<\/ul>\n","protected":false},"excerpt":{"rendered":"<p>Valonl\u00e4hde 10 W Cree LED, ei vaihdettava. Valoteho 1000 lm Toimintaet\u00e4isyys 250 m Led Valo 100%, 50%, off. Rakenne Runko alumiiniseosta Paristot 9 x AA (ei sis\u00e4lly pakkaukseen)<\/p>\n","protected":false},"featured_media":4636,"comment_status":"closed","ping_status":"closed","template":"","meta":[],"product_brand":[],"product_cat":[310,309,57],"product_tag":[],"class_list":{"0":"post-4635","1":"product","2":"type-product","3":"status-publish","4":"has-post-thumbnail","6":"product_cat-kasivalaisimet","7":"product_cat-paristovalaisimet","8":"product_cat-retkeily","10":"first","11":"instock","12":"taxable","13":"shipping-taxable","14":"purchasable","15":"product-type-simple"},"_links":{"self":[{"href":"https:\/\/www.ksttukku.fi\/kauppa\/wp-json\/wp\/v2\/product\/4635","targetHints":{"allow":["GET"]}}],"collection":[{"href":"https:\/\/www.ksttukku.fi\/kauppa\/wp-json\/wp\/v2\/product"}],"about":[{"href":"https:\/\/www.ksttukku.fi\/kauppa\/wp-json\/wp\/v2\/types\/product"}],"replies":[{"embeddable":true,"href":"https:\/\/www.ksttukku.fi\/kauppa\/wp-json\/wp\/v2\/comments?post=4635"}],"wp:featuredmedia":[{"embeddable":true,"href":"https:\/\/www.ksttukku.fi\/kauppa\/wp-json\/wp\/v2\/media\/4636"}],"wp:attachment":[{"href":"https:\/\/www.ksttukku.fi\/kauppa\/wp-json\/wp\/v2\/media?parent=4635"}],"wp:term":[{"taxonomy":"product_brand","embeddable":true,"href":"https:\/\/www.ksttukku.fi\/kauppa\/wp-json\/wp\/v2\/product_brand?post=4635"},{"taxonomy":"product_cat","embeddable":true,"href":"https:\/\/www.ksttukku.fi\/kauppa\/wp-json\/wp\/v2\/product_cat?post=4635"},{"taxonomy":"product_tag","embeddable":true,"href":"https:\/\/www.ksttukku.fi\/kauppa\/wp-json\/wp\/v2\/product_tag?post=4635"}],"curies":[{"name":"wp","href":"https:\/\/api.w.org\/{rel}","templated":true}]}}