{"id":4843,"date":"2019-12-13T18:22:58","date_gmt":"2019-12-13T16:22:58","guid":{"rendered":"https:\/\/www.ksttukku.fi\/kauppa\/?post_type=product&#038;p=4843"},"modified":"2024-11-15T10:27:27","modified_gmt":"2024-11-15T08:27:27","slug":"led-classic-valonheitin-20w-1750lm-musta","status":"publish","type":"product","link":"https:\/\/www.ksttukku.fi\/kauppa\/tuote\/led-classic-valonheitin-20w-1750lm-musta\/","title":{"rendered":"Led Classic valonheitin 20W 1750lm musta"},"content":{"rendered":"<p><span id=\"data1\" class=\"pt1\">Ledchipin valmistaja Epistar. Valokulma 130 astetta. V\u00e4ril\u00e4mp\u00f6tila 4000 K. Valon kantama 15 metri\u00e4. J\u00e4nnite 220-240 V ~ 50 Hz. Suojausluokka IP44. Kumikaapeli 0,5 m ja pistotulppa sis\u00e4ltyv\u00e4t valaisimeen. Takuu 3 vuotta<\/span><\/p>\n","protected":false},"excerpt":{"rendered":"<div class=\"col-xs-12 hidden-xs\">\n<p>Tyylik\u00e4s litte\u00e4 energiaa s\u00e4\u00e4st\u00e4v\u00e4 ja hyvin valaiseva 20 W CLASSIC LED-valonheitin. Musta runko alumiinia. Ledien m\u00e4\u00e4r\u00e4 48 kpl. Valoteho 1750 lm.<\/p>\n<\/div>\n<div class=\"clearfix\"><\/div>\n","protected":false},"featured_media":4844,"comment_status":"closed","ping_status":"closed","template":"","meta":[],"product_brand":[],"product_cat":[305,39],"product_tag":[],"class_list":{"0":"post-4843","1":"product","2":"type-product","3":"status-publish","4":"has-post-thumbnail","6":"product_cat-classic-valonheittimet","7":"product_cat-valonheittimet","9":"first","10":"instock","11":"taxable","12":"shipping-taxable","13":"purchasable","14":"product-type-simple"},"_links":{"self":[{"href":"https:\/\/www.ksttukku.fi\/kauppa\/wp-json\/wp\/v2\/product\/4843","targetHints":{"allow":["GET"]}}],"collection":[{"href":"https:\/\/www.ksttukku.fi\/kauppa\/wp-json\/wp\/v2\/product"}],"about":[{"href":"https:\/\/www.ksttukku.fi\/kauppa\/wp-json\/wp\/v2\/types\/product"}],"replies":[{"embeddable":true,"href":"https:\/\/www.ksttukku.fi\/kauppa\/wp-json\/wp\/v2\/comments?post=4843"}],"wp:featuredmedia":[{"embeddable":true,"href":"https:\/\/www.ksttukku.fi\/kauppa\/wp-json\/wp\/v2\/media\/4844"}],"wp:attachment":[{"href":"https:\/\/www.ksttukku.fi\/kauppa\/wp-json\/wp\/v2\/media?parent=4843"}],"wp:term":[{"taxonomy":"product_brand","embeddable":true,"href":"https:\/\/www.ksttukku.fi\/kauppa\/wp-json\/wp\/v2\/product_brand?post=4843"},{"taxonomy":"product_cat","embeddable":true,"href":"https:\/\/www.ksttukku.fi\/kauppa\/wp-json\/wp\/v2\/product_cat?post=4843"},{"taxonomy":"product_tag","embeddable":true,"href":"https:\/\/www.ksttukku.fi\/kauppa\/wp-json\/wp\/v2\/product_tag?post=4843"}],"curies":[{"name":"wp","href":"https:\/\/api.w.org\/{rel}","templated":true}]}}