{"id":4942,"date":"2020-01-03T16:36:33","date_gmt":"2020-01-03T14:36:33","guid":{"rendered":"https:\/\/www.ksttukku.fi\/kauppa\/?post_type=product&#038;p=4942"},"modified":"2021-06-28T13:42:45","modified_gmt":"2021-06-28T10:42:45","slug":"laminaattilevy-matta-musta-650x3650x3mm","status":"publish","type":"product","link":"https:\/\/www.ksttukku.fi\/kauppa\/tuote\/laminaattilevy-matta-musta-650x3650x3mm\/","title":{"rendered":"Laminaattilevy matta musta 650x3650x3mm"},"content":{"rendered":"<p>Naarmun- ja iskunkest\u00e4v\u00e4 laminaattilevy, vahvuudeltaan vain 3mm. Kest\u00e4\u00e4 kosteutta ja v\u00e4rj\u00e4\u00e4ntymisi\u00e4. Hyv\u00e4 l\u00e4mm\u00f6nkest\u00e4vyys ja antibakteerinen pinta. Helppo ty\u00f6st\u00e4\u00e4 ja asentaa. Mitoitus 650x3650x3mm.<\/p>\n","protected":false},"excerpt":{"rendered":"<p>Naarmun- ja iskunkest\u00e4v\u00e4 laminaattilevy, vahvuudeltaan vain 3mm. Kest\u00e4\u00e4 kosteutta ja v\u00e4rj\u00e4\u00e4ntymisi\u00e4. Hyv\u00e4 l\u00e4mm\u00f6nkest\u00e4vyys ja antibakteerinen pinta. Helppo ty\u00f6st\u00e4\u00e4 ja asentaa. Mitoitus 650x3650x3mm.<\/p>\n","protected":false},"featured_media":4943,"comment_status":"closed","ping_status":"closed","template":"","meta":[],"product_brand":[],"product_cat":[248,245],"product_tag":[],"class_list":{"0":"post-4942","1":"product","2":"type-product","3":"status-publish","4":"has-post-thumbnail","6":"product_cat-laminaatti-sisustuslevyt","7":"product_cat-sisustuslevyt","9":"first","10":"outofstock","11":"taxable","12":"shipping-taxable","13":"purchasable","14":"product-type-simple"},"_links":{"self":[{"href":"https:\/\/www.ksttukku.fi\/kauppa\/wp-json\/wp\/v2\/product\/4942","targetHints":{"allow":["GET"]}}],"collection":[{"href":"https:\/\/www.ksttukku.fi\/kauppa\/wp-json\/wp\/v2\/product"}],"about":[{"href":"https:\/\/www.ksttukku.fi\/kauppa\/wp-json\/wp\/v2\/types\/product"}],"replies":[{"embeddable":true,"href":"https:\/\/www.ksttukku.fi\/kauppa\/wp-json\/wp\/v2\/comments?post=4942"}],"wp:featuredmedia":[{"embeddable":true,"href":"https:\/\/www.ksttukku.fi\/kauppa\/wp-json\/wp\/v2\/media\/4943"}],"wp:attachment":[{"href":"https:\/\/www.ksttukku.fi\/kauppa\/wp-json\/wp\/v2\/media?parent=4942"}],"wp:term":[{"taxonomy":"product_brand","embeddable":true,"href":"https:\/\/www.ksttukku.fi\/kauppa\/wp-json\/wp\/v2\/product_brand?post=4942"},{"taxonomy":"product_cat","embeddable":true,"href":"https:\/\/www.ksttukku.fi\/kauppa\/wp-json\/wp\/v2\/product_cat?post=4942"},{"taxonomy":"product_tag","embeddable":true,"href":"https:\/\/www.ksttukku.fi\/kauppa\/wp-json\/wp\/v2\/product_tag?post=4942"}],"curies":[{"name":"wp","href":"https:\/\/api.w.org\/{rel}","templated":true}]}}