{"id":503,"date":"2018-02-14T16:37:42","date_gmt":"2018-02-14T14:37:42","guid":{"rendered":"http:\/\/www.ksttukku.fi\/kauppa\/?post_type=product&#038;p=503"},"modified":"2025-10-08T17:36:24","modified_gmt":"2025-10-08T14:36:24","slug":"puistola-pollari-ip44-teras","status":"publish","type":"product","link":"https:\/\/www.ksttukku.fi\/kauppa\/tuote\/puistola-pollari-ip44-teras\/","title":{"rendered":"Puistola pollari IP44 ter\u00e4s"},"content":{"rendered":"<p>Selke\u00e4linjainen ja tyylik\u00e4s pihapiirivalaisinsarja, jonka sein\u00e4valaisimet ja pollari sopivat monenlaisiin pihapiireihin. Lamellit kuvun sis\u00e4ll\u00e4 luovat eloisuutta ja ehk\u00e4isev\u00e4t h\u00e4ik\u00e4isy\u00e4.<\/p>\n<p>Valaisimen mitat: \u2205 100 mm, korkeus 920 mm<\/p>\n<p>Valonl\u00e4hde; E27 (ei sis\u00e4lly pakkaukseen)<\/p>\n<p>V\u00e4ri: Harjattu ter\u00e4s<\/p>\n","protected":false},"excerpt":{"rendered":"<p>Selke\u00e4linjainen ja tyylik\u00e4s pihapiirivalaisinsarja, jonka sein\u00e4valaisimet ja pollari sopivat monenlaisiin pihapiireihin. Lamellit kuvun sis\u00e4ll\u00e4 luovat eloisuutta ja ehk\u00e4isev\u00e4t h\u00e4ik\u00e4isy\u00e4. Valaisimen mitat: \u2205 100 mm, korkeus 920 mm Valonl\u00e4hde; E27 (ei sis\u00e4lly pakkaukseen) V\u00e4ri: Harjattu ter\u00e4s<\/p>\n","protected":false},"featured_media":504,"comment_status":"closed","ping_status":"closed","template":"","meta":[],"product_brand":[],"product_cat":[38,36],"product_tag":[],"class_list":{"0":"post-503","1":"product","2":"type-product","3":"status-publish","4":"has-post-thumbnail","6":"product_cat-pylvasvalaisimet","7":"product_cat-ulkovalaisimet","9":"first","10":"outofstock","11":"taxable","12":"shipping-taxable","13":"purchasable","14":"product-type-simple"},"_links":{"self":[{"href":"https:\/\/www.ksttukku.fi\/kauppa\/wp-json\/wp\/v2\/product\/503","targetHints":{"allow":["GET"]}}],"collection":[{"href":"https:\/\/www.ksttukku.fi\/kauppa\/wp-json\/wp\/v2\/product"}],"about":[{"href":"https:\/\/www.ksttukku.fi\/kauppa\/wp-json\/wp\/v2\/types\/product"}],"replies":[{"embeddable":true,"href":"https:\/\/www.ksttukku.fi\/kauppa\/wp-json\/wp\/v2\/comments?post=503"}],"wp:featuredmedia":[{"embeddable":true,"href":"https:\/\/www.ksttukku.fi\/kauppa\/wp-json\/wp\/v2\/media\/504"}],"wp:attachment":[{"href":"https:\/\/www.ksttukku.fi\/kauppa\/wp-json\/wp\/v2\/media?parent=503"}],"wp:term":[{"taxonomy":"product_brand","embeddable":true,"href":"https:\/\/www.ksttukku.fi\/kauppa\/wp-json\/wp\/v2\/product_brand?post=503"},{"taxonomy":"product_cat","embeddable":true,"href":"https:\/\/www.ksttukku.fi\/kauppa\/wp-json\/wp\/v2\/product_cat?post=503"},{"taxonomy":"product_tag","embeddable":true,"href":"https:\/\/www.ksttukku.fi\/kauppa\/wp-json\/wp\/v2\/product_tag?post=503"}],"curies":[{"name":"wp","href":"https:\/\/api.w.org\/{rel}","templated":true}]}}