{"id":5064,"date":"2020-01-24T11:39:03","date_gmt":"2020-01-24T09:39:03","guid":{"rendered":"https:\/\/www.ksttukku.fi\/kauppa\/?post_type=product&#038;p=5064"},"modified":"2020-11-13T18:57:18","modified_gmt":"2020-11-13T16:57:18","slug":"led-alasvalo-24w-1680lm-ip20-dim","status":"publish","type":"product","link":"https:\/\/www.ksttukku.fi\/kauppa\/tuote\/led-alasvalo-24w-1680lm-ip20-dim\/","title":{"rendered":"Led-alasvalo 24W 1680lm IP20 dim"},"content":{"rendered":"<p>Eritt\u00e4in ohut sisustus- ja yleisvalaisin kaikkiin kodin kuiviin tiloihin<\/p>\n<p>Sis\u00e4lt\u00e4\u00e4 himmennett\u00e4v\u00e4n liit\u00e4nt\u00e4laitteen<\/p>\n<p>Leve\u00e4 tasainen valonjako<\/p>\n<p>Teho: 24 W<\/p>\n<p>Valovirta: 1680 lm<\/p>\n<p>Valaisimen koko: \u2205 300 mm, korkeus 12 mm<\/p>\n<p>Upotusaukko: \u2205 280 mm<\/p>\n<p>Valonjakokulma: 120\u00b0<\/p>\n<p>V\u00e4ril\u00e4mp\u00f6 3500 K<\/p>\n","protected":false},"excerpt":{"rendered":"<p>Eritt\u00e4in ohut sisustus- ja yleisvalaisin kaikkiin kodin kuiviin tiloihin Sis\u00e4lt\u00e4\u00e4 himmennett\u00e4v\u00e4n liit\u00e4nt\u00e4laitteen Leve\u00e4 tasainen valonjako Teho: 24 W Valovirta: 1680 lm Valaisimen koko: \u2205 300 mm, korkeus 12 mm Upotusaukko: \u2205 280 mm Valonjakokulma: 120\u00b0 V\u00e4ril\u00e4mp\u00f6 3500 K<\/p>\n","protected":false},"featured_media":5063,"comment_status":"closed","ping_status":"closed","template":"","meta":[],"product_brand":[],"product_cat":[46,35,52,34],"product_tag":[],"class_list":{"0":"post-5064","1":"product","2":"type-product","3":"status-publish","4":"has-post-thumbnail","6":"product_cat-alasvalot","7":"product_cat-sisavalaisimet","8":"product_cat-upotettavat","9":"product_cat-valaisimet","11":"first","12":"instock","13":"taxable","14":"shipping-taxable","15":"purchasable","16":"product-type-simple"},"_links":{"self":[{"href":"https:\/\/www.ksttukku.fi\/kauppa\/wp-json\/wp\/v2\/product\/5064","targetHints":{"allow":["GET"]}}],"collection":[{"href":"https:\/\/www.ksttukku.fi\/kauppa\/wp-json\/wp\/v2\/product"}],"about":[{"href":"https:\/\/www.ksttukku.fi\/kauppa\/wp-json\/wp\/v2\/types\/product"}],"replies":[{"embeddable":true,"href":"https:\/\/www.ksttukku.fi\/kauppa\/wp-json\/wp\/v2\/comments?post=5064"}],"wp:featuredmedia":[{"embeddable":true,"href":"https:\/\/www.ksttukku.fi\/kauppa\/wp-json\/wp\/v2\/media\/5063"}],"wp:attachment":[{"href":"https:\/\/www.ksttukku.fi\/kauppa\/wp-json\/wp\/v2\/media?parent=5064"}],"wp:term":[{"taxonomy":"product_brand","embeddable":true,"href":"https:\/\/www.ksttukku.fi\/kauppa\/wp-json\/wp\/v2\/product_brand?post=5064"},{"taxonomy":"product_cat","embeddable":true,"href":"https:\/\/www.ksttukku.fi\/kauppa\/wp-json\/wp\/v2\/product_cat?post=5064"},{"taxonomy":"product_tag","embeddable":true,"href":"https:\/\/www.ksttukku.fi\/kauppa\/wp-json\/wp\/v2\/product_tag?post=5064"}],"curies":[{"name":"wp","href":"https:\/\/api.w.org\/{rel}","templated":true}]}}