{"id":516,"date":"2018-02-15T14:08:08","date_gmt":"2018-02-15T12:08:08","guid":{"rendered":"http:\/\/www.ksttukku.fi\/kauppa\/?post_type=product&#038;p=516"},"modified":"2025-06-18T17:22:49","modified_gmt":"2025-06-18T14:22:49","slug":"kartano-pr-y-u-musta","status":"publish","type":"product","link":"https:\/\/www.ksttukku.fi\/kauppa\/tuote\/kartano-pr-y-u-musta\/","title":{"rendered":"Kartano PR-Y-U musta"},"content":{"rendered":"<p>Kartano-valaisinsarja on erityisen suosittu omakotitaloissa ja ne sopivat mainiosti perinteiseen pientalomilj\u00f6\u00f6seen. Sarjassa on useita malleja ja kokoja eri k\u00e4ytt\u00f6tilanteisiin. Valaisimissa on posliininen lampunpidin ja fasettihiotut lasit.<\/p>\n<p>Valaisimen mitat: 276 x 480 mm<\/p>\n<p>Valonl\u00e4hde: E27 (ei sis\u00e4lly pakkaukseen)<\/p>\n<p>V\u00e4ri: musta<\/p>\n","protected":false},"excerpt":{"rendered":"<p>Kartano-valaisinsarja on erityisen suosittu omakotitaloissa ja ne sopivat mainiosti perinteiseen pientalomilj\u00f6\u00f6seen. Sarjassa on useita malleja ja kokoja eri k\u00e4ytt\u00f6tilanteisiin. Valaisimissa on posliininen lampunpidin ja fasettihiotut lasit. Valaisimen mitat: 276 x 480 mm Valonl\u00e4hde: E27 (ei sis\u00e4lly pakkaukseen) V\u00e4ri: musta<\/p>\n","protected":false},"featured_media":517,"comment_status":"closed","ping_status":"closed","template":"","meta":[],"product_brand":[],"product_cat":[37,36],"product_tag":[],"class_list":{"0":"post-516","1":"product","2":"type-product","3":"status-publish","4":"has-post-thumbnail","6":"product_cat-seinavalaisimet","7":"product_cat-ulkovalaisimet","9":"first","10":"instock","11":"taxable","12":"shipping-taxable","13":"purchasable","14":"product-type-simple"},"_links":{"self":[{"href":"https:\/\/www.ksttukku.fi\/kauppa\/wp-json\/wp\/v2\/product\/516","targetHints":{"allow":["GET"]}}],"collection":[{"href":"https:\/\/www.ksttukku.fi\/kauppa\/wp-json\/wp\/v2\/product"}],"about":[{"href":"https:\/\/www.ksttukku.fi\/kauppa\/wp-json\/wp\/v2\/types\/product"}],"replies":[{"embeddable":true,"href":"https:\/\/www.ksttukku.fi\/kauppa\/wp-json\/wp\/v2\/comments?post=516"}],"wp:featuredmedia":[{"embeddable":true,"href":"https:\/\/www.ksttukku.fi\/kauppa\/wp-json\/wp\/v2\/media\/517"}],"wp:attachment":[{"href":"https:\/\/www.ksttukku.fi\/kauppa\/wp-json\/wp\/v2\/media?parent=516"}],"wp:term":[{"taxonomy":"product_brand","embeddable":true,"href":"https:\/\/www.ksttukku.fi\/kauppa\/wp-json\/wp\/v2\/product_brand?post=516"},{"taxonomy":"product_cat","embeddable":true,"href":"https:\/\/www.ksttukku.fi\/kauppa\/wp-json\/wp\/v2\/product_cat?post=516"},{"taxonomy":"product_tag","embeddable":true,"href":"https:\/\/www.ksttukku.fi\/kauppa\/wp-json\/wp\/v2\/product_tag?post=516"}],"curies":[{"name":"wp","href":"https:\/\/api.w.org\/{rel}","templated":true}]}}

<p>Kartano-valaisinsarja on erityisen suosittu omakotitaloissa ja ne sopivat mainiosti perinteiseen pientalomiljööseen. Sarjassa on useita malleja ja kokoja eri käyttötilanteisiin. Valaisimissa on posliininen lampunpidin ja fasettihiotut lasit.</p>
<p>Valaisimen mitat: 276 x 480 mm</p>
<p>Valonlähde: E27 (ei sisälly pakkaukseen)</p>
<p>Väri: musta</p>

<p>Kartano-valaisinsarja on erityisen suosittu omakotitaloissa ja ne sopivat mainiosti perinteiseen pientalomiljööseen. Sarjassa on useita malleja ja kokoja eri käyttötilanteisiin. Valaisimissa on posliininen lampunpidin ja fasettihiotut lasit. Valaisimen mitat: 276 x 480 mm Valonlähde: E27 (ei sisälly pakkaukseen) Väri: musta</p>
