{"id":5171,"date":"2020-02-10T16:02:41","date_gmt":"2020-02-10T14:02:41","guid":{"rendered":"https:\/\/www.ksttukku.fi\/kauppa\/?post_type=product&#038;p=5171"},"modified":"2023-08-03T14:33:10","modified_gmt":"2023-08-03T11:33:10","slug":"himmennettava-alasvalo-6w-390lm-3cct","status":"publish","type":"product","link":"https:\/\/www.ksttukku.fi\/kauppa\/tuote\/himmennettava-alasvalo-6w-390lm-3cct\/","title":{"rendered":"Himmennett\u00e4v\u00e4 alasvalo 6W 390lm 3CCT"},"content":{"rendered":"<p>LED paneelivalo 6W, 3 CCT+himmennett\u00e4v\u00e4, neli\u00f6<\/p>\n<p>J\u00e4nnite: 230V, 50Hz<\/p>\n<p>Valovirta: 390lm<\/p>\n<p>CRI: &gt;80<\/p>\n<p>Koko: 120 mm x 120 mm x 35 mm<\/p>\n<p>Valonjakokulma 120\u00b0<\/p>\n<p>K\u00e4ytt\u00f6ik\u00e4 25 000 h<\/p>\n<p>2 vuoden takuu<\/p>\n<p>Materiaali: muovi PC\/ kiinnitysrauta metalli<\/p>\n<p>Johto: 50cm<\/p>\n","protected":false},"excerpt":{"rendered":"<p>3 v\u00e4ril\u00e4mp\u00f6tilaa 3000\/4000\/6500K. Asetetaan dip-kytkimest\u00e4.<\/p>\n","protected":false},"featured_media":5172,"comment_status":"closed","ping_status":"closed","template":"","meta":[],"product_brand":[],"product_cat":[46,51,35,34],"product_tag":[],"class_list":{"0":"post-5171","1":"product","2":"type-product","3":"status-publish","4":"has-post-thumbnail","6":"product_cat-alasvalot","7":"product_cat-pinta-asennettavat","8":"product_cat-sisavalaisimet","9":"product_cat-valaisimet","11":"first","12":"instock","13":"taxable","14":"shipping-taxable","15":"purchasable","16":"product-type-simple"},"_links":{"self":[{"href":"https:\/\/www.ksttukku.fi\/kauppa\/wp-json\/wp\/v2\/product\/5171","targetHints":{"allow":["GET"]}}],"collection":[{"href":"https:\/\/www.ksttukku.fi\/kauppa\/wp-json\/wp\/v2\/product"}],"about":[{"href":"https:\/\/www.ksttukku.fi\/kauppa\/wp-json\/wp\/v2\/types\/product"}],"replies":[{"embeddable":true,"href":"https:\/\/www.ksttukku.fi\/kauppa\/wp-json\/wp\/v2\/comments?post=5171"}],"wp:featuredmedia":[{"embeddable":true,"href":"https:\/\/www.ksttukku.fi\/kauppa\/wp-json\/wp\/v2\/media\/5172"}],"wp:attachment":[{"href":"https:\/\/www.ksttukku.fi\/kauppa\/wp-json\/wp\/v2\/media?parent=5171"}],"wp:term":[{"taxonomy":"product_brand","embeddable":true,"href":"https:\/\/www.ksttukku.fi\/kauppa\/wp-json\/wp\/v2\/product_brand?post=5171"},{"taxonomy":"product_cat","embeddable":true,"href":"https:\/\/www.ksttukku.fi\/kauppa\/wp-json\/wp\/v2\/product_cat?post=5171"},{"taxonomy":"product_tag","embeddable":true,"href":"https:\/\/www.ksttukku.fi\/kauppa\/wp-json\/wp\/v2\/product_tag?post=5171"}],"curies":[{"name":"wp","href":"https:\/\/api.w.org\/{rel}","templated":true}]}}