{"id":5234,"date":"2020-02-20T12:00:12","date_gmt":"2020-02-20T10:00:12","guid":{"rendered":"https:\/\/www.ksttukku.fi\/kauppa\/?post_type=product&#038;p=5234"},"modified":"2020-02-20T12:00:53","modified_gmt":"2020-02-20T10:00:53","slug":"terassiled-valosarja-5-osainen-rgb","status":"publish","type":"product","link":"https:\/\/www.ksttukku.fi\/kauppa\/tuote\/terassiled-valosarja-5-osainen-rgb\/","title":{"rendered":"Terassiled valosarja 5-os RGB"},"content":{"rendered":"<p>Soveltuu sek\u00e4 sis\u00e4- ett\u00e4 ulkok\u00e4ytt\u00f6\u00f6n asennettavaksi lattiaan, portaisiin, aitaan pylv\u00e4isiin, katoksiin ym. luomaan tunnelmavalaistusta. RGB v\u00e4ri\u00e4 vaihtava, s\u00e4\u00e4dett\u00e4viss\u00e4 mukana tulevalla kaukos\u00e4\u00e4timell\u00e4.<\/p>\n<p>Pakkauksessa LED kohdevaloja 5 x 0,6 W. Kehyksen halkaisija 40 mm, upotusreik\u00e4 30 mm, upotussyvyys 34 mm. Suojausluokka IP44.<\/p>\n<p>Asennusohje:<br \/>\nSuunnittele rei\u00e4t valmiiksi huolella ennen poraamista.<\/p>\n<p>1. Tee sopiva reik\u00e4 kohdevalolle.<br \/>\n2. Aseta kohdevalo vet\u00e4en liitosjohto rei\u00e4n l\u00e4pi.<br \/>\n3. Kirist\u00e4 kohdevalo pohjaan asti. Tarvittaessa k\u00e4yt\u00e4 liimaa tai silikonia, jotta valaisin pysyy tiukasti paikallaan.<br \/>\n4. Kytke muuntaja pistorasiaan.<\/p>\n","protected":false},"excerpt":{"rendered":"<p>Soveltuu sek\u00e4 sis\u00e4- ett\u00e4 ulkok\u00e4ytt\u00f6\u00f6n asennettavaksi lattiaan, portaisiin, aitaan pylv\u00e4isiin, katoksiin ym. luomaan tunnelmavalaistusta. RGB v\u00e4ri\u00e4 vaihtava, s\u00e4\u00e4dett\u00e4viss\u00e4 mukana tulevalla kaukos\u00e4\u00e4timell\u00e4. Pakkauksessa LED kohdevaloja 5 x 0,6 W. Kehyksen halkaisija 40 mm, upotusreik\u00e4 30 mm, upotussyvyys 34 mm. Suojausluokka IP44. Asennusohje: Suunnittele rei\u00e4t valmiiksi huolella ennen poraamista. 1. Tee sopiva reik\u00e4 kohdevalolle. 2. Aseta kohdevalo [&hellip;]<\/p>\n","protected":false},"featured_media":5235,"comment_status":"closed","ping_status":"closed","template":"","meta":[],"product_brand":[],"product_cat":[59,36],"product_tag":[],"class_list":{"0":"post-5234","1":"product","2":"type-product","3":"status-publish","4":"has-post-thumbnail","6":"product_cat-terassivalaisimet","7":"product_cat-ulkovalaisimet","9":"first","10":"instock","11":"taxable","12":"shipping-taxable","13":"purchasable","14":"product-type-simple"},"_links":{"self":[{"href":"https:\/\/www.ksttukku.fi\/kauppa\/wp-json\/wp\/v2\/product\/5234","targetHints":{"allow":["GET"]}}],"collection":[{"href":"https:\/\/www.ksttukku.fi\/kauppa\/wp-json\/wp\/v2\/product"}],"about":[{"href":"https:\/\/www.ksttukku.fi\/kauppa\/wp-json\/wp\/v2\/types\/product"}],"replies":[{"embeddable":true,"href":"https:\/\/www.ksttukku.fi\/kauppa\/wp-json\/wp\/v2\/comments?post=5234"}],"wp:featuredmedia":[{"embeddable":true,"href":"https:\/\/www.ksttukku.fi\/kauppa\/wp-json\/wp\/v2\/media\/5235"}],"wp:attachment":[{"href":"https:\/\/www.ksttukku.fi\/kauppa\/wp-json\/wp\/v2\/media?parent=5234"}],"wp:term":[{"taxonomy":"product_brand","embeddable":true,"href":"https:\/\/www.ksttukku.fi\/kauppa\/wp-json\/wp\/v2\/product_brand?post=5234"},{"taxonomy":"product_cat","embeddable":true,"href":"https:\/\/www.ksttukku.fi\/kauppa\/wp-json\/wp\/v2\/product_cat?post=5234"},{"taxonomy":"product_tag","embeddable":true,"href":"https:\/\/www.ksttukku.fi\/kauppa\/wp-json\/wp\/v2\/product_tag?post=5234"}],"curies":[{"name":"wp","href":"https:\/\/api.w.org\/{rel}","templated":true}]}}