{"id":5250,"date":"2020-02-26T15:51:27","date_gmt":"2020-02-26T13:51:27","guid":{"rendered":"https:\/\/www.ksttukku.fi\/kauppa\/?post_type=product&#038;p=5250"},"modified":"2020-02-26T15:53:20","modified_gmt":"2020-02-26T13:53:20","slug":"paneelivalaisin-clip-on-3cct-18w-1500lm","status":"publish","type":"product","link":"https:\/\/www.ksttukku.fi\/kauppa\/tuote\/paneelivalaisin-clip-on-3cct-18w-1500lm\/","title":{"rendered":"Paneelivalaisin clip-on 3CCT 18W 1500lm"},"content":{"rendered":"<p>K\u00e4ytt\u00f6j\u00e4nnite: 230 V, 50 Hz<\/p>\n<p>Teho: 18 W<\/p>\n<p>Valovirta: 1500 lm<\/p>\n<p>V\u00e4ril\u00e4mp\u00f6tila, CCT: 3 000 K-4 000K-6 500K<\/p>\n<p>Ra\/CRI: &gt; 80<\/p>\n<p>Elinik\u00e4: 30 000 h<\/p>\n<p>Valonjakokulma: 120\u00b0<\/p>\n<p>Materiaali: PC-\/PS-muovi, alumiini, ter\u00e4s<\/p>\n<p>V\u00e4ri: Valkoinen, valopinta opaali<\/p>\n<p>Verkkojohto: H03VVH2-F 2\u00d70,75mm2, 0,2 m, vapaat holkitetut johdinp\u00e4\u00e4t<\/p>\n<p>Mitat: \u00d8 220 mm x 17.8 mm, valopinta \u00d8 174 mm<\/p>\n<p>Asennus: Pinta-asennus tai puoliuppo \u00d8 55\u2013175 mm aukkoon<\/p>\n<p>K\u00e4ytt\u00f6l\u00e4mp\u00f6tila: +5\u00b0C ~ +45\u00b0C, vain sis\u00e4k\u00e4ytt\u00f6\u00f6n<\/p>\n<p>Kotelointiluokka: IP20\/IP43 (IP43 kattoasennuksessa)<\/p>\n","protected":false},"excerpt":{"rendered":"<p>V\u00e4ril\u00e4mp\u00f6tila vaihdettavissa 3000 \/ 4000 \/ 6500K<\/p>\n","protected":false},"featured_media":5246,"comment_status":"closed","ping_status":"closed","template":"","meta":[],"product_brand":[],"product_cat":[46,51,35,52,34],"product_tag":[],"class_list":{"0":"post-5250","1":"product","2":"type-product","3":"status-publish","4":"has-post-thumbnail","6":"product_cat-alasvalot","7":"product_cat-pinta-asennettavat","8":"product_cat-sisavalaisimet","9":"product_cat-upotettavat","10":"product_cat-valaisimet","12":"first","13":"instock","14":"taxable","15":"shipping-taxable","16":"purchasable","17":"product-type-simple"},"_links":{"self":[{"href":"https:\/\/www.ksttukku.fi\/kauppa\/wp-json\/wp\/v2\/product\/5250","targetHints":{"allow":["GET"]}}],"collection":[{"href":"https:\/\/www.ksttukku.fi\/kauppa\/wp-json\/wp\/v2\/product"}],"about":[{"href":"https:\/\/www.ksttukku.fi\/kauppa\/wp-json\/wp\/v2\/types\/product"}],"replies":[{"embeddable":true,"href":"https:\/\/www.ksttukku.fi\/kauppa\/wp-json\/wp\/v2\/comments?post=5250"}],"wp:featuredmedia":[{"embeddable":true,"href":"https:\/\/www.ksttukku.fi\/kauppa\/wp-json\/wp\/v2\/media\/5246"}],"wp:attachment":[{"href":"https:\/\/www.ksttukku.fi\/kauppa\/wp-json\/wp\/v2\/media?parent=5250"}],"wp:term":[{"taxonomy":"product_brand","embeddable":true,"href":"https:\/\/www.ksttukku.fi\/kauppa\/wp-json\/wp\/v2\/product_brand?post=5250"},{"taxonomy":"product_cat","embeddable":true,"href":"https:\/\/www.ksttukku.fi\/kauppa\/wp-json\/wp\/v2\/product_cat?post=5250"},{"taxonomy":"product_tag","embeddable":true,"href":"https:\/\/www.ksttukku.fi\/kauppa\/wp-json\/wp\/v2\/product_tag?post=5250"}],"curies":[{"name":"wp","href":"https:\/\/api.w.org\/{rel}","templated":true}]}}