{"id":5303,"date":"2020-03-04T16:57:16","date_gmt":"2020-03-04T14:57:16","guid":{"rendered":"https:\/\/www.ksttukku.fi\/kauppa\/?post_type=product&#038;p=5303"},"modified":"2025-02-01T14:02:25","modified_gmt":"2025-02-01T12:02:25","slug":"ladattava-klipsivalo-5w-500lm","status":"publish","type":"product","link":"https:\/\/www.ksttukku.fi\/kauppa\/tuote\/ladattava-klipsivalo-5w-500lm\/","title":{"rendered":"Ladattava klipsivalo 5W 500lm"},"content":{"rendered":"<p><span id=\"data1\" class=\"pt1\">Teho: 5 W<br \/>\nValoteho maks.: 500 lm +- 10%<br \/>\nHimmennys: 25\/50\/100 %<br \/>\nV\u00e4ril\u00e4mp\u00f6tila: 4000 K<br \/>\nV\u00e4rintoisto Ra &gt;80<br \/>\nK\u00e4ytt\u00f6j\u00e4nnite: DC 3,2 V<br \/>\nLatausj\u00e4nnite: DC 5 V<br \/>\nAkku: 32650\/ 3,22 V 5000 mAh litium<\/span><\/p>\n<p>Lataustapa: USB-latausjohto, joka sis\u00e4ltyy pakkaukseen. Erillist\u00e4 latauslaitetta ei tarvita<br \/>\nK\u00e4ytt\u00f6aika t\u00e4ydell\u00e4 akulla noin 5 tuntia<\/p>\n<p>Valaisukulma: 120 astetta<br \/>\nK\u00e4ytt\u00f6l\u00e4mp\u00f6tila: -25- +30 \u00b0C<br \/>\nVarastointil\u00e4mp\u00f6tila: -25 &#8211; +55 \u00b0C<br \/>\nKotelointiluokka: IP20<br \/>\nKotelon materiaali: muovi (ABS+PC)<br \/>\nK\u00e4ytt\u00f6ik\u00e4 noin 25000 tuntia<br \/>\nAkkupariston k\u00e4ytt\u00f6ik\u00e4 noin 2000 latauskertaa<br \/>\nTakuu 2 vuotta<\/p>\n","protected":false},"excerpt":{"rendered":"<p>Ladattava ja himmennett\u00e4v\u00e4 klipsivalo kotiin tai reissuun esimerkiksi lukuvaloksi. Kiinnitys s\u00e4ngyn p\u00e4\u00e4tyyn, hyllyyn tms. k\u00e4tev\u00e4sti puristimella. Lataus helposti USB-latausjohdolla, joka sis\u00e4ltyy pakkaukseen. Maksimivaloteho 500 lm.<\/p>\n","protected":false},"featured_media":5304,"comment_status":"closed","ping_status":"closed","template":"","meta":[],"product_brand":[],"product_cat":[307,41,35,34],"product_tag":[],"class_list":{"0":"post-5303","1":"product","2":"type-product","3":"status-publish","4":"has-post-thumbnail","6":"product_cat-klipsivalaisimet","7":"product_cat-kohdevalaisimet","8":"product_cat-sisavalaisimet","9":"product_cat-valaisimet","11":"first","12":"instock","13":"sale","14":"taxable","15":"shipping-taxable","16":"purchasable","17":"product-type-simple"},"_links":{"self":[{"href":"https:\/\/www.ksttukku.fi\/kauppa\/wp-json\/wp\/v2\/product\/5303","targetHints":{"allow":["GET"]}}],"collection":[{"href":"https:\/\/www.ksttukku.fi\/kauppa\/wp-json\/wp\/v2\/product"}],"about":[{"href":"https:\/\/www.ksttukku.fi\/kauppa\/wp-json\/wp\/v2\/types\/product"}],"replies":[{"embeddable":true,"href":"https:\/\/www.ksttukku.fi\/kauppa\/wp-json\/wp\/v2\/comments?post=5303"}],"wp:featuredmedia":[{"embeddable":true,"href":"https:\/\/www.ksttukku.fi\/kauppa\/wp-json\/wp\/v2\/media\/5304"}],"wp:attachment":[{"href":"https:\/\/www.ksttukku.fi\/kauppa\/wp-json\/wp\/v2\/media?parent=5303"}],"wp:term":[{"taxonomy":"product_brand","embeddable":true,"href":"https:\/\/www.ksttukku.fi\/kauppa\/wp-json\/wp\/v2\/product_brand?post=5303"},{"taxonomy":"product_cat","embeddable":true,"href":"https:\/\/www.ksttukku.fi\/kauppa\/wp-json\/wp\/v2\/product_cat?post=5303"},{"taxonomy":"product_tag","embeddable":true,"href":"https:\/\/www.ksttukku.fi\/kauppa\/wp-json\/wp\/v2\/product_tag?post=5303"}],"curies":[{"name":"wp","href":"https:\/\/api.w.org\/{rel}","templated":true}]}}