{"id":5342,"date":"2020-03-14T12:01:32","date_gmt":"2020-03-14T10:01:32","guid":{"rendered":"https:\/\/www.ksttukku.fi\/kauppa\/?post_type=product&#038;p=5342"},"modified":"2020-03-14T12:01:33","modified_gmt":"2020-03-14T10:01:33","slug":"correct-seinaspotti-valkoinen","status":"publish","type":"product","link":"https:\/\/www.ksttukku.fi\/kauppa\/tuote\/correct-seinaspotti-valkoinen\/","title":{"rendered":"Correct sein\u00e4spotti valkoinen"},"content":{"rendered":"<p>Correct on nykyaikainen sein\u00e4valaisin vapaasti suunnattavalla valonl\u00e4hteell\u00e4. Krominen himmennin ja s\u00e4\u00e4t\u00f6vipu tuovat sek\u00e4 tyyli\u00e4 ett\u00e4 k\u00e4ytt\u00f6mukavuutta. Sopii erinomaisesti lukuvaloksi esimerkiksi s\u00e4ngyn tai nojatuolin viereen. 1.8 m johto Euro-pistotulpalla<\/p>\n<p>Kanta: GU10<\/p>\n<p>V\u00e4ri: mattavalkoinen<\/p>\n","protected":false},"excerpt":{"rendered":"<p>Correct on nykyaikainen sein\u00e4valaisin vapaasti suunnattavalla valonl\u00e4hteell\u00e4. Krominen himmennin ja s\u00e4\u00e4t\u00f6vipu tuovat sek\u00e4 tyyli\u00e4 ett\u00e4 k\u00e4ytt\u00f6mukavuutta. Sopii erinomaisesti lukuvaloksi esimerkiksi s\u00e4ngyn tai nojatuolin viereen. 1.8 m johto Euro-pistotulpalla Kanta: GU10 V\u00e4ri: mattavalkoinen<\/p>\n","protected":false},"featured_media":5343,"comment_status":"closed","ping_status":"closed","template":"","meta":[],"product_brand":[],"product_cat":[42,35,34],"product_tag":[],"class_list":{"0":"post-5342","1":"product","2":"type-product","3":"status-publish","4":"has-post-thumbnail","6":"product_cat-seinavalaisimet-sisavalaisimet","7":"product_cat-sisavalaisimet","8":"product_cat-valaisimet","10":"first","11":"instock","12":"taxable","13":"shipping-taxable","14":"purchasable","15":"product-type-simple"},"_links":{"self":[{"href":"https:\/\/www.ksttukku.fi\/kauppa\/wp-json\/wp\/v2\/product\/5342","targetHints":{"allow":["GET"]}}],"collection":[{"href":"https:\/\/www.ksttukku.fi\/kauppa\/wp-json\/wp\/v2\/product"}],"about":[{"href":"https:\/\/www.ksttukku.fi\/kauppa\/wp-json\/wp\/v2\/types\/product"}],"replies":[{"embeddable":true,"href":"https:\/\/www.ksttukku.fi\/kauppa\/wp-json\/wp\/v2\/comments?post=5342"}],"wp:featuredmedia":[{"embeddable":true,"href":"https:\/\/www.ksttukku.fi\/kauppa\/wp-json\/wp\/v2\/media\/5343"}],"wp:attachment":[{"href":"https:\/\/www.ksttukku.fi\/kauppa\/wp-json\/wp\/v2\/media?parent=5342"}],"wp:term":[{"taxonomy":"product_brand","embeddable":true,"href":"https:\/\/www.ksttukku.fi\/kauppa\/wp-json\/wp\/v2\/product_brand?post=5342"},{"taxonomy":"product_cat","embeddable":true,"href":"https:\/\/www.ksttukku.fi\/kauppa\/wp-json\/wp\/v2\/product_cat?post=5342"},{"taxonomy":"product_tag","embeddable":true,"href":"https:\/\/www.ksttukku.fi\/kauppa\/wp-json\/wp\/v2\/product_tag?post=5342"}],"curies":[{"name":"wp","href":"https:\/\/api.w.org\/{rel}","templated":true}]}}