{"id":5466,"date":"2020-03-31T17:53:52","date_gmt":"2020-03-31T14:53:52","guid":{"rendered":"https:\/\/www.ksttukku.fi\/kauppa\/?post_type=product&#038;p=5466"},"modified":"2024-05-06T11:48:45","modified_gmt":"2024-05-06T08:48:45","slug":"einhell-viimeistelynaulain","status":"publish","type":"product","link":"https:\/\/www.ksttukku.fi\/kauppa\/tuote\/einhell-viimeistelynaulain\/","title":{"rendered":"Einhell viimeistelynaulain"},"content":{"rendered":"<p><span id=\"data1\" class=\"pt1\">Einhell-naulaimessa on syvyydens\u00e4\u00e4t\u00f6 laukaisusyvyyden hienos\u00e4\u00e4t\u00f6\u00f6n. Lippaan ikkunasta n\u00e4kee niittien ja naulojen m\u00e4\u00e4r\u00e4n ja mahdollisen t\u00e4ytt\u00f6tarpeen. Parhaan suorituskyvyn saavuttamiseksi suosittelemme paineilmaletkua, joka on sis\u00e4halkaisijaltaan v\u00e4hint\u00e4\u00e4n 9 mm.<\/span><\/p>\n<p>K\u00e4yt\u00e4nn\u00f6llisen salkun lis\u00e4ksi toimitukseen sis\u00e4ltyy niittej\u00e4 pituudet 16\/25\/40 mm 500 kpl kutakin, nauloja pituudet 25 ja 40 mm 1000 kpl molempia, \u00f6ljypullo, pistokenippa ja kaksi kuusiokoloavainta.<\/p>\n<p>Tekniset tiedot:<br \/>\nmaksimik\u00e4ytt\u00f6paine: 8,3 bar<br \/>\nhakasleveys: 5,7 mm<br \/>\nhakaspituus: 13 &#8211; 40 mm<br \/>\nnaulan pituus: 10 &#8211; 50 mm<br \/>\nnaulan vahvuus: 1 mm<br \/>\nlippaan kapasiteetti: noin 100 kpl<br \/>\nsuositeltu letkun sis\u00e4halkaisija: 9 mm<\/p>\n","protected":false},"excerpt":{"rendered":"<p>Paineilmak\u00e4ytt\u00f6inen Einhell-naulain TC-PN 50 on monipuolinen laite kodin remontti- ja entis\u00f6intit\u00f6ihin. T\u00e4ss\u00e4 2in1 laitteessa on sek\u00e4 paineilmanitoja ett\u00e4 paineilmanaulain. Luistamaton kahva mahdollistaa turvallisen ty\u00f6skentelyn ja turvanokka est\u00e4\u00e4 tahattomat laukaisut.<\/p>\n","protected":false},"featured_media":5467,"comment_status":"closed","ping_status":"closed","template":"","meta":[],"product_brand":[],"product_cat":[225],"product_tag":[],"class_list":{"0":"post-5466","1":"product","2":"type-product","3":"status-publish","4":"has-post-thumbnail","6":"product_cat-kompressorit","8":"first","9":"outofstock","10":"taxable","11":"shipping-taxable","12":"purchasable","13":"product-type-simple"},"_links":{"self":[{"href":"https:\/\/www.ksttukku.fi\/kauppa\/wp-json\/wp\/v2\/product\/5466","targetHints":{"allow":["GET"]}}],"collection":[{"href":"https:\/\/www.ksttukku.fi\/kauppa\/wp-json\/wp\/v2\/product"}],"about":[{"href":"https:\/\/www.ksttukku.fi\/kauppa\/wp-json\/wp\/v2\/types\/product"}],"replies":[{"embeddable":true,"href":"https:\/\/www.ksttukku.fi\/kauppa\/wp-json\/wp\/v2\/comments?post=5466"}],"wp:featuredmedia":[{"embeddable":true,"href":"https:\/\/www.ksttukku.fi\/kauppa\/wp-json\/wp\/v2\/media\/5467"}],"wp:attachment":[{"href":"https:\/\/www.ksttukku.fi\/kauppa\/wp-json\/wp\/v2\/media?parent=5466"}],"wp:term":[{"taxonomy":"product_brand","embeddable":true,"href":"https:\/\/www.ksttukku.fi\/kauppa\/wp-json\/wp\/v2\/product_brand?post=5466"},{"taxonomy":"product_cat","embeddable":true,"href":"https:\/\/www.ksttukku.fi\/kauppa\/wp-json\/wp\/v2\/product_cat?post=5466"},{"taxonomy":"product_tag","embeddable":true,"href":"https:\/\/www.ksttukku.fi\/kauppa\/wp-json\/wp\/v2\/product_tag?post=5466"}],"curies":[{"name":"wp","href":"https:\/\/api.w.org\/{rel}","templated":true}]}}