{"id":5474,"date":"2020-04-01T13:41:35","date_gmt":"2020-04-01T10:41:35","guid":{"rendered":"https:\/\/www.ksttukku.fi\/kauppa\/?post_type=product&#038;p=5474"},"modified":"2025-12-17T17:01:21","modified_gmt":"2025-12-17T15:01:21","slug":"diaz-kattovalaisin-25cm","status":"publish","type":"product","link":"https:\/\/www.ksttukku.fi\/kauppa\/tuote\/diaz-kattovalaisin-25cm\/","title":{"rendered":"Diaz kattovalaisin 25cm"},"content":{"rendered":"<p>Diaz on n\u00e4ytt\u00e4v\u00e4 kristallivalaisin. Kolme valonl\u00e4hdett\u00e4 takaavat valovoimaisen tunnelman, ja kristallikoristeet sirottelevat valon tilaan kauniisti. Diaz &#8211; kattovalaisin on suunniteltu suomalaiseen kotiin ja se on helppo asentaa kattokoukulla, sek\u00e4 kytkent\u00e4 valaisinpistokkeella.<\/p>\n<p>\u2022 halk. : 25,0cm<br \/>\n\u2022 kork. : 24,0cm<br \/>\n\u2022 Lasikristallit<br \/>\n\u2022 3 x G9, 28W (sis\u00e4ltyy pakkaukseen)<br \/>\nRunko metallia, kromi., koukkukiinnitys, pistoke.<\/p>\n","protected":false},"excerpt":{"rendered":"<p>Kattokoukkukiinnitys ja pistotulppa<\/p>\n","protected":false},"featured_media":5475,"comment_status":"closed","ping_status":"closed","template":"","meta":[],"product_brand":[],"product_cat":[40,35,34],"product_tag":[],"class_list":{"0":"post-5474","1":"product","2":"type-product","3":"status-publish","4":"has-post-thumbnail","6":"product_cat-kattovalaisimet","7":"product_cat-sisavalaisimet","8":"product_cat-valaisimet","10":"first","11":"outofstock","12":"taxable","13":"shipping-taxable","14":"purchasable","15":"product-type-simple"},"_links":{"self":[{"href":"https:\/\/www.ksttukku.fi\/kauppa\/wp-json\/wp\/v2\/product\/5474","targetHints":{"allow":["GET"]}}],"collection":[{"href":"https:\/\/www.ksttukku.fi\/kauppa\/wp-json\/wp\/v2\/product"}],"about":[{"href":"https:\/\/www.ksttukku.fi\/kauppa\/wp-json\/wp\/v2\/types\/product"}],"replies":[{"embeddable":true,"href":"https:\/\/www.ksttukku.fi\/kauppa\/wp-json\/wp\/v2\/comments?post=5474"}],"wp:featuredmedia":[{"embeddable":true,"href":"https:\/\/www.ksttukku.fi\/kauppa\/wp-json\/wp\/v2\/media\/5475"}],"wp:attachment":[{"href":"https:\/\/www.ksttukku.fi\/kauppa\/wp-json\/wp\/v2\/media?parent=5474"}],"wp:term":[{"taxonomy":"product_brand","embeddable":true,"href":"https:\/\/www.ksttukku.fi\/kauppa\/wp-json\/wp\/v2\/product_brand?post=5474"},{"taxonomy":"product_cat","embeddable":true,"href":"https:\/\/www.ksttukku.fi\/kauppa\/wp-json\/wp\/v2\/product_cat?post=5474"},{"taxonomy":"product_tag","embeddable":true,"href":"https:\/\/www.ksttukku.fi\/kauppa\/wp-json\/wp\/v2\/product_tag?post=5474"}],"curies":[{"name":"wp","href":"https:\/\/api.w.org\/{rel}","templated":true}]}}