{"id":5481,"date":"2020-04-01T18:07:33","date_gmt":"2020-04-01T15:07:33","guid":{"rendered":"https:\/\/www.ksttukku.fi\/kauppa\/?post_type=product&#038;p=5481"},"modified":"2025-05-26T11:23:22","modified_gmt":"2025-05-26T08:23:22","slug":"puutarhaletkukela-axa-1-2-30m","status":"publish","type":"product","link":"https:\/\/www.ksttukku.fi\/kauppa\/tuote\/puutarhaletkukela-axa-1-2-30m\/","title":{"rendered":"Puutarhaletkukela AXA 1\/2&#8243; 30m"},"content":{"rendered":"<p><span id=\"data1\" class=\"pt1\">Varustus:<br \/>\ntukeva automaattinen letkukela<br \/>\nkantokahva<br \/>\nkest\u00e4v\u00e4 muovikotelointi<br \/>\nulosvedett\u00e4v\u00e4 laadukas letku<br \/>\nautomaattinen lukitus<br \/>\n2 m liitosletku<\/span><\/p>\n<p>Automaattikelaus (hidas palautus ja voi pys\u00e4ytt\u00e4\u00e4 mihin kohtaan vain)<br \/>\nPortaattomasti ja ty\u00f6kaluttomasti s\u00e4\u00e4dett\u00e4viss\u00e4 oleva pys\u00e4ytinpallo<br \/>\n180 astetta k\u00e4\u00e4ntyv\u00e4 sein\u00e4teline<\/p>\n<p>Tarvikkeet: 2 liitint\u00e4 ja 1 suutin, 1 hana-adapteri<br \/>\nLetkun pituus: 30 + 2 m<br \/>\nLetku: 1\/2 tuumaa (sis\u00e4halkaisija 11,5 mm x ulkohalkaisija 15,80 mm)<\/p>\n","protected":false},"excerpt":{"rendered":"<p>Tukeva sein\u00e4kiinnitystelineell\u00e4 varustettu automaattinen AXA-letkukela pihan ja puutarhan kastelua ja erilaisia puhdistustoimia helpottamaan. Kelassa 30 metri\u00e4 1\/2 tuuman puutarhaletkua. Liitosletkun pituus 2 metri\u00e4.<\/p>\n","protected":false},"featured_media":5482,"comment_status":"closed","ping_status":"closed","template":"","meta":[],"product_brand":[],"product_cat":[255],"product_tag":[],"class_list":{"0":"post-5481","1":"product","2":"type-product","3":"status-publish","4":"has-post-thumbnail","6":"product_cat-puutarhaletkut-ja-kelat","8":"first","9":"outofstock","10":"taxable","11":"shipping-taxable","12":"purchasable","13":"product-type-simple"},"_links":{"self":[{"href":"https:\/\/www.ksttukku.fi\/kauppa\/wp-json\/wp\/v2\/product\/5481","targetHints":{"allow":["GET"]}}],"collection":[{"href":"https:\/\/www.ksttukku.fi\/kauppa\/wp-json\/wp\/v2\/product"}],"about":[{"href":"https:\/\/www.ksttukku.fi\/kauppa\/wp-json\/wp\/v2\/types\/product"}],"replies":[{"embeddable":true,"href":"https:\/\/www.ksttukku.fi\/kauppa\/wp-json\/wp\/v2\/comments?post=5481"}],"wp:featuredmedia":[{"embeddable":true,"href":"https:\/\/www.ksttukku.fi\/kauppa\/wp-json\/wp\/v2\/media\/5482"}],"wp:attachment":[{"href":"https:\/\/www.ksttukku.fi\/kauppa\/wp-json\/wp\/v2\/media?parent=5481"}],"wp:term":[{"taxonomy":"product_brand","embeddable":true,"href":"https:\/\/www.ksttukku.fi\/kauppa\/wp-json\/wp\/v2\/product_brand?post=5481"},{"taxonomy":"product_cat","embeddable":true,"href":"https:\/\/www.ksttukku.fi\/kauppa\/wp-json\/wp\/v2\/product_cat?post=5481"},{"taxonomy":"product_tag","embeddable":true,"href":"https:\/\/www.ksttukku.fi\/kauppa\/wp-json\/wp\/v2\/product_tag?post=5481"}],"curies":[{"name":"wp","href":"https:\/\/api.w.org\/{rel}","templated":true}]}}