{"id":5599,"date":"2020-04-07T16:07:59","date_gmt":"2020-04-07T13:07:59","guid":{"rendered":"https:\/\/www.ksttukku.fi\/kauppa\/?post_type=product&#038;p=5599"},"modified":"2020-04-07T16:07:59","modified_gmt":"2020-04-07T13:07:59","slug":"sailytyslaatikko-smartstore-classic-5","status":"publish","type":"product","link":"https:\/\/www.ksttukku.fi\/kauppa\/tuote\/sailytyslaatikko-smartstore-classic-5\/","title":{"rendered":"S\u00e4ilytyslaatikko SmartStore Classic 5"},"content":{"rendered":"<p>K\u00e4yt\u00e4nn\u00f6llinen s\u00e4ilytyslaatikko pienille tavaroille. Sopii hyvin toimistotarvikkeille, leluille, kosmetiikalle ja kylpyhuone-tavaroille. Modulaarinen laatikoiden 0,5, 1,5, 4, 14, 15 ja 16. Laatikot voidaan asettaa sis\u00e4kk\u00e4in joko kansien kanssa tai ilman. Vahvat sulkijat pit\u00e4v\u00e4t kannen tiukasti kiinni. Sopii my\u00f6s ruoan s\u00e4ilytykseen.<\/p>\n<div class=\"title \">Tuotteen Tiedot<\/div>\n<div class=\"text\"><strong class=\"\">Ulkomitat : <\/strong><span class=\"measurements\">30 x 19 x 11 cm (SxLxK) <\/span><br \/>\n<strong class=\"\">Sis\u00e4mitat : <\/strong> <span class=\"inner_measurements\">24,9 x 14,7 x 9,1 cm (SxLxK) <\/span> <span class=\"dimension_info\" data-image=\"\/resources\/images\/dimensions_fi.jpg\">?<\/span><\/p>\n<div class=\"colorcodes\">\n<div class=\"listed\">\n<div class=\"circle big blue\"><strong class=\"\">Tilavuus : <\/strong><span class=\"volume\">3,6 L<\/span><\/div>\n<\/div>\n<\/div>\n<\/div>\n","protected":false},"excerpt":{"rendered":"<p>K\u00e4yt\u00e4nn\u00f6llinen s\u00e4ilytyslaatikko pienille tavaroille. Sopii hyvin toimistotarvikkeille, leluille, kosmetiikalle ja kylpyhuone-tavaroille. Modulaarinen laatikoiden 0,5, 1,5, 4, 14, 15 ja 16. Laatikot voidaan asettaa sis\u00e4kk\u00e4in joko kansien kanssa tai ilman. Vahvat sulkijat pit\u00e4v\u00e4t kannen tiukasti kiinni. Sopii my\u00f6s ruoan s\u00e4ilytykseen. Tuotteen Tiedot Ulkomitat : 30 x 19 x 11 cm (SxLxK) Sis\u00e4mitat : 24,9 x 14,7 [&hellip;]<\/p>\n","protected":false},"featured_media":5601,"comment_status":"closed","ping_status":"closed","template":"","meta":[],"product_brand":[],"product_cat":[332],"product_tag":[],"class_list":{"0":"post-5599","1":"product","2":"type-product","3":"status-publish","4":"has-post-thumbnail","6":"product_cat-sailytyslaatikot","8":"first","9":"instock","10":"taxable","11":"shipping-taxable","12":"purchasable","13":"product-type-simple"},"_links":{"self":[{"href":"https:\/\/www.ksttukku.fi\/kauppa\/wp-json\/wp\/v2\/product\/5599","targetHints":{"allow":["GET"]}}],"collection":[{"href":"https:\/\/www.ksttukku.fi\/kauppa\/wp-json\/wp\/v2\/product"}],"about":[{"href":"https:\/\/www.ksttukku.fi\/kauppa\/wp-json\/wp\/v2\/types\/product"}],"replies":[{"embeddable":true,"href":"https:\/\/www.ksttukku.fi\/kauppa\/wp-json\/wp\/v2\/comments?post=5599"}],"wp:featuredmedia":[{"embeddable":true,"href":"https:\/\/www.ksttukku.fi\/kauppa\/wp-json\/wp\/v2\/media\/5601"}],"wp:attachment":[{"href":"https:\/\/www.ksttukku.fi\/kauppa\/wp-json\/wp\/v2\/media?parent=5599"}],"wp:term":[{"taxonomy":"product_brand","embeddable":true,"href":"https:\/\/www.ksttukku.fi\/kauppa\/wp-json\/wp\/v2\/product_brand?post=5599"},{"taxonomy":"product_cat","embeddable":true,"href":"https:\/\/www.ksttukku.fi\/kauppa\/wp-json\/wp\/v2\/product_cat?post=5599"},{"taxonomy":"product_tag","embeddable":true,"href":"https:\/\/www.ksttukku.fi\/kauppa\/wp-json\/wp\/v2\/product_tag?post=5599"}],"curies":[{"name":"wp","href":"https:\/\/api.w.org\/{rel}","templated":true}]}}