{"id":5646,"date":"2020-04-09T17:11:53","date_gmt":"2020-04-09T14:11:53","guid":{"rendered":"https:\/\/www.ksttukku.fi\/kauppa\/?post_type=product&#038;p=5646"},"modified":"2025-05-26T10:28:58","modified_gmt":"2025-05-26T07:28:58","slug":"einhell-iskuporakone-tc-id-1000-e","status":"publish","type":"product","link":"https:\/\/www.ksttukku.fi\/kauppa\/tuote\/einhell-iskuporakone-tc-id-1000-e\/","title":{"rendered":"Einhell iskuporakone TC-ID 1000 E"},"content":{"rendered":"<p><span id=\"data1\" class=\"pt1\">Ominaisuudet:<br \/>\nkest\u00e4v\u00e4 t\u00e4ysmetallinen hammaskehr\u00e4istukka<br \/>\nelektroninen kierrosnopeudens\u00e4\u00e4t\u00f6 esivalinnalla<br \/>\nvaihtokytkin poraus\/iskuporaus<br \/>\nportaattomasti s\u00e4\u00e4dett\u00e4v\u00e4 syvyydenrajoitin massiivista metallia<br \/>\nlaajat pehmustetut otepinnat<br \/>\nlis\u00e4kahva<\/span><\/p>\n<p>Tekniset tiedot:<br \/>\nj\u00e4nnite: 230 V ~ 50 Hz<br \/>\nteho: 1010 W<br \/>\ntyhj\u00e4k\u00e4yntikierrokset 0-3000 min-1<br \/>\niskum\u00e4\u00e4r\u00e4: 0-48000 iskua\/min<br \/>\nistukka: 1,5 &#8211; 13 mm<br \/>\nporausteho puu\/metalli\/betoni : maks. 32\/13\/16 mm<\/p>\n<p>Koneen paino: 2,12 kg<\/p>\n","protected":false},"excerpt":{"rendered":"<p>Elektronisella kierrosnopeudens\u00e4\u00e4d\u00f6ll\u00e4 varustettu tehokas 1010 W Einhell-iskuporakone. Toiminnot poraus\/iskuporaus valitaan kytkimest\u00e4.<\/p>\n","protected":false},"featured_media":5647,"comment_status":"closed","ping_status":"closed","template":"","meta":[],"product_brand":[],"product_cat":[207,229],"product_tag":[],"class_list":{"0":"post-5646","1":"product","2":"type-product","3":"status-publish","4":"has-post-thumbnail","6":"product_cat-koneet-tyokalut","7":"product_cat-sahkotyokalut","9":"first","10":"outofstock","11":"taxable","12":"shipping-taxable","13":"purchasable","14":"product-type-simple"},"_links":{"self":[{"href":"https:\/\/www.ksttukku.fi\/kauppa\/wp-json\/wp\/v2\/product\/5646","targetHints":{"allow":["GET"]}}],"collection":[{"href":"https:\/\/www.ksttukku.fi\/kauppa\/wp-json\/wp\/v2\/product"}],"about":[{"href":"https:\/\/www.ksttukku.fi\/kauppa\/wp-json\/wp\/v2\/types\/product"}],"replies":[{"embeddable":true,"href":"https:\/\/www.ksttukku.fi\/kauppa\/wp-json\/wp\/v2\/comments?post=5646"}],"wp:featuredmedia":[{"embeddable":true,"href":"https:\/\/www.ksttukku.fi\/kauppa\/wp-json\/wp\/v2\/media\/5647"}],"wp:attachment":[{"href":"https:\/\/www.ksttukku.fi\/kauppa\/wp-json\/wp\/v2\/media?parent=5646"}],"wp:term":[{"taxonomy":"product_brand","embeddable":true,"href":"https:\/\/www.ksttukku.fi\/kauppa\/wp-json\/wp\/v2\/product_brand?post=5646"},{"taxonomy":"product_cat","embeddable":true,"href":"https:\/\/www.ksttukku.fi\/kauppa\/wp-json\/wp\/v2\/product_cat?post=5646"},{"taxonomy":"product_tag","embeddable":true,"href":"https:\/\/www.ksttukku.fi\/kauppa\/wp-json\/wp\/v2\/product_tag?post=5646"}],"curies":[{"name":"wp","href":"https:\/\/api.w.org\/{rel}","templated":true}]}}