{"id":5652,"date":"2020-04-11T13:24:18","date_gmt":"2020-04-11T10:24:18","guid":{"rendered":"https:\/\/www.ksttukku.fi\/kauppa\/?post_type=product&#038;p=5652"},"modified":"2023-07-06T11:53:17","modified_gmt":"2023-07-06T08:53:17","slug":"smartstore-pro-sailytyslaatikko-31-musta","status":"publish","type":"product","link":"https:\/\/www.ksttukku.fi\/kauppa\/tuote\/smartstore-pro-sailytyslaatikko-31-musta\/","title":{"rendered":"SmartStore Pro s\u00e4ilytyslaatikko 31 musta"},"content":{"rendered":"<p>Kest\u00e4v\u00e4 ja tukeva s\u00e4ilytyslaatikko j\u00e4re\u00e4\u00e4n k\u00e4ytt\u00f6\u00f6n! Laatikko kest\u00e4\u00e4 niin iskuja kuin suuria l\u00e4mp\u00f6tilan vaihteluita. Sopii esimerkiksi painavien ja ter\u00e4vien esineiden s\u00e4ilytykseen. Laatikot pinoutuvat sis\u00e4kk\u00e4in ja kannen kanssa tukevasti p\u00e4\u00e4llekk\u00e4in. T\u00e4ydellinen s\u00e4ilytyslaatikko tee se itse \u2013ihmisille sek\u00e4 ammattik\u00e4ytt\u00f6\u00f6n. Soveltuu my\u00f6s ruoan s\u00e4ilytykseen \u2013 usein k\u00e4ytetty HORECA-alalla.<\/p>\n<div class=\"title \">Tuotteen Tiedot<\/div>\n<div class=\"text\"><strong class=\"\">Ulkomitat : <\/strong><span class=\"measurements\">50 x 39 x 26 cm (SxLxK) <\/span><br \/>\n<strong class=\"\">Sis\u00e4mitat : <\/strong> <span class=\"inner_measurements\">40 x 30,7 x 22,1 cm (SxLxK) <\/span><br \/>\n<strong class=\"\">Tilavuus : <\/strong><span class=\"volume\">32 L<\/span><\/div>\n","protected":false},"excerpt":{"rendered":"<p>Kest\u00e4v\u00e4 ja tukeva s\u00e4ilytyslaatikko j\u00e4re\u00e4\u00e4n k\u00e4ytt\u00f6\u00f6n! Laatikko kest\u00e4\u00e4 niin iskuja kuin suuria l\u00e4mp\u00f6tilan vaihteluita. Sopii esimerkiksi painavien ja ter\u00e4vien esineiden s\u00e4ilytykseen. Laatikot pinoutuvat sis\u00e4kk\u00e4in ja kannen kanssa tukevasti p\u00e4\u00e4llekk\u00e4in. T\u00e4ydellinen s\u00e4ilytyslaatikko tee se itse \u2013ihmisille sek\u00e4 ammattik\u00e4ytt\u00f6\u00f6n. Soveltuu my\u00f6s ruoan s\u00e4ilytykseen \u2013 usein k\u00e4ytetty HORECA-alalla. Tuotteen Tiedot Ulkomitat : 50 x 39 x 26 cm [&hellip;]<\/p>\n","protected":false},"featured_media":5653,"comment_status":"closed","ping_status":"closed","template":"","meta":[],"product_brand":[],"product_cat":[334,333],"product_tag":[],"class_list":{"0":"post-5652","1":"product","2":"type-product","3":"status-publish","4":"has-post-thumbnail","6":"product_cat-iskunkestavat-sailytyslaatikot","7":"product_cat-sailytyslaatikot-2","9":"first","10":"instock","11":"taxable","12":"shipping-taxable","13":"purchasable","14":"product-type-simple"},"_links":{"self":[{"href":"https:\/\/www.ksttukku.fi\/kauppa\/wp-json\/wp\/v2\/product\/5652","targetHints":{"allow":["GET"]}}],"collection":[{"href":"https:\/\/www.ksttukku.fi\/kauppa\/wp-json\/wp\/v2\/product"}],"about":[{"href":"https:\/\/www.ksttukku.fi\/kauppa\/wp-json\/wp\/v2\/types\/product"}],"replies":[{"embeddable":true,"href":"https:\/\/www.ksttukku.fi\/kauppa\/wp-json\/wp\/v2\/comments?post=5652"}],"wp:featuredmedia":[{"embeddable":true,"href":"https:\/\/www.ksttukku.fi\/kauppa\/wp-json\/wp\/v2\/media\/5653"}],"wp:attachment":[{"href":"https:\/\/www.ksttukku.fi\/kauppa\/wp-json\/wp\/v2\/media?parent=5652"}],"wp:term":[{"taxonomy":"product_brand","embeddable":true,"href":"https:\/\/www.ksttukku.fi\/kauppa\/wp-json\/wp\/v2\/product_brand?post=5652"},{"taxonomy":"product_cat","embeddable":true,"href":"https:\/\/www.ksttukku.fi\/kauppa\/wp-json\/wp\/v2\/product_cat?post=5652"},{"taxonomy":"product_tag","embeddable":true,"href":"https:\/\/www.ksttukku.fi\/kauppa\/wp-json\/wp\/v2\/product_tag?post=5652"}],"curies":[{"name":"wp","href":"https:\/\/api.w.org\/{rel}","templated":true}]}}