{"id":5688,"date":"2020-04-15T17:18:35","date_gmt":"2020-04-15T14:18:35","guid":{"rendered":"https:\/\/www.ksttukku.fi\/kauppa\/?post_type=product&#038;p=5688"},"modified":"2020-04-15T17:20:29","modified_gmt":"2020-04-15T14:20:29","slug":"einhell-kipsihiomakone","status":"publish","type":"product","link":"https:\/\/www.ksttukku.fi\/kauppa\/tuote\/einhell-kipsihiomakone\/","title":{"rendered":"Einhell kipsihiomakone"},"content":{"rendered":"<p>Tekniset ominaisuudet: Teho: 600 W Hionta-ala: 225 mm (Velcro kiinnitys) K\u00e4\u00e4ntyv\u00e4 hiontap\u00e4\u00e4 Elektronisesti s\u00e4\u00e4dett\u00e4v\u00e4 kierrosnopeus Teleskooppivarsi: 1100-1650 mm S\u00e4hk\u00f6johdon pituus: 4 m T-kahva takaamaan hyv\u00e4n ty\u00f6ergonomian Imuriliit\u00e4nt\u00e4 Taittuva varsi helppoon varastointiin Pakkaus sis\u00e4lt\u00e4\u00e4 6 kpl hiomapapereita (2 x P60 \/ 2 x P80 \/ 2 x P120) Toimitus k\u00e4tev\u00e4ss\u00e4 kantosalkussa<\/p>\n","protected":false},"excerpt":{"rendered":"<p>Einhell Kipsihiomakone TC-DW 225, on universaali ja k\u00e4yt\u00e4nn\u00f6llinen ty\u00f6kalu remontoinnin yhteydess\u00e4 kenelle tahansa tee-se-itse henkil\u00f6lle. Tehokkaan 600 W moottorin ja korkealaatuisen metallisen vaihteiston ansiosta, kaikki hiontaty\u00f6t sujuvat ongelmitta. Paras ty\u00f6tulos ja ty\u00f6ergonomia saavutetaan pitk\u00e4n jatkovarren (165 cm max), ergonomisen T-kahvan ja nivelen p\u00e4\u00e4ss\u00e4 olevan hiontap\u00e4\u00e4n ansiosta. Liitt\u00e4m\u00e4ll\u00e4 Einhell m\u00e4rk\u00e4-kuivaimurin laitteeseen ty\u00f6skentelet p\u00f6lytt\u00f6m\u00e4sti miss\u00e4 vain. Laite toimitetaan k\u00e4tev\u00e4ss\u00e4 kantosalkussa ja pakkaus sis\u00e4lt\u00e4\u00e4 6 hiomapaperia (P60 \/ P80 \/ P120)<\/p>\n","protected":false},"featured_media":5689,"comment_status":"closed","ping_status":"closed","template":"","meta":[],"product_brand":[],"product_cat":[207,229],"product_tag":[],"class_list":{"0":"post-5688","1":"product","2":"type-product","3":"status-publish","4":"has-post-thumbnail","6":"product_cat-koneet-tyokalut","7":"product_cat-sahkotyokalut","9":"first","10":"instock","11":"taxable","12":"shipping-taxable","13":"purchasable","14":"product-type-simple"},"_links":{"self":[{"href":"https:\/\/www.ksttukku.fi\/kauppa\/wp-json\/wp\/v2\/product\/5688","targetHints":{"allow":["GET"]}}],"collection":[{"href":"https:\/\/www.ksttukku.fi\/kauppa\/wp-json\/wp\/v2\/product"}],"about":[{"href":"https:\/\/www.ksttukku.fi\/kauppa\/wp-json\/wp\/v2\/types\/product"}],"replies":[{"embeddable":true,"href":"https:\/\/www.ksttukku.fi\/kauppa\/wp-json\/wp\/v2\/comments?post=5688"}],"wp:featuredmedia":[{"embeddable":true,"href":"https:\/\/www.ksttukku.fi\/kauppa\/wp-json\/wp\/v2\/media\/5689"}],"wp:attachment":[{"href":"https:\/\/www.ksttukku.fi\/kauppa\/wp-json\/wp\/v2\/media?parent=5688"}],"wp:term":[{"taxonomy":"product_brand","embeddable":true,"href":"https:\/\/www.ksttukku.fi\/kauppa\/wp-json\/wp\/v2\/product_brand?post=5688"},{"taxonomy":"product_cat","embeddable":true,"href":"https:\/\/www.ksttukku.fi\/kauppa\/wp-json\/wp\/v2\/product_cat?post=5688"},{"taxonomy":"product_tag","embeddable":true,"href":"https:\/\/www.ksttukku.fi\/kauppa\/wp-json\/wp\/v2\/product_tag?post=5688"}],"curies":[{"name":"wp","href":"https:\/\/api.w.org\/{rel}","templated":true}]}}