{"id":5825,"date":"2020-04-28T18:10:09","date_gmt":"2020-04-28T15:10:09","guid":{"rendered":"https:\/\/www.ksttukku.fi\/kauppa\/?post_type=product&#038;p=5825"},"modified":"2022-08-05T18:14:52","modified_gmt":"2022-08-05T15:14:52","slug":"reine-seinavalaisin-ip44-sensor","status":"publish","type":"product","link":"https:\/\/www.ksttukku.fi\/kauppa\/tuote\/reine-seinavalaisin-ip44-sensor\/","title":{"rendered":"Reine sein\u00e4valaisin IP44 sensor"},"content":{"rendered":"<p>Alumiinirunkoinen led-h\u00e4m\u00e4r\u00e4kytkinvalaisin, jota voi k\u00e4ytt\u00e4\u00e4 talon sein\u00e4ss\u00e4 sek\u00e4 yleisvalona ett\u00e4 numerovalaisimena. Lujatekoinen runko on k\u00e4sitelty UV-suojatulla maalilla, jonka ansiosta valaisin kest\u00e4\u00e4 auringonvalon tai meri-ilmaston rasitukset. Valaisimen valonl\u00e4hteen\u00e4 on kiinte\u00e4 Epistar led-moduuli. H\u00e4m\u00e4r\u00e4kytkinsensori on s\u00e4\u00e4dett\u00e4viss\u00e4 &lt; 5\u201350 luksia.<\/p>\n<p>Runko alumiinia, kupu polykarbonaattia.<br \/>\nV\u00e4ri antrasiitin harmaa.<br \/>\nPinta-asennus sein\u00e4\u00e4n, ruuviliittimet 3 x 2,5 mm2, yksi kaapelin l\u00e4pivienti (ei ketjutettavissa).<br \/>\nV\u00e4ril\u00e4mp\u00f6tila 3000 K, RA &gt; 80.<br \/>\nKotelointiluokka IP44.<br \/>\nKiinte\u00e4 led 11W \/ 800 lm, 30 000 h.<\/p>\n","protected":false},"excerpt":{"rendered":"<p>Alumiinirunkoinen led-h\u00e4m\u00e4r\u00e4kytkinvalaisin, jota voi k\u00e4ytt\u00e4\u00e4 talon sein\u00e4ss\u00e4 sek\u00e4 yleisvalona ett\u00e4 numerovalaisimena. Lujatekoinen runko on k\u00e4sitelty UV-suojatulla maalilla, jonka ansiosta valaisin kest\u00e4\u00e4 auringonvalon tai meri-ilmaston rasitukset. Valaisimen valonl\u00e4hteen\u00e4 on kiinte\u00e4 Epistar led-moduuli. H\u00e4m\u00e4r\u00e4kytkinsensori on s\u00e4\u00e4dett\u00e4viss\u00e4 &lt; 5\u201350 luksia. Runko alumiinia, kupu polykarbonaattia. V\u00e4ri antrasiitin harmaa. Pinta-asennus sein\u00e4\u00e4n, ruuviliittimet 3 x 2,5 mm2, yksi kaapelin l\u00e4pivienti (ei [&hellip;]<\/p>\n","protected":false},"featured_media":5826,"comment_status":"closed","ping_status":"closed","template":"","meta":[],"product_brand":[],"product_cat":[37,36],"product_tag":[],"class_list":{"0":"post-5825","1":"product","2":"type-product","3":"status-publish","4":"has-post-thumbnail","6":"product_cat-seinavalaisimet","7":"product_cat-ulkovalaisimet","9":"first","10":"instock","11":"taxable","12":"shipping-taxable","13":"purchasable","14":"product-type-simple"},"_links":{"self":[{"href":"https:\/\/www.ksttukku.fi\/kauppa\/wp-json\/wp\/v2\/product\/5825","targetHints":{"allow":["GET"]}}],"collection":[{"href":"https:\/\/www.ksttukku.fi\/kauppa\/wp-json\/wp\/v2\/product"}],"about":[{"href":"https:\/\/www.ksttukku.fi\/kauppa\/wp-json\/wp\/v2\/types\/product"}],"replies":[{"embeddable":true,"href":"https:\/\/www.ksttukku.fi\/kauppa\/wp-json\/wp\/v2\/comments?post=5825"}],"wp:featuredmedia":[{"embeddable":true,"href":"https:\/\/www.ksttukku.fi\/kauppa\/wp-json\/wp\/v2\/media\/5826"}],"wp:attachment":[{"href":"https:\/\/www.ksttukku.fi\/kauppa\/wp-json\/wp\/v2\/media?parent=5825"}],"wp:term":[{"taxonomy":"product_brand","embeddable":true,"href":"https:\/\/www.ksttukku.fi\/kauppa\/wp-json\/wp\/v2\/product_brand?post=5825"},{"taxonomy":"product_cat","embeddable":true,"href":"https:\/\/www.ksttukku.fi\/kauppa\/wp-json\/wp\/v2\/product_cat?post=5825"},{"taxonomy":"product_tag","embeddable":true,"href":"https:\/\/www.ksttukku.fi\/kauppa\/wp-json\/wp\/v2\/product_tag?post=5825"}],"curies":[{"name":"wp","href":"https:\/\/api.w.org\/{rel}","templated":true}]}}