{"id":586,"date":"2018-02-19T12:31:22","date_gmt":"2018-02-19T10:31:22","guid":{"rendered":"http:\/\/www.ksttukku.fi\/kauppa\/?post_type=product&#038;p=586"},"modified":"2020-07-04T11:42:07","modified_gmt":"2020-07-04T08:42:07","slug":"holm-3eye-terassivalaisin-ip65","status":"publish","type":"product","link":"https:\/\/www.ksttukku.fi\/kauppa\/tuote\/holm-3eye-terassivalaisin-ip65\/","title":{"rendered":"Holm 3eye terassivalaisin IP65"},"content":{"rendered":"<p>Upotettava terassivalaisin sis\u00e4- ja ulkok\u00e4ytt\u00f6\u00f6n kest\u00e4\u00e4 p\u00e4\u00e4ll\u00e4k\u00e4vely\u00e4. K\u00e4ytt\u00f6 korostusvalaisuun, valaisee sivusuuntiin. Lamppusuositus on PAR16. P\u00f6ly- ja roiskevesitiivis runko.<\/p>\n<p>Valonl\u00e4hde: GU10 (ei sis\u00e4lly pakkaukseen)<\/p>\n<p>V\u00e4ri: antrasiitti<\/p>\n","protected":false},"excerpt":{"rendered":"<p>Upotettava terassivalaisin sis\u00e4- ja ulkok\u00e4ytt\u00f6\u00f6n kest\u00e4\u00e4 p\u00e4\u00e4ll\u00e4k\u00e4vely\u00e4. K\u00e4ytt\u00f6 korostusvalaisuun, valaisee sivusuuntiin. Lamppusuositus on PAR16. P\u00f6ly- ja roiskevesitiivis runko. Valonl\u00e4hde: GU10 (ei sis\u00e4lly pakkaukseen) V\u00e4ri: antrasiitti<\/p>\n","protected":false},"featured_media":587,"comment_status":"closed","ping_status":"closed","template":"","meta":[],"product_brand":[],"product_cat":[59,36],"product_tag":[],"class_list":{"0":"post-586","1":"product","2":"type-product","3":"status-publish","4":"has-post-thumbnail","6":"product_cat-terassivalaisimet","7":"product_cat-ulkovalaisimet","9":"first","10":"instock","11":"taxable","12":"shipping-taxable","13":"purchasable","14":"product-type-simple"},"_links":{"self":[{"href":"https:\/\/www.ksttukku.fi\/kauppa\/wp-json\/wp\/v2\/product\/586","targetHints":{"allow":["GET"]}}],"collection":[{"href":"https:\/\/www.ksttukku.fi\/kauppa\/wp-json\/wp\/v2\/product"}],"about":[{"href":"https:\/\/www.ksttukku.fi\/kauppa\/wp-json\/wp\/v2\/types\/product"}],"replies":[{"embeddable":true,"href":"https:\/\/www.ksttukku.fi\/kauppa\/wp-json\/wp\/v2\/comments?post=586"}],"wp:featuredmedia":[{"embeddable":true,"href":"https:\/\/www.ksttukku.fi\/kauppa\/wp-json\/wp\/v2\/media\/587"}],"wp:attachment":[{"href":"https:\/\/www.ksttukku.fi\/kauppa\/wp-json\/wp\/v2\/media?parent=586"}],"wp:term":[{"taxonomy":"product_brand","embeddable":true,"href":"https:\/\/www.ksttukku.fi\/kauppa\/wp-json\/wp\/v2\/product_brand?post=586"},{"taxonomy":"product_cat","embeddable":true,"href":"https:\/\/www.ksttukku.fi\/kauppa\/wp-json\/wp\/v2\/product_cat?post=586"},{"taxonomy":"product_tag","embeddable":true,"href":"https:\/\/www.ksttukku.fi\/kauppa\/wp-json\/wp\/v2\/product_tag?post=586"}],"curies":[{"name":"wp","href":"https:\/\/api.w.org\/{rel}","templated":true}]}}