{"id":5909,"date":"2020-05-29T15:08:31","date_gmt":"2020-05-29T12:08:31","guid":{"rendered":"https:\/\/www.ksttukku.fi\/kauppa\/?post_type=product&#038;p=5909"},"modified":"2020-06-22T14:17:30","modified_gmt":"2020-06-22T11:17:30","slug":"mosquito-magnet-pioneer-hyttysansa","status":"publish","type":"product","link":"https:\/\/www.ksttukku.fi\/kauppa\/tuote\/mosquito-magnet-pioneer-hyttysansa\/","title":{"rendered":"Mosquito Magnet Pioneer hyttysansa"},"content":{"rendered":"<div class=\"views-field views-field-body\">\n<div class=\"field-content\">\n<p>Pioneer on tehokas ja turvallinen ratkaisu koti-\u00a0tai m\u00f6kkipihan hyttysongelmaan.<\/p>\n<p>Mosquito Magnet v\u00e4hent\u00e4\u00e4 turvallisesti ja tehokkaasti hyttysten ja muiden verta imevien hy\u00f6nteisten m\u00e4\u00e4r\u00e4\u00e4.\u00a0Ansa alkaa pyydyst\u00e4\u00e4 hyttysi\u00e4 heti\u00a0k\u00e4ynnistyksen j\u00e4lkeen ja\u00a0tuottaa\u00a0havaittavia tuloksia jo muutamassa p\u00e4iv\u00e4ss\u00e4.<\/p>\n<p>Mosquito\u00a0Magnet\u00a0Pioneer\u00a0on\u00a0valmistettu s\u00e4\u00e4nkest\u00e4vist\u00e4, laadukkaista\u202fmateriaaleista.\u00a0Laite vaatii toimiakseen verkkovirtaa. Mukana 12 voltin muuntaja 15 metrin johdolla.\u00a0Nestekaasupullo (11 kg) ja R-Octenol-kapseli\u00a0on vaihdettava noin\u00a021 p\u00e4iv\u00e4n v\u00e4lein.\u00a0Nestekaasupullo hankittava erikseen.\u00a0Verkko kannattaa tyhjent\u00e4\u00e4, kun se on puolillaan.\u202fVerkossa\u00a0olevia\u00a0el\u00e4vi\u00e4 hyttysi\u00e4 ei saa tappaa\u00a0hy\u00f6nteismyrkyill\u00e4, koska\u00a0myrkyn haju v\u00e4hent\u00e4\u00e4 saalista jatkossa.\u00a0Kun verkon\u00a0asettaa auringonpaisteeseen muutamaksi tunniksi, el\u00e4v\u00e4t hyttyset kuivuvat ja kuolevat. T\u00e4ll\u00e4 v\u00e4lin k\u00e4ytt\u00f6\u00e4 voi jatkaa vaihtoverkolla.<\/p>\n<p>Uudet Mosquito Magnet\u00a0-hyttysansat eiv\u00e4t vaadi pikapuhdistusta puhdistuspatruunalla.<\/p>\n<p><strong>Toimintaperiaate<\/strong><br \/>\nHoukuttelee hyttysi\u00e4 toimimalla\u00a0kuten ihminen eli\u00a0tuottamalla hiilidioksidia, l\u00e4mp\u00f6\u00e4\u00a0ja kosteutta. R-Octenol-tehosteaine vahvistaa hiilidioksidin vaikutusta.<\/p>\n<p><strong>Rakenne<\/strong><br \/>\nKaikki osat on valmistettu s\u00e4\u00e4nkest\u00e4vist\u00e4, laadukkaista\u00a0materiaaleista.<\/p>\n<p><strong>Toimii verkkovirralla<\/strong><br \/>\nVaatii toimiakseen verkkovirtaa. Mukana 12 voltin muuntaja 15 metrin johdolla.<\/p>\n<\/div>\n<\/div>\n","protected":false},"excerpt":{"rendered":"<p>Poistaa hyttyset noin 4000 m\u00b2 alueelta. Verkon kapasiteetti noin 16 000 hyttyst\u00e4. Laite tarvitsee nestekaasua ja verkkovirtaa.<\/p>\n<p>Ilmainen toimitus<\/p>\n<p>Tilap\u00e4isesti loppu<\/p>\n","protected":false},"featured_media":5912,"comment_status":"closed","ping_status":"closed","template":"","meta":[],"product_brand":[],"product_cat":[351],"product_tag":[],"class_list":{"0":"post-5909","1":"product","2":"type-product","3":"status-publish","4":"has-post-thumbnail","6":"product_cat-hyttysansat-ja-karkottimet","8":"first","9":"outofstock","10":"taxable","11":"shipping-taxable","12":"purchasable","13":"product-type-simple"},"_links":{"self":[{"href":"https:\/\/www.ksttukku.fi\/kauppa\/wp-json\/wp\/v2\/product\/5909","targetHints":{"allow":["GET"]}}],"collection":[{"href":"https:\/\/www.ksttukku.fi\/kauppa\/wp-json\/wp\/v2\/product"}],"about":[{"href":"https:\/\/www.ksttukku.fi\/kauppa\/wp-json\/wp\/v2\/types\/product"}],"replies":[{"embeddable":true,"href":"https:\/\/www.ksttukku.fi\/kauppa\/wp-json\/wp\/v2\/comments?post=5909"}],"wp:featuredmedia":[{"embeddable":true,"href":"https:\/\/www.ksttukku.fi\/kauppa\/wp-json\/wp\/v2\/media\/5912"}],"wp:attachment":[{"href":"https:\/\/www.ksttukku.fi\/kauppa\/wp-json\/wp\/v2\/media?parent=5909"}],"wp:term":[{"taxonomy":"product_brand","embeddable":true,"href":"https:\/\/www.ksttukku.fi\/kauppa\/wp-json\/wp\/v2\/product_brand?post=5909"},{"taxonomy":"product_cat","embeddable":true,"href":"https:\/\/www.ksttukku.fi\/kauppa\/wp-json\/wp\/v2\/product_cat?post=5909"},{"taxonomy":"product_tag","embeddable":true,"href":"https:\/\/www.ksttukku.fi\/kauppa\/wp-json\/wp\/v2\/product_tag?post=5909"}],"curies":[{"name":"wp","href":"https:\/\/api.w.org\/{rel}","templated":true}]}}