{"id":5997,"date":"2020-06-10T16:39:49","date_gmt":"2020-06-10T13:39:49","guid":{"rendered":"https:\/\/www.ksttukku.fi\/kauppa\/?post_type=product&#038;p=5997"},"modified":"2023-07-05T13:15:59","modified_gmt":"2023-07-05T10:15:59","slug":"otokka-3-lamellinen-teleskooppioviverho","status":"publish","type":"product","link":"https:\/\/www.ksttukku.fi\/kauppa\/tuote\/otokka-3-lamellinen-teleskooppioviverho\/","title":{"rendered":"\u00d6t\u00f6kk\u00e4 3-lamellinen teleskooppioviverho 95x220cm"},"content":{"rendered":"<p>&nbsp;<\/p>\n<ul>\n<li>Asennusaika 5-10 minuuttia<\/li>\n<li>Todella helppo asentaa jopa ilman ty\u00f6kaluja<\/li>\n<li>Kiinnitet\u00e4\u00e4n joko ruuveilla tai tarranauhalla<\/li>\n<li>Lamellit esiasennettu yl\u00e4kiskoon<\/li>\n<li>Voidaan tarvittaessa lyhent\u00e4\u00e4<\/li>\n<li>Pakkaus sis\u00e4lt\u00e4\u00e4: kolme esiasennettua lamellia, tarranauhan, muoviset kiinnikepalat ruuvikiinnitykseen (ruuvit eiv\u00e4t sis\u00e4lly pakkaukseen), asennusohjeet<\/li>\n<\/ul>\n<p>&nbsp;<\/p>\n","protected":false},"excerpt":{"rendered":"<p>&nbsp; Asennusaika 5-10 minuuttia Todella helppo asentaa jopa ilman ty\u00f6kaluja Kiinnitet\u00e4\u00e4n joko ruuveilla tai tarranauhalla Lamellit esiasennettu yl\u00e4kiskoon Voidaan tarvittaessa lyhent\u00e4\u00e4 Pakkaus sis\u00e4lt\u00e4\u00e4: kolme esiasennettua lamellia, tarranauhan, muoviset kiinnikepalat ruuvikiinnitykseen (ruuvit eiv\u00e4t sis\u00e4lly pakkaukseen), asennusohjeet &nbsp;<\/p>\n","protected":false},"featured_media":5998,"comment_status":"closed","ping_status":"closed","template":"","meta":[],"product_brand":[],"product_cat":[351],"product_tag":[],"class_list":{"0":"post-5997","1":"product","2":"type-product","3":"status-publish","4":"has-post-thumbnail","6":"product_cat-hyttysansat-ja-karkottimet","8":"first","9":"outofstock","10":"taxable","11":"shipping-taxable","12":"purchasable","13":"product-type-simple"},"_links":{"self":[{"href":"https:\/\/www.ksttukku.fi\/kauppa\/wp-json\/wp\/v2\/product\/5997","targetHints":{"allow":["GET"]}}],"collection":[{"href":"https:\/\/www.ksttukku.fi\/kauppa\/wp-json\/wp\/v2\/product"}],"about":[{"href":"https:\/\/www.ksttukku.fi\/kauppa\/wp-json\/wp\/v2\/types\/product"}],"replies":[{"embeddable":true,"href":"https:\/\/www.ksttukku.fi\/kauppa\/wp-json\/wp\/v2\/comments?post=5997"}],"wp:featuredmedia":[{"embeddable":true,"href":"https:\/\/www.ksttukku.fi\/kauppa\/wp-json\/wp\/v2\/media\/5998"}],"wp:attachment":[{"href":"https:\/\/www.ksttukku.fi\/kauppa\/wp-json\/wp\/v2\/media?parent=5997"}],"wp:term":[{"taxonomy":"product_brand","embeddable":true,"href":"https:\/\/www.ksttukku.fi\/kauppa\/wp-json\/wp\/v2\/product_brand?post=5997"},{"taxonomy":"product_cat","embeddable":true,"href":"https:\/\/www.ksttukku.fi\/kauppa\/wp-json\/wp\/v2\/product_cat?post=5997"},{"taxonomy":"product_tag","embeddable":true,"href":"https:\/\/www.ksttukku.fi\/kauppa\/wp-json\/wp\/v2\/product_tag?post=5997"}],"curies":[{"name":"wp","href":"https:\/\/api.w.org\/{rel}","templated":true}]}}