{"id":6163,"date":"2020-07-17T13:43:47","date_gmt":"2020-07-17T10:43:47","guid":{"rendered":"https:\/\/www.ksttukku.fi\/kauppa\/?post_type=product&#038;p=6163"},"modified":"2020-09-22T00:00:11","modified_gmt":"2020-09-21T21:00:11","slug":"briloner-rgb-led-valonauhasarja-5m","status":"publish","type":"product","link":"https:\/\/www.ksttukku.fi\/kauppa\/tuote\/briloner-rgb-led-valonauhasarja-5m\/","title":{"rendered":"RGB led-valonauhasarja 5m 24W"},"content":{"rendered":"<p>LED-valonauha monipuoliseen kodin sisustamiseen. Sis\u00e4lt\u00e4\u00e4 5 metri\u00e4 valonauhaa, joka on mahdollista lyhent\u00e4\u00e4 saksilla. Kiinnitys tapahtuu nauhassa olevan 3M tarranauhan avulla. Helppo asentaa pienehk\u00f6\u00f6n tilaan. Pakkauksen mukana tulevalla kauko-ohjaimella voi vaihdella eri v\u00e4ris\u00e4vyj\u00e4 ja himment\u00e4\u00e4 valoa. Sis\u00e4lt\u00e4\u00e4 muuntajan ja kaukos\u00e4\u00e4timen.<\/p>\n<p>Teho: 24 W<\/p>\n<p>&nbsp;<\/p>\n","protected":false},"excerpt":{"rendered":"<p>LED-valonauha monipuoliseen kodin sisustamiseen. Sis\u00e4lt\u00e4\u00e4 5 metri\u00e4 valonauhaa, joka on mahdollista lyhent\u00e4\u00e4 saksilla. Kiinnitys tapahtuu nauhassa olevan 3M tarranauhan avulla. Helppo asentaa pienehk\u00f6\u00f6n tilaan. Pakkauksen mukana tulevalla kauko-ohjaimella voi vaihdella eri v\u00e4ris\u00e4vyj\u00e4 ja himment\u00e4\u00e4 valoa. Sis\u00e4lt\u00e4\u00e4 muuntajan ja kaukos\u00e4\u00e4timen. Teho: 24 W &nbsp;<\/p>\n","protected":false},"featured_media":6164,"comment_status":"closed","ping_status":"closed","template":"","meta":[],"product_brand":[],"product_cat":[45],"product_tag":[],"class_list":{"0":"post-6163","1":"product","2":"type-product","3":"status-publish","4":"has-post-thumbnail","6":"product_cat-valonauhat","8":"first","9":"instock","10":"taxable","11":"shipping-taxable","12":"purchasable","13":"product-type-simple"},"_links":{"self":[{"href":"https:\/\/www.ksttukku.fi\/kauppa\/wp-json\/wp\/v2\/product\/6163","targetHints":{"allow":["GET"]}}],"collection":[{"href":"https:\/\/www.ksttukku.fi\/kauppa\/wp-json\/wp\/v2\/product"}],"about":[{"href":"https:\/\/www.ksttukku.fi\/kauppa\/wp-json\/wp\/v2\/types\/product"}],"replies":[{"embeddable":true,"href":"https:\/\/www.ksttukku.fi\/kauppa\/wp-json\/wp\/v2\/comments?post=6163"}],"wp:featuredmedia":[{"embeddable":true,"href":"https:\/\/www.ksttukku.fi\/kauppa\/wp-json\/wp\/v2\/media\/6164"}],"wp:attachment":[{"href":"https:\/\/www.ksttukku.fi\/kauppa\/wp-json\/wp\/v2\/media?parent=6163"}],"wp:term":[{"taxonomy":"product_brand","embeddable":true,"href":"https:\/\/www.ksttukku.fi\/kauppa\/wp-json\/wp\/v2\/product_brand?post=6163"},{"taxonomy":"product_cat","embeddable":true,"href":"https:\/\/www.ksttukku.fi\/kauppa\/wp-json\/wp\/v2\/product_cat?post=6163"},{"taxonomy":"product_tag","embeddable":true,"href":"https:\/\/www.ksttukku.fi\/kauppa\/wp-json\/wp\/v2\/product_tag?post=6163"}],"curies":[{"name":"wp","href":"https:\/\/api.w.org\/{rel}","templated":true}]}}