{"id":6352,"date":"2020-08-28T16:39:13","date_gmt":"2020-08-28T13:39:13","guid":{"rendered":"https:\/\/www.ksttukku.fi\/kauppa\/?post_type=product&#038;p=6352"},"modified":"2020-08-28T16:39:13","modified_gmt":"2020-08-28T13:39:13","slug":"liiketunnistin-kojerasiaan-5-300w-uppo","status":"publish","type":"product","link":"https:\/\/www.ksttukku.fi\/kauppa\/tuote\/liiketunnistin-kojerasiaan-5-300w-uppo\/","title":{"rendered":"Liiketunnistin kojerasiaan 5-300W uppo"},"content":{"rendered":"<p>Liiketunnistin kojerasiaan. 230 V. IP40. Kytkent\u00e4 ilman 0-johdinta, asennuskorkeus 1-2 m. S\u00e4\u00e4d\u00f6t 5\/20 sek tai 1\/5\/30 min. Hehkulamput 5-300 W, 230 V halogeenit 5-300 W. Induktiivinen kuorma 5-150 W, pienloistelamput 5-150 W, led-lamput 5-100 W.<\/p>\n","protected":false},"excerpt":{"rendered":"<p>Liiketunnistin kojerasiaan. 230 V. IP40. Kytkent\u00e4 ilman 0-johdinta, asennuskorkeus 1-2 m. S\u00e4\u00e4d\u00f6t 5\/20 sek tai 1\/5\/30 min. Hehkulamput 5-300 W, 230 V halogeenit 5-300 W. Induktiivinen kuorma 5-150 W, pienloistelamput 5-150 W, led-lamput 5-100 W.<\/p>\n","protected":false},"featured_media":6353,"comment_status":"closed","ping_status":"closed","template":"","meta":[],"product_brand":[],"product_cat":[361,230],"product_tag":[],"class_list":{"0":"post-6352","1":"product","2":"type-product","3":"status-publish","4":"has-post-thumbnail","6":"product_cat-liiketunnistimet","7":"product_cat-sahkotarvikkeet","9":"first","10":"instock","11":"taxable","12":"shipping-taxable","13":"purchasable","14":"product-type-simple"},"_links":{"self":[{"href":"https:\/\/www.ksttukku.fi\/kauppa\/wp-json\/wp\/v2\/product\/6352","targetHints":{"allow":["GET"]}}],"collection":[{"href":"https:\/\/www.ksttukku.fi\/kauppa\/wp-json\/wp\/v2\/product"}],"about":[{"href":"https:\/\/www.ksttukku.fi\/kauppa\/wp-json\/wp\/v2\/types\/product"}],"replies":[{"embeddable":true,"href":"https:\/\/www.ksttukku.fi\/kauppa\/wp-json\/wp\/v2\/comments?post=6352"}],"wp:featuredmedia":[{"embeddable":true,"href":"https:\/\/www.ksttukku.fi\/kauppa\/wp-json\/wp\/v2\/media\/6353"}],"wp:attachment":[{"href":"https:\/\/www.ksttukku.fi\/kauppa\/wp-json\/wp\/v2\/media?parent=6352"}],"wp:term":[{"taxonomy":"product_brand","embeddable":true,"href":"https:\/\/www.ksttukku.fi\/kauppa\/wp-json\/wp\/v2\/product_brand?post=6352"},{"taxonomy":"product_cat","embeddable":true,"href":"https:\/\/www.ksttukku.fi\/kauppa\/wp-json\/wp\/v2\/product_cat?post=6352"},{"taxonomy":"product_tag","embeddable":true,"href":"https:\/\/www.ksttukku.fi\/kauppa\/wp-json\/wp\/v2\/product_tag?post=6352"}],"curies":[{"name":"wp","href":"https:\/\/api.w.org\/{rel}","templated":true}]}}