{"id":6454,"date":"2020-09-17T13:24:03","date_gmt":"2020-09-17T10:24:03","guid":{"rendered":"https:\/\/www.ksttukku.fi\/kauppa\/?post_type=product&#038;p=6454"},"modified":"2020-09-17T13:24:04","modified_gmt":"2020-09-17T10:24:04","slug":"megaman-ledputki-24w-3600lm-150cm-50000h-24kpl","status":"publish","type":"product","link":"https:\/\/www.ksttukku.fi\/kauppa\/tuote\/megaman-ledputki-24w-3600lm-150cm-50000h-24kpl\/","title":{"rendered":"Megaman ledputki 24W 3600lm 150cm 50000h (24kpl)"},"content":{"rendered":"<p><span id=\"data1\" class=\"pt1\">Megaman LED-valoputki T8 (TEHOPUTKI)<br \/>\nJ\u00e4nnite: 220-240 V<br \/>\nTaajuus: 50\/60 Hz<br \/>\nTeho: 24 W<br \/>\nValoteho: 3600 lm<br \/>\nKanta: G13<br \/>\nV\u00e4ril\u00e4mp\u00f6tila: 4000 K<br \/>\nValaisukulma: 330\u00b0<br \/>\nV\u00e4rintoisto: Ra80<br \/>\nTehokerroin: &gt;0.9<br \/>\nPituus: 1513 mm<br \/>\nHalkaisija: 28 mm<br \/>\nElinik\u00e4: ~50.000 tuntia<br \/>\nP\u00e4\u00e4lle-pois: ~100.000 kertaa<br \/>\nK\u00e4ytt\u00f6l\u00e4mp\u00f6tila: -30\u00b0C- +55\u00b0C<br \/>\nEi voi himment\u00e4\u00e4<\/span><\/p>\n","protected":false},"excerpt":{"rendered":"<p>Pakkaus sis\u00e4lt\u00e4\u00e4 Megaman led-tehovaloputken ja led-sytyttimen.<\/p>\n<p>Pakkauksessa 24 kpl ledputkia<\/p>\n","protected":false},"featured_media":6455,"comment_status":"closed","ping_status":"closed","template":"","meta":[],"product_brand":[],"product_cat":[185,262],"product_tag":[],"class_list":{"0":"post-6454","1":"product","2":"type-product","3":"status-publish","4":"has-post-thumbnail","6":"product_cat-lamput","7":"product_cat-tukkupakkaukset","9":"first","10":"instock","11":"taxable","12":"shipping-taxable","13":"purchasable","14":"product-type-simple"},"_links":{"self":[{"href":"https:\/\/www.ksttukku.fi\/kauppa\/wp-json\/wp\/v2\/product\/6454","targetHints":{"allow":["GET"]}}],"collection":[{"href":"https:\/\/www.ksttukku.fi\/kauppa\/wp-json\/wp\/v2\/product"}],"about":[{"href":"https:\/\/www.ksttukku.fi\/kauppa\/wp-json\/wp\/v2\/types\/product"}],"replies":[{"embeddable":true,"href":"https:\/\/www.ksttukku.fi\/kauppa\/wp-json\/wp\/v2\/comments?post=6454"}],"wp:featuredmedia":[{"embeddable":true,"href":"https:\/\/www.ksttukku.fi\/kauppa\/wp-json\/wp\/v2\/media\/6455"}],"wp:attachment":[{"href":"https:\/\/www.ksttukku.fi\/kauppa\/wp-json\/wp\/v2\/media?parent=6454"}],"wp:term":[{"taxonomy":"product_brand","embeddable":true,"href":"https:\/\/www.ksttukku.fi\/kauppa\/wp-json\/wp\/v2\/product_brand?post=6454"},{"taxonomy":"product_cat","embeddable":true,"href":"https:\/\/www.ksttukku.fi\/kauppa\/wp-json\/wp\/v2\/product_cat?post=6454"},{"taxonomy":"product_tag","embeddable":true,"href":"https:\/\/www.ksttukku.fi\/kauppa\/wp-json\/wp\/v2\/product_tag?post=6454"}],"curies":[{"name":"wp","href":"https:\/\/api.w.org\/{rel}","templated":true}]}}