{"id":6576,"date":"2020-10-12T18:05:37","date_gmt":"2020-10-12T15:05:37","guid":{"rendered":"https:\/\/www.ksttukku.fi\/kauppa\/?post_type=product&#038;p=6576"},"modified":"2024-08-16T16:42:34","modified_gmt":"2024-08-16T13:42:34","slug":"ladattava-taskulamppu-10w-400lm","status":"publish","type":"product","link":"https:\/\/www.ksttukku.fi\/kauppa\/tuote\/ladattava-taskulamppu-10w-400lm\/","title":{"rendered":"Ladattava taskulamppu 10W 400lm"},"content":{"rendered":"<p>Ladattava taskulamppu<\/p>\n<p>Teho: 10W<\/p>\n<p>Akku: 1 x 18650 3.7V 1800mAh<\/p>\n<p>Lataustapa: Micro USB-kaapeli<\/p>\n<p>Latausaika: 4 h (Akku latautuu: Punainen valo \/ Akku t\u00e4ynn\u00e4: Vihre\u00e4 valo)<\/p>\n<p>K\u00e4ytt\u00f6aika: 4-5 h<\/p>\n<p>Valovirta: 400 lm<\/p>\n<p>Toiminnot: Kirkas-normaali-himme\u00e4-vilkkuva- SOS<\/p>\n<p>S\u00e4\u00e4dett\u00e4v\u00e4 valokeila (zoom)<\/p>\n<p>Mitat: Pituus 130 mm, halkaisija 30 mm<\/p>\n<p>Materiaali: alumiiniseos<\/p>\n<p>V\u00e4ri: Musta<\/p>\n","protected":false},"excerpt":{"rendered":"<p>Ladattava taskulamppu Teho: 10W Akku: 1 x 18650 3.7V 1800mAh Lataustapa: Micro USB-kaapeli Latausaika: 4 h (Akku latautuu: Punainen valo \/ Akku t\u00e4ynn\u00e4: Vihre\u00e4 valo) K\u00e4ytt\u00f6aika: 4-5 h Valovirta: 400 lm Toiminnot: Kirkas-normaali-himme\u00e4-vilkkuva- SOS S\u00e4\u00e4dett\u00e4v\u00e4 valokeila (zoom) Mitat: Pituus 130 mm, halkaisija 30 mm Materiaali: alumiiniseos V\u00e4ri: Musta<\/p>\n","protected":false},"featured_media":6577,"comment_status":"closed","ping_status":"closed","template":"","meta":[],"product_brand":[],"product_cat":[310,57],"product_tag":[],"class_list":{"0":"post-6576","1":"product","2":"type-product","3":"status-publish","4":"has-post-thumbnail","6":"product_cat-kasivalaisimet","7":"product_cat-retkeily","9":"first","10":"instock","11":"taxable","12":"shipping-taxable","13":"purchasable","14":"product-type-simple"},"_links":{"self":[{"href":"https:\/\/www.ksttukku.fi\/kauppa\/wp-json\/wp\/v2\/product\/6576","targetHints":{"allow":["GET"]}}],"collection":[{"href":"https:\/\/www.ksttukku.fi\/kauppa\/wp-json\/wp\/v2\/product"}],"about":[{"href":"https:\/\/www.ksttukku.fi\/kauppa\/wp-json\/wp\/v2\/types\/product"}],"replies":[{"embeddable":true,"href":"https:\/\/www.ksttukku.fi\/kauppa\/wp-json\/wp\/v2\/comments?post=6576"}],"wp:featuredmedia":[{"embeddable":true,"href":"https:\/\/www.ksttukku.fi\/kauppa\/wp-json\/wp\/v2\/media\/6577"}],"wp:attachment":[{"href":"https:\/\/www.ksttukku.fi\/kauppa\/wp-json\/wp\/v2\/media?parent=6576"}],"wp:term":[{"taxonomy":"product_brand","embeddable":true,"href":"https:\/\/www.ksttukku.fi\/kauppa\/wp-json\/wp\/v2\/product_brand?post=6576"},{"taxonomy":"product_cat","embeddable":true,"href":"https:\/\/www.ksttukku.fi\/kauppa\/wp-json\/wp\/v2\/product_cat?post=6576"},{"taxonomy":"product_tag","embeddable":true,"href":"https:\/\/www.ksttukku.fi\/kauppa\/wp-json\/wp\/v2\/product_tag?post=6576"}],"curies":[{"name":"wp","href":"https:\/\/api.w.org\/{rel}","templated":true}]}}