{"id":6656,"date":"2020-10-29T17:54:22","date_gmt":"2020-10-29T15:54:22","guid":{"rendered":"https:\/\/www.ksttukku.fi\/kauppa\/?post_type=product&#038;p=6656"},"modified":"2021-07-29T12:06:42","modified_gmt":"2021-07-29T09:06:42","slug":"korkea-kaappi-kk35h-harmaa","status":"publish","type":"product","link":"https:\/\/www.ksttukku.fi\/kauppa\/tuote\/korkea-kaappi-kk35h-harmaa\/","title":{"rendered":"Korkea kaappi KK35H harmaa"},"content":{"rendered":"<p>Flexible-sein\u00e4kiinnitys<br \/>\nKorkeakiiltoinen<br \/>\nValmiiksi koottuna<br \/>\nSoft Close ovi<br \/>\nK\u00e4tisyys vaihdettavissa<br \/>\nNelj\u00e4 hylly\u00e4<\/p>\n<p>Leveys 350 mm<br \/>\nSyvyys 300 mm<br \/>\nKorkeus 1600 mm<\/p>\n","protected":false},"excerpt":{"rendered":"<p>Flexible-sein\u00e4kiinnitys Korkeakiiltoinen Valmiiksi koottuna Soft Close ovi K\u00e4tisyys vaihdettavissa Nelj\u00e4 hylly\u00e4 Leveys 350 mm Syvyys 300 mm Korkeus 1600 mm<\/p>\n","protected":false},"featured_media":6657,"comment_status":"closed","ping_status":"closed","template":"","meta":[],"product_brand":[],"product_cat":[151,150],"product_tag":[],"class_list":{"0":"post-6656","1":"product","2":"type-product","3":"status-publish","4":"has-post-thumbnail","6":"product_cat-kalusteet","7":"product_cat-kylpyhuone","9":"first","10":"instock","11":"taxable","12":"shipping-taxable","13":"purchasable","14":"product-type-simple"},"_links":{"self":[{"href":"https:\/\/www.ksttukku.fi\/kauppa\/wp-json\/wp\/v2\/product\/6656","targetHints":{"allow":["GET"]}}],"collection":[{"href":"https:\/\/www.ksttukku.fi\/kauppa\/wp-json\/wp\/v2\/product"}],"about":[{"href":"https:\/\/www.ksttukku.fi\/kauppa\/wp-json\/wp\/v2\/types\/product"}],"replies":[{"embeddable":true,"href":"https:\/\/www.ksttukku.fi\/kauppa\/wp-json\/wp\/v2\/comments?post=6656"}],"wp:featuredmedia":[{"embeddable":true,"href":"https:\/\/www.ksttukku.fi\/kauppa\/wp-json\/wp\/v2\/media\/6657"}],"wp:attachment":[{"href":"https:\/\/www.ksttukku.fi\/kauppa\/wp-json\/wp\/v2\/media?parent=6656"}],"wp:term":[{"taxonomy":"product_brand","embeddable":true,"href":"https:\/\/www.ksttukku.fi\/kauppa\/wp-json\/wp\/v2\/product_brand?post=6656"},{"taxonomy":"product_cat","embeddable":true,"href":"https:\/\/www.ksttukku.fi\/kauppa\/wp-json\/wp\/v2\/product_cat?post=6656"},{"taxonomy":"product_tag","embeddable":true,"href":"https:\/\/www.ksttukku.fi\/kauppa\/wp-json\/wp\/v2\/product_tag?post=6656"}],"curies":[{"name":"wp","href":"https:\/\/api.w.org\/{rel}","templated":true}]}}