{"id":6693,"date":"2020-11-06T17:49:51","date_gmt":"2020-11-06T15:49:51","guid":{"rendered":"https:\/\/www.ksttukku.fi\/kauppa\/?post_type=product&#038;p=6693"},"modified":"2025-07-01T15:49:57","modified_gmt":"2025-07-01T12:49:57","slug":"komposiittilevy-tumman-harmaa-harjattu-hopea-610x1490x3mm","status":"publish","type":"product","link":"https:\/\/www.ksttukku.fi\/kauppa\/tuote\/komposiittilevy-tumman-harmaa-harjattu-hopea-610x1490x3mm\/","title":{"rendered":"Komposiittilevy tumman harmaa \/ harjattu hopea 610x1490x3mm"},"content":{"rendered":"<p><span class=\"selaus_tuotetarkenne\">Kaksipuoleinen komposiitti sisustuslevy on 3 mm vahvaa, jossa molemmin puolin alumiinikerros. <\/span><\/p>\n<p>Sopii esim. keitti\u00f6n kaapistojen v\u00e4litilaan, kodinhoitohuoneeseen, tehostesein\u00e4ksi, sisustamiseen ja somistamiseen<\/p>\n<p><span class=\"selaus_tuotetarkenne\">L\u00e4mm\u00f6nkest\u00e4vyys 103\u00b0C<br \/>\n<\/span><\/p>\n<p>100% vedenkest\u00e4v\u00e4<\/p>\n<p>Komposiittilevy\u00e4 on helppo ty\u00f6st\u00e4\u00e4, taivuttaa ja leikata. Se sopii ominaisuuksiensa ansiosta kaikkiin kohteisiin niin sis\u00e4lle kuin ulos.<\/p>\n","protected":false},"excerpt":{"rendered":"<p>Kaksipuoleinen komposiitti sisustuslevy on 3 mm vahvaa, jossa molemmin puolin alumiinikerros. Sopii esim. keitti\u00f6n kaapistojen v\u00e4litilaan, kodinhoitohuoneeseen, tehostesein\u00e4ksi, sisustamiseen ja somistamiseen L\u00e4mm\u00f6nkest\u00e4vyys 103\u00b0C 100% vedenkest\u00e4v\u00e4 Komposiittilevy\u00e4 on helppo ty\u00f6st\u00e4\u00e4, taivuttaa ja leikata. Se sopii ominaisuuksiensa ansiosta kaikkiin kohteisiin niin sis\u00e4lle kuin ulos.<\/p>\n","protected":false},"featured_media":6695,"comment_status":"closed","ping_status":"closed","template":"","meta":[],"product_brand":[],"product_cat":[245,373],"product_tag":[],"class_list":{"0":"post-6693","1":"product","2":"type-product","3":"status-publish","4":"has-post-thumbnail","6":"product_cat-sisustuslevyt","7":"product_cat-stocksund-komposiittilevyt","9":"first","10":"outofstock","11":"taxable","12":"shipping-taxable","13":"purchasable","14":"product-type-simple"},"_links":{"self":[{"href":"https:\/\/www.ksttukku.fi\/kauppa\/wp-json\/wp\/v2\/product\/6693","targetHints":{"allow":["GET"]}}],"collection":[{"href":"https:\/\/www.ksttukku.fi\/kauppa\/wp-json\/wp\/v2\/product"}],"about":[{"href":"https:\/\/www.ksttukku.fi\/kauppa\/wp-json\/wp\/v2\/types\/product"}],"replies":[{"embeddable":true,"href":"https:\/\/www.ksttukku.fi\/kauppa\/wp-json\/wp\/v2\/comments?post=6693"}],"wp:featuredmedia":[{"embeddable":true,"href":"https:\/\/www.ksttukku.fi\/kauppa\/wp-json\/wp\/v2\/media\/6695"}],"wp:attachment":[{"href":"https:\/\/www.ksttukku.fi\/kauppa\/wp-json\/wp\/v2\/media?parent=6693"}],"wp:term":[{"taxonomy":"product_brand","embeddable":true,"href":"https:\/\/www.ksttukku.fi\/kauppa\/wp-json\/wp\/v2\/product_brand?post=6693"},{"taxonomy":"product_cat","embeddable":true,"href":"https:\/\/www.ksttukku.fi\/kauppa\/wp-json\/wp\/v2\/product_cat?post=6693"},{"taxonomy":"product_tag","embeddable":true,"href":"https:\/\/www.ksttukku.fi\/kauppa\/wp-json\/wp\/v2\/product_tag?post=6693"}],"curies":[{"name":"wp","href":"https:\/\/api.w.org\/{rel}","templated":true}]}}