{"id":6863,"date":"2020-12-11T17:59:31","date_gmt":"2020-12-11T15:59:31","guid":{"rendered":"https:\/\/www.ksttukku.fi\/kauppa\/?post_type=product&#038;p=6863"},"modified":"2024-11-06T12:20:20","modified_gmt":"2024-11-06T10:20:20","slug":"led-suurteholamppu-e27-28w-3200lm-4000k","status":"publish","type":"product","link":"https:\/\/www.ksttukku.fi\/kauppa\/tuote\/led-suurteholamppu-e27-28w-3200lm-4000k\/","title":{"rendered":"Led-suurteholamppu E27 28W 3200lm 4000K"},"content":{"rendered":"<p>Suurteho LED lamppu. Sopii mm. elohopealampun korvaajaksi.<br \/>\nIP44. E27, 28W, 4000K, 3200lm, 80Ra.<br \/>\nPaloaika 20 000 h, sytytyskertoja 10 000.<br \/>\nSyttymisaika &lt;1 s.<br \/>\nEnergialuokka A+.<br \/>\nK\u00e4ytt\u00f6l\u00e4mp\u00f6tila -20\u00b0 &#8211; +40\u00b0C.<br \/>\n220-240V AC.<\/p>\n<p>Mitat: 17.8 cm x 7.9 cm x 7.9 cm<\/p>\n","protected":false},"excerpt":{"rendered":"<p>Suurteho LED lamppu. Sopii mm. elohopealampun korvaajaksi. IP44. E27, 28W, 4000K, 3200lm, 80Ra. Paloaika 20 000 h, sytytyskertoja 10 000. Syttymisaika &lt;1 s. Energialuokka A+. K\u00e4ytt\u00f6l\u00e4mp\u00f6tila -20\u00b0 &#8211; +40\u00b0C. 220-240V AC. Mitat: 17.8 cm x 7.9 cm x 7.9 cm<\/p>\n","protected":false},"featured_media":6865,"comment_status":"closed","ping_status":"closed","template":"","meta":[],"product_brand":[],"product_cat":[185,189],"product_tag":[],"class_list":{"0":"post-6863","1":"product","2":"type-product","3":"status-publish","4":"has-post-thumbnail","6":"product_cat-lamput","7":"product_cat-muut-ledlamput","9":"first","10":"instock","11":"taxable","12":"shipping-taxable","13":"purchasable","14":"product-type-simple"},"_links":{"self":[{"href":"https:\/\/www.ksttukku.fi\/kauppa\/wp-json\/wp\/v2\/product\/6863","targetHints":{"allow":["GET"]}}],"collection":[{"href":"https:\/\/www.ksttukku.fi\/kauppa\/wp-json\/wp\/v2\/product"}],"about":[{"href":"https:\/\/www.ksttukku.fi\/kauppa\/wp-json\/wp\/v2\/types\/product"}],"replies":[{"embeddable":true,"href":"https:\/\/www.ksttukku.fi\/kauppa\/wp-json\/wp\/v2\/comments?post=6863"}],"wp:featuredmedia":[{"embeddable":true,"href":"https:\/\/www.ksttukku.fi\/kauppa\/wp-json\/wp\/v2\/media\/6865"}],"wp:attachment":[{"href":"https:\/\/www.ksttukku.fi\/kauppa\/wp-json\/wp\/v2\/media?parent=6863"}],"wp:term":[{"taxonomy":"product_brand","embeddable":true,"href":"https:\/\/www.ksttukku.fi\/kauppa\/wp-json\/wp\/v2\/product_brand?post=6863"},{"taxonomy":"product_cat","embeddable":true,"href":"https:\/\/www.ksttukku.fi\/kauppa\/wp-json\/wp\/v2\/product_cat?post=6863"},{"taxonomy":"product_tag","embeddable":true,"href":"https:\/\/www.ksttukku.fi\/kauppa\/wp-json\/wp\/v2\/product_tag?post=6863"}],"curies":[{"name":"wp","href":"https:\/\/api.w.org\/{rel}","templated":true}]}}