{"id":6893,"date":"2020-12-19T15:52:30","date_gmt":"2020-12-19T13:52:30","guid":{"rendered":"https:\/\/www.ksttukku.fi\/kauppa\/?post_type=product&#038;p=6893"},"modified":"2020-12-19T15:52:31","modified_gmt":"2020-12-19T13:52:31","slug":"oja-square-kattovalaisin-ip54-145w-1600lm","status":"publish","type":"product","link":"https:\/\/www.ksttukku.fi\/kauppa\/tuote\/oja-square-kattovalaisin-ip54-145w-1600lm\/","title":{"rendered":"Oja Square kattovalaisin IP54 14,5W 1600lm"},"content":{"rendered":"<p>Valkoinen kattoplafondi muovia. Sopii kylpyhuoneeseen.<br \/>\nIP54, luokka 2. Kiinte\u00e4 LED 14,5W, 1600 lm, 3000K\/4000K, Ra 80, 120\u00ba.<br \/>\nPaloaika n. 30 000 h.<br \/>\n3-Step Moodmaker 3000K\/4000K\/y\u00f6valo 20% 3000K, toimii tavallisella<br \/>\nvalokatkaisijalla.<br \/>\nMukana kromin v\u00e4rinen kehys.<br \/>\n5 vuoden LED-takuu.<\/p>\n","protected":false},"excerpt":{"rendered":"<p>Valon v\u00e4ril\u00e4mp\u00f6tila vaihdettavissa 3000 K \/ 4000 K<\/p>\n","protected":false},"featured_media":6899,"comment_status":"closed","ping_status":"closed","template":"","meta":[],"product_brand":[],"product_cat":[48,35,34],"product_tag":[],"class_list":{"0":"post-6893","1":"product","2":"type-product","3":"status-publish","4":"has-post-thumbnail","6":"product_cat-kosteantilanvalaisimet","7":"product_cat-sisavalaisimet","8":"product_cat-valaisimet","10":"first","11":"instock","12":"taxable","13":"shipping-taxable","14":"purchasable","15":"product-type-simple"},"_links":{"self":[{"href":"https:\/\/www.ksttukku.fi\/kauppa\/wp-json\/wp\/v2\/product\/6893","targetHints":{"allow":["GET"]}}],"collection":[{"href":"https:\/\/www.ksttukku.fi\/kauppa\/wp-json\/wp\/v2\/product"}],"about":[{"href":"https:\/\/www.ksttukku.fi\/kauppa\/wp-json\/wp\/v2\/types\/product"}],"replies":[{"embeddable":true,"href":"https:\/\/www.ksttukku.fi\/kauppa\/wp-json\/wp\/v2\/comments?post=6893"}],"wp:featuredmedia":[{"embeddable":true,"href":"https:\/\/www.ksttukku.fi\/kauppa\/wp-json\/wp\/v2\/media\/6899"}],"wp:attachment":[{"href":"https:\/\/www.ksttukku.fi\/kauppa\/wp-json\/wp\/v2\/media?parent=6893"}],"wp:term":[{"taxonomy":"product_brand","embeddable":true,"href":"https:\/\/www.ksttukku.fi\/kauppa\/wp-json\/wp\/v2\/product_brand?post=6893"},{"taxonomy":"product_cat","embeddable":true,"href":"https:\/\/www.ksttukku.fi\/kauppa\/wp-json\/wp\/v2\/product_cat?post=6893"},{"taxonomy":"product_tag","embeddable":true,"href":"https:\/\/www.ksttukku.fi\/kauppa\/wp-json\/wp\/v2\/product_tag?post=6893"}],"curies":[{"name":"wp","href":"https:\/\/api.w.org\/{rel}","templated":true}]}}