{"id":6985,"date":"2021-01-08T17:53:11","date_gmt":"2021-01-08T15:53:11","guid":{"rendered":"https:\/\/www.ksttukku.fi\/kauppa\/?post_type=product&#038;p=6985"},"modified":"2022-11-22T18:29:27","modified_gmt":"2022-11-22T16:29:27","slug":"hallivalaisin-100w-9600lm-ip44","status":"publish","type":"product","link":"https:\/\/www.ksttukku.fi\/kauppa\/tuote\/hallivalaisin-100w-9600lm-ip44\/","title":{"rendered":"Hallivalaisin 100W 9600lm IP44"},"content":{"rendered":"<p><span id=\"data1\" class=\"pt1\">J\u00e4nnite: 220-240 V ~50 Hz<br \/>\nTeho: 100 W<br \/>\nValoteho: 9600 lm<br \/>\nPF&gt; 0.9<br \/>\nV\u00e4ril\u00e4mp\u00f6tila: 4000 K<br \/>\nValaisukulma: 115\u02da<br \/>\nKotelointiluokka: IP44<br \/>\nMateriaali: Alumiini<br \/>\nTuotteen mitat: \u00d8 280 x 95 mm<br \/>\nRipustusketju: 1,5 m<br \/>\nPistotulppajohdon pituus: 2 m<\/span><\/p>\n<p>Takuu 2 vuotta<\/p>\n","protected":false},"excerpt":{"rendered":"<p>Ripustettava UFO-hallivalaisin (syv\u00e4s\u00e4teilij\u00e4) valaisee tehokkaasti korkeankin varasto- tai hallitilan.<\/p>\n","protected":false},"featured_media":6986,"comment_status":"closed","ping_status":"closed","template":"","meta":[],"product_brand":[],"product_cat":[61],"product_tag":[],"class_list":{"0":"post-6985","1":"product","2":"type-product","3":"status-publish","4":"has-post-thumbnail","6":"product_cat-yleisvalaisimet","8":"first","9":"instock","10":"sale","11":"taxable","12":"shipping-taxable","13":"purchasable","14":"product-type-simple"},"_links":{"self":[{"href":"https:\/\/www.ksttukku.fi\/kauppa\/wp-json\/wp\/v2\/product\/6985","targetHints":{"allow":["GET"]}}],"collection":[{"href":"https:\/\/www.ksttukku.fi\/kauppa\/wp-json\/wp\/v2\/product"}],"about":[{"href":"https:\/\/www.ksttukku.fi\/kauppa\/wp-json\/wp\/v2\/types\/product"}],"replies":[{"embeddable":true,"href":"https:\/\/www.ksttukku.fi\/kauppa\/wp-json\/wp\/v2\/comments?post=6985"}],"wp:featuredmedia":[{"embeddable":true,"href":"https:\/\/www.ksttukku.fi\/kauppa\/wp-json\/wp\/v2\/media\/6986"}],"wp:attachment":[{"href":"https:\/\/www.ksttukku.fi\/kauppa\/wp-json\/wp\/v2\/media?parent=6985"}],"wp:term":[{"taxonomy":"product_brand","embeddable":true,"href":"https:\/\/www.ksttukku.fi\/kauppa\/wp-json\/wp\/v2\/product_brand?post=6985"},{"taxonomy":"product_cat","embeddable":true,"href":"https:\/\/www.ksttukku.fi\/kauppa\/wp-json\/wp\/v2\/product_cat?post=6985"},{"taxonomy":"product_tag","embeddable":true,"href":"https:\/\/www.ksttukku.fi\/kauppa\/wp-json\/wp\/v2\/product_tag?post=6985"}],"curies":[{"name":"wp","href":"https:\/\/api.w.org\/{rel}","templated":true}]}}