{"id":7130,"date":"2021-02-22T18:08:38","date_gmt":"2021-02-22T16:08:38","guid":{"rendered":"https:\/\/www.ksttukku.fi\/kauppa\/?post_type=product&#038;p=7130"},"modified":"2026-03-20T12:39:58","modified_gmt":"2026-03-20T10:39:58","slug":"keittiohana-visa-pesukoneliitannalla","status":"publish","type":"product","link":"https:\/\/www.ksttukku.fi\/kauppa\/tuote\/keittiohana-visa-pesukoneliitannalla\/","title":{"rendered":"Keitti\u00f6hana Visa pesukoneliit\u00e4nn\u00e4ll\u00e4"},"content":{"rendered":"<p><span id=\"data1\" class=\"pt1\">K\u00e4\u00e4ntyv\u00e4 juoksutusputki<br \/>\nPesukoneventtiili<br \/>\nMessinkirunko<br \/>\nKromattu sinkkikahva<br \/>\nEN248 kromaus (NSS 200h)<br \/>\n40 mm keraaminen s\u00e4\u00e4t\u00f6osa<br \/>\nJoustavat liit\u00e4nt\u00e4putket (2&#215;40 cm x 3\/8&#8243; + 1&#215;35 cm x 1\/2&#8243;)<br \/>\nT\u00e4ydellinen kiinnityssarja<br \/>\n\u00c4\u00e4nitasoluokka 2<\/span><\/p>\n<p>STF-tyyppihyv\u00e4ksynt\u00e4 19-002848-TH<br \/>\nTakuu 5 vuotta<\/p>\n","protected":false},"excerpt":{"rendered":"<p>Laadukas STF-tyyppihyv\u00e4ksytty VISA keitti\u00f6hana pesukoneventtiilill\u00e4 keitti\u00f6\u00f6n ja kodinhoitohuoneeseen. Hanassa on t\u00e4ysmetallinen runko, kahva ja vaihdin. Joustavien liit\u00e4nt\u00e4putkien ansiosta hana on my\u00f6s helppo ja nopea asentaa.<\/p>\n","protected":false},"featured_media":7131,"comment_status":"closed","ping_status":"closed","template":"","meta":[],"product_brand":[],"product_cat":[374],"product_tag":[],"class_list":{"0":"post-7130","1":"product","2":"type-product","3":"status-publish","4":"has-post-thumbnail","6":"product_cat-hanat","8":"first","9":"instock","10":"taxable","11":"shipping-taxable","12":"purchasable","13":"product-type-simple"},"_links":{"self":[{"href":"https:\/\/www.ksttukku.fi\/kauppa\/wp-json\/wp\/v2\/product\/7130","targetHints":{"allow":["GET"]}}],"collection":[{"href":"https:\/\/www.ksttukku.fi\/kauppa\/wp-json\/wp\/v2\/product"}],"about":[{"href":"https:\/\/www.ksttukku.fi\/kauppa\/wp-json\/wp\/v2\/types\/product"}],"replies":[{"embeddable":true,"href":"https:\/\/www.ksttukku.fi\/kauppa\/wp-json\/wp\/v2\/comments?post=7130"}],"wp:featuredmedia":[{"embeddable":true,"href":"https:\/\/www.ksttukku.fi\/kauppa\/wp-json\/wp\/v2\/media\/7131"}],"wp:attachment":[{"href":"https:\/\/www.ksttukku.fi\/kauppa\/wp-json\/wp\/v2\/media?parent=7130"}],"wp:term":[{"taxonomy":"product_brand","embeddable":true,"href":"https:\/\/www.ksttukku.fi\/kauppa\/wp-json\/wp\/v2\/product_brand?post=7130"},{"taxonomy":"product_cat","embeddable":true,"href":"https:\/\/www.ksttukku.fi\/kauppa\/wp-json\/wp\/v2\/product_cat?post=7130"},{"taxonomy":"product_tag","embeddable":true,"href":"https:\/\/www.ksttukku.fi\/kauppa\/wp-json\/wp\/v2\/product_tag?post=7130"}],"curies":[{"name":"wp","href":"https:\/\/api.w.org\/{rel}","templated":true}]}}