{"id":7558,"date":"2021-05-27T14:39:02","date_gmt":"2021-05-27T11:39:02","guid":{"rendered":"https:\/\/www.ksttukku.fi\/kauppa\/?post_type=product&#038;p=7558"},"modified":"2021-05-27T14:44:46","modified_gmt":"2021-05-27T11:44:46","slug":"thermacell-mini-halo-valkoinen","status":"publish","type":"product","link":"https:\/\/www.ksttukku.fi\/kauppa\/tuote\/thermacell-mini-halo-valkoinen\/","title":{"rendered":"Thermacell Mini Halo valkoinen"},"content":{"rendered":"<div class=\"views-field views-field-body\">\n<div class=\"field-content\">\n<p>Kompaktin ja tyylikk\u00e4\u00e4n muotoilunsa ansiosta Thermacell\u00a0Mini Halo n\u00e4ytt\u00e4\u00e4 hyv\u00e4lt\u00e4 mill\u00e4 tahansa terassilla. Laite\u00a0torjuu hyttyset tehokkaasti ja huomaamattomasti.<\/p>\n<p>Thermacell suojaa hyttysilt\u00e4 ilman voiteita ja suihkeita \u00e4\u00e4nett\u00f6m\u00e4sti ja l\u00e4hes hajuttomasti. Ei sis\u00e4ll\u00e4\u00a0DEET:t\u00e4.<\/p>\n<p>Tyylik\u00e4s Thermacell Mini Halo sopii hyvin terassille\u00a0ja patiolle\u00a0niin kotona kuin m\u00f6kill\u00e4. Ihanteellinen illanviettoihin. Johdoton, kevyt, siirrett\u00e4v\u00e4.<\/p>\n<p>Vuoden takuu.<\/p>\n<\/div>\n<\/div>\n","protected":false},"excerpt":{"rendered":"<p>Kompaktin ja tyylikk\u00e4\u00e4n muotoilunsa ansiosta Thermacell\u00a0Mini Halo n\u00e4ytt\u00e4\u00e4 hyv\u00e4lt\u00e4 mill\u00e4 tahansa terassilla. Laite\u00a0torjuu hyttyset tehokkaasti ja huomaamattomasti. Thermacell suojaa hyttysilt\u00e4 ilman voiteita ja suihkeita \u00e4\u00e4nett\u00f6m\u00e4sti ja l\u00e4hes hajuttomasti. Ei sis\u00e4ll\u00e4\u00a0DEET:t\u00e4. Tyylik\u00e4s Thermacell Mini Halo sopii hyvin terassille\u00a0ja patiolle\u00a0niin kotona kuin m\u00f6kill\u00e4. Ihanteellinen illanviettoihin. Johdoton, kevyt, siirrett\u00e4v\u00e4. Vuoden takuu.<\/p>\n","protected":false},"featured_media":7559,"comment_status":"closed","ping_status":"closed","template":"","meta":[],"product_brand":[],"product_cat":[132,351,57],"product_tag":[407,406,405],"class_list":{"0":"post-7558","1":"product","2":"type-product","3":"status-publish","4":"has-post-thumbnail","6":"product_cat-grillit-ja-grillausarvikkeet","7":"product_cat-hyttysansat-ja-karkottimet","8":"product_cat-retkeily","9":"product_tag-hyttysansa","10":"product_tag-hyttyset","11":"product_tag-hyttyskarkotin","13":"first","14":"instock","15":"taxable","16":"shipping-taxable","17":"purchasable","18":"product-type-simple"},"_links":{"self":[{"href":"https:\/\/www.ksttukku.fi\/kauppa\/wp-json\/wp\/v2\/product\/7558","targetHints":{"allow":["GET"]}}],"collection":[{"href":"https:\/\/www.ksttukku.fi\/kauppa\/wp-json\/wp\/v2\/product"}],"about":[{"href":"https:\/\/www.ksttukku.fi\/kauppa\/wp-json\/wp\/v2\/types\/product"}],"replies":[{"embeddable":true,"href":"https:\/\/www.ksttukku.fi\/kauppa\/wp-json\/wp\/v2\/comments?post=7558"}],"wp:featuredmedia":[{"embeddable":true,"href":"https:\/\/www.ksttukku.fi\/kauppa\/wp-json\/wp\/v2\/media\/7559"}],"wp:attachment":[{"href":"https:\/\/www.ksttukku.fi\/kauppa\/wp-json\/wp\/v2\/media?parent=7558"}],"wp:term":[{"taxonomy":"product_brand","embeddable":true,"href":"https:\/\/www.ksttukku.fi\/kauppa\/wp-json\/wp\/v2\/product_brand?post=7558"},{"taxonomy":"product_cat","embeddable":true,"href":"https:\/\/www.ksttukku.fi\/kauppa\/wp-json\/wp\/v2\/product_cat?post=7558"},{"taxonomy":"product_tag","embeddable":true,"href":"https:\/\/www.ksttukku.fi\/kauppa\/wp-json\/wp\/v2\/product_tag?post=7558"}],"curies":[{"name":"wp","href":"https:\/\/api.w.org\/{rel}","templated":true}]}}