{"id":7591,"date":"2021-05-28T10:43:25","date_gmt":"2021-05-28T07:43:25","guid":{"rendered":"https:\/\/www.ksttukku.fi\/kauppa\/?post_type=product&#038;p=7591"},"modified":"2021-05-28T10:43:27","modified_gmt":"2021-05-28T07:43:27","slug":"ampiaiskarkotin","status":"publish","type":"product","link":"https:\/\/www.ksttukku.fi\/kauppa\/tuote\/ampiaiskarkotin\/","title":{"rendered":"Ampiaiskarkotin"},"content":{"rendered":"<div class=\"entry-content content\">\n<p>\u00d6t\u00f6kk\u00e4 ampiaiskarkotin on ampiaispelote, joka muistuttaa vihollisen pes\u00e4\u00e4 ja pelottaa ampiaiset tiehens\u00e4. Se ei ker\u00e4\u00e4 tai tapa ampiaisia, vaan pit\u00e4\u00e4 ne loitolla.<\/p>\n<p>Karkotin ei sis\u00e4ll\u00e4 kemikaaleja tai myrkkyj\u00e4, joten se ei vahingoita ymp\u00e4rist\u00f6\u00e4 eik\u00e4 h\u00e4iritse puutarhan ekosysteemi\u00e4. Se on helppo ottaa mukaan ja k\u00e4ytt\u00e4\u00e4 esimerkiksi puutarhassa, aurinkovarjon ja puiden alla, lasten leikkipuistoissa, retkill\u00e4 tai rannalla. Karkottimen vaikutusalue on noin 6 metri\u00e4. Ampiaiskarkotin ei vaikuta mehil\u00e4isiin.<\/p>\n<\/div>\n<div class=\"product-details\">\n<h4>Tuotetiedot<\/h4>\n<ul>\n<li><strong>V\u00e4ri:<\/strong> Harmaa<\/li>\n<li><strong>Vaikutusalue:<\/strong> Noin 6 metri\u00e4<\/li>\n<\/ul>\n<\/div>\n","protected":false},"excerpt":{"rendered":"<p>\u00d6t\u00f6kk\u00e4 ampiaiskarkotin on ampiaispelote, joka muistuttaa vihollisen pes\u00e4\u00e4 ja pelottaa ampiaiset tiehens\u00e4. Se ei ker\u00e4\u00e4 tai tapa ampiaisia, vaan pit\u00e4\u00e4 ne loitolla. Karkotin ei sis\u00e4ll\u00e4 kemikaaleja tai myrkkyj\u00e4, joten se ei vahingoita ymp\u00e4rist\u00f6\u00e4 eik\u00e4 h\u00e4iritse puutarhan ekosysteemi\u00e4. Se on helppo ottaa mukaan ja k\u00e4ytt\u00e4\u00e4 esimerkiksi puutarhassa, aurinkovarjon ja puiden alla, lasten leikkipuistoissa, retkill\u00e4 tai rannalla. [&hellip;]<\/p>\n","protected":false},"featured_media":7592,"comment_status":"closed","ping_status":"closed","template":"","meta":[],"product_brand":[],"product_cat":[351],"product_tag":[410,411],"class_list":{"0":"post-7591","1":"product","2":"type-product","3":"status-publish","4":"has-post-thumbnail","6":"product_cat-hyttysansat-ja-karkottimet","7":"product_tag-ampiainen","8":"product_tag-karkotin","10":"first","11":"instock","12":"taxable","13":"shipping-taxable","14":"purchasable","15":"product-type-simple"},"_links":{"self":[{"href":"https:\/\/www.ksttukku.fi\/kauppa\/wp-json\/wp\/v2\/product\/7591","targetHints":{"allow":["GET"]}}],"collection":[{"href":"https:\/\/www.ksttukku.fi\/kauppa\/wp-json\/wp\/v2\/product"}],"about":[{"href":"https:\/\/www.ksttukku.fi\/kauppa\/wp-json\/wp\/v2\/types\/product"}],"replies":[{"embeddable":true,"href":"https:\/\/www.ksttukku.fi\/kauppa\/wp-json\/wp\/v2\/comments?post=7591"}],"wp:featuredmedia":[{"embeddable":true,"href":"https:\/\/www.ksttukku.fi\/kauppa\/wp-json\/wp\/v2\/media\/7592"}],"wp:attachment":[{"href":"https:\/\/www.ksttukku.fi\/kauppa\/wp-json\/wp\/v2\/media?parent=7591"}],"wp:term":[{"taxonomy":"product_brand","embeddable":true,"href":"https:\/\/www.ksttukku.fi\/kauppa\/wp-json\/wp\/v2\/product_brand?post=7591"},{"taxonomy":"product_cat","embeddable":true,"href":"https:\/\/www.ksttukku.fi\/kauppa\/wp-json\/wp\/v2\/product_cat?post=7591"},{"taxonomy":"product_tag","embeddable":true,"href":"https:\/\/www.ksttukku.fi\/kauppa\/wp-json\/wp\/v2\/product_tag?post=7591"}],"curies":[{"name":"wp","href":"https:\/\/api.w.org\/{rel}","templated":true}]}}