{"id":7669,"date":"2021-05-31T17:15:13","date_gmt":"2021-05-31T14:15:13","guid":{"rendered":"https:\/\/www.ksttukku.fi\/kauppa\/?post_type=product&#038;p=7669"},"modified":"2024-02-19T10:57:12","modified_gmt":"2024-02-19T08:57:12","slug":"rullakaihdin-polar-kangas-valkoinen-pimentava-2","status":"publish","type":"product","link":"https:\/\/www.ksttukku.fi\/kauppa\/tuote\/rullakaihdin-polar-kangas-valkoinen-pimentava-2\/","title":{"rendered":"Rullakaihdin  Polar-kangas \/ valkoinen \/ piment\u00e4v\u00e4 100cm"},"content":{"rendered":"<p>Piment\u00e4v\u00e4 rullaverho, pakkaus sis\u00e4lt\u00e4\u00e4 kannakkeet ja kiinnikkeet.<\/p>\n<p>HUOM! Leveys on kaihtimen kankaan leveys, kokonaisleveys on + 5 cm.<\/p>\n<ul>\n<li>Piment\u00e4viss\u00e4 Polar-rullakaihtimissa on v\u00e4rivaihtoehtoina valkoinen, luonnonvalkoinen, harmaa ja musta.<\/li>\n<li>Kauniin harmoniset, yksiv\u00e4riset s\u00e4vyt.<\/li>\n<li>Polar-kankaassa t\u00e4ysin piment\u00e4v\u00e4 valkoinen tausta, pl. harmaa, jossa samans\u00e4vyin tausta kankaan kanssa.<\/li>\n<li>Valkoinen v\u00e4ri heijastaa tutkitusti parhaiten auringonvalon takaisin.<\/li>\n<li>Kaihtimissa on lapsiturvalaite, joka est\u00e4\u00e4 narun kiertymisen lapsen kaulaan.<\/li>\n<li>Korkeus 180 cm.<\/li>\n<\/ul>\n","protected":false},"excerpt":{"rendered":"<p>Piment\u00e4v\u00e4 rullaverho, pakkaus sis\u00e4lt\u00e4\u00e4 kannakkeet ja kiinnikkeet. HUOM! Leveys on kaihtimen kankaan leveys, kokonaisleveys on + 5 cm. Piment\u00e4viss\u00e4 Polar-rullakaihtimissa on v\u00e4rivaihtoehtoina valkoinen, luonnonvalkoinen, harmaa ja musta. Kauniin harmoniset, yksiv\u00e4riset s\u00e4vyt. Polar-kankaassa t\u00e4ysin piment\u00e4v\u00e4 valkoinen tausta, pl. harmaa, jossa samans\u00e4vyin tausta kankaan kanssa. Valkoinen v\u00e4ri heijastaa tutkitusti parhaiten auringonvalon takaisin. Kaihtimissa on lapsiturvalaite, joka est\u00e4\u00e4 [&hellip;]<\/p>\n","protected":false},"featured_media":7677,"comment_status":"closed","ping_status":"closed","template":"","meta":[],"product_brand":[],"product_cat":[104,111,112],"product_tag":[],"class_list":{"0":"post-7669","1":"product","2":"type-product","3":"status-publish","4":"has-post-thumbnail","6":"product_cat-kaihtimet-ja-verhotangot","7":"product_cat-pimennyskaihdin","8":"product_cat-rullakaihdin","10":"first","11":"outofstock","12":"taxable","13":"shipping-taxable","14":"product-type-variable"},"_links":{"self":[{"href":"https:\/\/www.ksttukku.fi\/kauppa\/wp-json\/wp\/v2\/product\/7669","targetHints":{"allow":["GET"]}}],"collection":[{"href":"https:\/\/www.ksttukku.fi\/kauppa\/wp-json\/wp\/v2\/product"}],"about":[{"href":"https:\/\/www.ksttukku.fi\/kauppa\/wp-json\/wp\/v2\/types\/product"}],"replies":[{"embeddable":true,"href":"https:\/\/www.ksttukku.fi\/kauppa\/wp-json\/wp\/v2\/comments?post=7669"}],"wp:featuredmedia":[{"embeddable":true,"href":"https:\/\/www.ksttukku.fi\/kauppa\/wp-json\/wp\/v2\/media\/7677"}],"wp:attachment":[{"href":"https:\/\/www.ksttukku.fi\/kauppa\/wp-json\/wp\/v2\/media?parent=7669"}],"wp:term":[{"taxonomy":"product_brand","embeddable":true,"href":"https:\/\/www.ksttukku.fi\/kauppa\/wp-json\/wp\/v2\/product_brand?post=7669"},{"taxonomy":"product_cat","embeddable":true,"href":"https:\/\/www.ksttukku.fi\/kauppa\/wp-json\/wp\/v2\/product_cat?post=7669"},{"taxonomy":"product_tag","embeddable":true,"href":"https:\/\/www.ksttukku.fi\/kauppa\/wp-json\/wp\/v2\/product_tag?post=7669"}],"curies":[{"name":"wp","href":"https:\/\/api.w.org\/{rel}","templated":true}]}}