{"id":7874,"date":"2021-06-17T14:18:32","date_gmt":"2021-06-17T11:18:32","guid":{"rendered":"https:\/\/www.ksttukku.fi\/kauppa\/?post_type=product&#038;p=7874"},"modified":"2025-02-22T10:31:39","modified_gmt":"2025-02-22T08:31:39","slug":"rullakaihdin-ruth-valoa-suodattava-ruskea","status":"publish","type":"product","link":"https:\/\/www.ksttukku.fi\/kauppa\/tuote\/rullakaihdin-ruth-valoa-suodattava-ruskea\/","title":{"rendered":"Rullakaihdin Ruth, valoa suodattava, ruskea"},"content":{"rendered":"<p>Rullakaihdin valoa suodattavalla screenkankaalla, alumiinilista ja kuulaketju.<\/p>\n<p>L\u00e4pin\u00e4kyv\u00e4st\u00e4 screenkankaasta valmistetut rullakaihtimet suodattavat ja s\u00e4\u00e4telev\u00e4t auringonvalon m\u00e4\u00e4r\u00e4\u00e4 poistaen kuumuuden. Screenkaihdin suodattaa ja s\u00e4\u00e4telee auringonvaloa, mutta s\u00e4ilytt\u00e4\u00e4 silti n\u00e4kym\u00e4n sis\u00e4lt\u00e4 ulos. Vaaleat v\u00e4rit heijastavat auringonvaloa enemm\u00e4n, kun taas tummemmista v\u00e4reist\u00e4 n\u00e4kee paremmin l\u00e4pi.<\/p>\n<p>Leveydet pidikkeineen 80cm, 120cm ja 160cm (kangas 4cm kapeampi). Korkeus 185cm.<\/p>\n","protected":false},"excerpt":{"rendered":"<p>Rullakaihdin valoa suodattavalla screenkankaalla, alumiinilista ja kuulaketju. L\u00e4pin\u00e4kyv\u00e4st\u00e4 screenkankaasta valmistetut rullakaihtimet suodattavat ja s\u00e4\u00e4telev\u00e4t auringonvalon m\u00e4\u00e4r\u00e4\u00e4 poistaen kuumuuden. Screenkaihdin suodattaa ja s\u00e4\u00e4telee auringonvaloa, mutta s\u00e4ilytt\u00e4\u00e4 silti n\u00e4kym\u00e4n sis\u00e4lt\u00e4 ulos. Vaaleat v\u00e4rit heijastavat auringonvaloa enemm\u00e4n, kun taas tummemmista v\u00e4reist\u00e4 n\u00e4kee paremmin l\u00e4pi. Leveydet pidikkeineen 80cm, 120cm ja 160cm (kangas 4cm kapeampi). Korkeus 185cm.<\/p>\n","protected":false},"featured_media":7878,"comment_status":"closed","ping_status":"closed","template":"","meta":[],"product_brand":[],"product_cat":[104,105],"product_tag":[],"class_list":{"0":"post-7874","1":"product","2":"type-product","3":"status-publish","4":"has-post-thumbnail","6":"product_cat-kaihtimet-ja-verhotangot","7":"product_cat-rullakaihdin-screen","9":"first","10":"instock","11":"sale","12":"taxable","13":"shipping-taxable","14":"purchasable","15":"product-type-variable"},"_links":{"self":[{"href":"https:\/\/www.ksttukku.fi\/kauppa\/wp-json\/wp\/v2\/product\/7874","targetHints":{"allow":["GET"]}}],"collection":[{"href":"https:\/\/www.ksttukku.fi\/kauppa\/wp-json\/wp\/v2\/product"}],"about":[{"href":"https:\/\/www.ksttukku.fi\/kauppa\/wp-json\/wp\/v2\/types\/product"}],"replies":[{"embeddable":true,"href":"https:\/\/www.ksttukku.fi\/kauppa\/wp-json\/wp\/v2\/comments?post=7874"}],"wp:featuredmedia":[{"embeddable":true,"href":"https:\/\/www.ksttukku.fi\/kauppa\/wp-json\/wp\/v2\/media\/7878"}],"wp:attachment":[{"href":"https:\/\/www.ksttukku.fi\/kauppa\/wp-json\/wp\/v2\/media?parent=7874"}],"wp:term":[{"taxonomy":"product_brand","embeddable":true,"href":"https:\/\/www.ksttukku.fi\/kauppa\/wp-json\/wp\/v2\/product_brand?post=7874"},{"taxonomy":"product_cat","embeddable":true,"href":"https:\/\/www.ksttukku.fi\/kauppa\/wp-json\/wp\/v2\/product_cat?post=7874"},{"taxonomy":"product_tag","embeddable":true,"href":"https:\/\/www.ksttukku.fi\/kauppa\/wp-json\/wp\/v2\/product_tag?post=7874"}],"curies":[{"name":"wp","href":"https:\/\/api.w.org\/{rel}","templated":true}]}}