{"id":7880,"date":"2021-06-17T16:09:03","date_gmt":"2021-06-17T13:09:03","guid":{"rendered":"https:\/\/www.ksttukku.fi\/kauppa\/?post_type=product&#038;p=7880"},"modified":"2024-05-11T11:51:05","modified_gmt":"2024-05-11T08:51:05","slug":"bellus-siirrettava-ilmastointilaite-b7000","status":"publish","type":"product","link":"https:\/\/www.ksttukku.fi\/kauppa\/tuote\/bellus-siirrettava-ilmastointilaite-b7000\/","title":{"rendered":"Bellus Siirrett\u00e4v\u00e4 Ilmastointilaite B7000"},"content":{"rendered":"<p>Siirrett\u00e4v\u00e4 ja kaukos\u00e4\u00e4timell\u00e4 ohjattava ilmastointilaite kodin, toimiston, matkailuauton tai matkailuvaunun viilent\u00e4miseen.<\/p>\n<p>Tuotteessa suuri ja helppok\u00e4ytt\u00f6inen LED-n\u00e4ytt\u00f6. A-energialuokka ja 7000 BTU:n j\u00e4\u00e4hdytysteho. Suositellaan 10-14 m\u00b2:n tiloihin. Eritt\u00e4in hiljainen, melutaso alle 65 dB.<\/p>\n<p>Mukana my\u00f6s tuuletintoiminto sek\u00e4 kosteudenpoisto. Laitteessa kondenssiveden kierr\u00e4tystoiminto, joka parantaa ilmastoinnin tehokkuutta.<\/p>\n<p>Ohjelmoitava 24 tunnin ajastin. J\u00e4\u00e4hdytysaine R290. Kierr\u00e4tyskapasiteetti 320 m\u00b3\/h. Kosteudenpoistokapasiteetti 0,8 l\/h. Kaksi tuuletusnopeutta. Mukana 1,5 m poistoletku ja ikkunakiinnityspaneelit. 2050W 220-240V 50Hz.<\/p>\n<p>Takuu 12 kk.<\/p>\n","protected":false},"excerpt":{"rendered":"<p>Siirrett\u00e4v\u00e4 ja kaukos\u00e4\u00e4timell\u00e4 ohjattava ilmastointilaite kodin, toimiston, matkailuauton tai matkailuvaunun viilent\u00e4miseen. Tuotteessa suuri ja helppok\u00e4ytt\u00f6inen LED-n\u00e4ytt\u00f6. A-energialuokka ja 7000 BTU:n j\u00e4\u00e4hdytysteho. Suositellaan 10-14 m\u00b2:n tiloihin. Eritt\u00e4in hiljainen, melutaso alle 65 dB. Mukana my\u00f6s tuuletintoiminto sek\u00e4 kosteudenpoisto. Laitteessa kondenssiveden kierr\u00e4tystoiminto, joka parantaa ilmastoinnin tehokkuutta. Ohjelmoitava 24 tunnin ajastin. J\u00e4\u00e4hdytysaine R290. Kierr\u00e4tyskapasiteetti 320 m\u00b3\/h. Kosteudenpoistokapasiteetti 0,8 l\/h. [&hellip;]<\/p>\n","protected":false},"featured_media":7881,"comment_status":"closed","ping_status":"closed","template":"","meta":[],"product_brand":[],"product_cat":[258,257],"product_tag":[401,403],"class_list":{"0":"post-7880","1":"product","2":"type-product","3":"status-publish","4":"has-post-thumbnail","6":"product_cat-ilmanviilentimet","7":"product_cat-tuulettimet-ja-ilmanviilentimet","8":"product_tag-tuuletin","9":"product_tag-viilennin","11":"first","12":"instock","13":"taxable","14":"shipping-taxable","15":"purchasable","16":"product-type-simple"},"_links":{"self":[{"href":"https:\/\/www.ksttukku.fi\/kauppa\/wp-json\/wp\/v2\/product\/7880","targetHints":{"allow":["GET"]}}],"collection":[{"href":"https:\/\/www.ksttukku.fi\/kauppa\/wp-json\/wp\/v2\/product"}],"about":[{"href":"https:\/\/www.ksttukku.fi\/kauppa\/wp-json\/wp\/v2\/types\/product"}],"replies":[{"embeddable":true,"href":"https:\/\/www.ksttukku.fi\/kauppa\/wp-json\/wp\/v2\/comments?post=7880"}],"wp:featuredmedia":[{"embeddable":true,"href":"https:\/\/www.ksttukku.fi\/kauppa\/wp-json\/wp\/v2\/media\/7881"}],"wp:attachment":[{"href":"https:\/\/www.ksttukku.fi\/kauppa\/wp-json\/wp\/v2\/media?parent=7880"}],"wp:term":[{"taxonomy":"product_brand","embeddable":true,"href":"https:\/\/www.ksttukku.fi\/kauppa\/wp-json\/wp\/v2\/product_brand?post=7880"},{"taxonomy":"product_cat","embeddable":true,"href":"https:\/\/www.ksttukku.fi\/kauppa\/wp-json\/wp\/v2\/product_cat?post=7880"},{"taxonomy":"product_tag","embeddable":true,"href":"https:\/\/www.ksttukku.fi\/kauppa\/wp-json\/wp\/v2\/product_tag?post=7880"}],"curies":[{"name":"wp","href":"https:\/\/api.w.org\/{rel}","templated":true}]}}