{"id":7903,"date":"2021-06-18T13:22:05","date_gmt":"2021-06-18T10:22:05","guid":{"rendered":"https:\/\/www.ksttukku.fi\/kauppa\/?post_type=product&#038;p=7903"},"modified":"2021-06-18T13:22:06","modified_gmt":"2021-06-18T10:22:06","slug":"atom-lihashuoltovasara","status":"publish","type":"product","link":"https:\/\/www.ksttukku.fi\/kauppa\/tuote\/atom-lihashuoltovasara\/","title":{"rendered":"Atom lihashuoltovasara"},"content":{"rendered":"<p>Lihashuoltovasara lihasten hierontaan. Lievitt\u00e4\u00e4 lihaskipua ja -j\u00e4ykkyytt\u00e4. Sis\u00e4lt\u00e4\u00e4 kuusi erilaista hierontap\u00e4\u00e4t\u00e4 ja kymmenen eri nopeutta. Py\u00f6re\u00e4 p\u00e4\u00e4: koko vartalolle Tylpp\u00e4 p\u00e4\u00e4: koko vartalolle, erityisesti isoille lihaksille U-mallinen p\u00e4\u00e4: mm. sel\u00e4n ja k\u00e4sivarsien lihaksille Lapion mallinen p\u00e4\u00e4: mm. jalkapohjien hierontaan Luotip\u00e4\u00e4: kipupisteiden hierontaan Sienip\u00e4\u00e4: koko vartalolle Moottori: 20W Akku: 16,8W 2500mAh Nopeus: 1200-1800 rpm<\/p>\n","protected":false},"excerpt":{"rendered":"<p>Lihashuoltovasara lihasten hierontaan. Lievitt\u00e4\u00e4 lihaskipua ja -j\u00e4ykkyytt\u00e4. Sis\u00e4lt\u00e4\u00e4 kuusi erilaista hierontap\u00e4\u00e4t\u00e4 ja kymmenen eri nopeutta. Py\u00f6re\u00e4 p\u00e4\u00e4: koko vartalolle Tylpp\u00e4 p\u00e4\u00e4: koko vartalolle, erityisesti isoille lihaksille U-mallinen p\u00e4\u00e4: mm. sel\u00e4n ja k\u00e4sivarsien lihaksille Lapion mallinen p\u00e4\u00e4: mm. jalkapohjien hierontaan Luotip\u00e4\u00e4: kipupisteiden hierontaan Sienip\u00e4\u00e4: koko vartalolle Moottori: 20W Akku: 16,8W 2500mAh Nopeus: 1200-1800 rpm<\/p>\n","protected":false},"featured_media":7905,"comment_status":"closed","ping_status":"closed","template":"","meta":[],"product_brand":[],"product_cat":[206],"product_tag":[],"class_list":{"0":"post-7903","1":"product","2":"type-product","3":"status-publish","4":"has-post-thumbnail","6":"product_cat-sup-laudat","8":"first","9":"instock","10":"taxable","11":"shipping-taxable","12":"purchasable","13":"product-type-simple"},"_links":{"self":[{"href":"https:\/\/www.ksttukku.fi\/kauppa\/wp-json\/wp\/v2\/product\/7903","targetHints":{"allow":["GET"]}}],"collection":[{"href":"https:\/\/www.ksttukku.fi\/kauppa\/wp-json\/wp\/v2\/product"}],"about":[{"href":"https:\/\/www.ksttukku.fi\/kauppa\/wp-json\/wp\/v2\/types\/product"}],"replies":[{"embeddable":true,"href":"https:\/\/www.ksttukku.fi\/kauppa\/wp-json\/wp\/v2\/comments?post=7903"}],"wp:featuredmedia":[{"embeddable":true,"href":"https:\/\/www.ksttukku.fi\/kauppa\/wp-json\/wp\/v2\/media\/7905"}],"wp:attachment":[{"href":"https:\/\/www.ksttukku.fi\/kauppa\/wp-json\/wp\/v2\/media?parent=7903"}],"wp:term":[{"taxonomy":"product_brand","embeddable":true,"href":"https:\/\/www.ksttukku.fi\/kauppa\/wp-json\/wp\/v2\/product_brand?post=7903"},{"taxonomy":"product_cat","embeddable":true,"href":"https:\/\/www.ksttukku.fi\/kauppa\/wp-json\/wp\/v2\/product_cat?post=7903"},{"taxonomy":"product_tag","embeddable":true,"href":"https:\/\/www.ksttukku.fi\/kauppa\/wp-json\/wp\/v2\/product_tag?post=7903"}],"curies":[{"name":"wp","href":"https:\/\/api.w.org\/{rel}","templated":true}]}}