{"id":8103,"date":"2021-08-06T17:06:06","date_gmt":"2021-08-06T14:06:06","guid":{"rendered":"https:\/\/www.ksttukku.fi\/kauppa\/?post_type=product&#038;p=8103"},"modified":"2022-04-02T12:43:55","modified_gmt":"2022-04-02T09:43:55","slug":"terassilammitin-veito-ch1200-lt-musta","status":"publish","type":"product","link":"https:\/\/www.ksttukku.fi\/kauppa\/tuote\/terassilammitin-veito-ch1200-lt-musta\/","title":{"rendered":"Terassil\u00e4mmitin Veito CH1200 LT musta"},"content":{"rendered":"<p>L\u00e4mmit\u00e4 huoneesi sekunneissa. Kest\u00e4v\u00e4n alumiinirungon ja kantokahvan avulla tuote on helposti siirrett\u00e4viss\u00e4 huoneesta toiseen. L\u00e4mmittimen s\u00e4\u00e4t\u00f6 tapahtuu laitteessa olevalla napilla. Se on yksinkertainen ja elegantti. Laita l\u00e4mmitin p\u00e4\u00e4lle ja nauti mukavasta l\u00e4mm\u00f6st\u00e4.<\/p>\n<ul>\n<li>1200W<\/li>\n<li>Kaksi eri l\u00e4mm\u00f6ns\u00e4\u00e4t\u00f6tehoa 600W\/1200W\/<\/li>\n<li>Korkeus s\u00e4\u00e4dett\u00e4viss\u00e4<\/li>\n<li>Kantokahva<\/li>\n<li>Kaatumissuoja TIP-over protection<\/li>\n<\/ul>\n","protected":false},"excerpt":{"rendered":"<p>L\u00e4mmit\u00e4 huoneesi sekunneissa. Kest\u00e4v\u00e4n alumiinirungon ja kantokahvan avulla tuote on helposti siirrett\u00e4viss\u00e4 huoneesta toiseen. L\u00e4mmittimen s\u00e4\u00e4t\u00f6 tapahtuu laitteessa olevalla napilla. Se on yksinkertainen ja elegantti. Laita l\u00e4mmitin p\u00e4\u00e4lle ja nauti mukavasta l\u00e4mm\u00f6st\u00e4. 1200W Kaksi eri l\u00e4mm\u00f6ns\u00e4\u00e4t\u00f6tehoa 600W\/1200W\/ Korkeus s\u00e4\u00e4dett\u00e4viss\u00e4 Kantokahva Kaatumissuoja TIP-over protection<\/p>\n","protected":false},"featured_media":8104,"comment_status":"closed","ping_status":"closed","template":"","meta":[],"product_brand":[],"product_cat":[125],"product_tag":[],"class_list":{"0":"post-8103","1":"product","2":"type-product","3":"status-publish","4":"has-post-thumbnail","6":"product_cat-terassilammittimet","8":"first","9":"instock","10":"taxable","11":"shipping-taxable","12":"purchasable","13":"product-type-simple"},"_links":{"self":[{"href":"https:\/\/www.ksttukku.fi\/kauppa\/wp-json\/wp\/v2\/product\/8103","targetHints":{"allow":["GET"]}}],"collection":[{"href":"https:\/\/www.ksttukku.fi\/kauppa\/wp-json\/wp\/v2\/product"}],"about":[{"href":"https:\/\/www.ksttukku.fi\/kauppa\/wp-json\/wp\/v2\/types\/product"}],"replies":[{"embeddable":true,"href":"https:\/\/www.ksttukku.fi\/kauppa\/wp-json\/wp\/v2\/comments?post=8103"}],"wp:featuredmedia":[{"embeddable":true,"href":"https:\/\/www.ksttukku.fi\/kauppa\/wp-json\/wp\/v2\/media\/8104"}],"wp:attachment":[{"href":"https:\/\/www.ksttukku.fi\/kauppa\/wp-json\/wp\/v2\/media?parent=8103"}],"wp:term":[{"taxonomy":"product_brand","embeddable":true,"href":"https:\/\/www.ksttukku.fi\/kauppa\/wp-json\/wp\/v2\/product_brand?post=8103"},{"taxonomy":"product_cat","embeddable":true,"href":"https:\/\/www.ksttukku.fi\/kauppa\/wp-json\/wp\/v2\/product_cat?post=8103"},{"taxonomy":"product_tag","embeddable":true,"href":"https:\/\/www.ksttukku.fi\/kauppa\/wp-json\/wp\/v2\/product_tag?post=8103"}],"curies":[{"name":"wp","href":"https:\/\/api.w.org\/{rel}","templated":true}]}}