{"id":8181,"date":"2021-09-03T13:20:20","date_gmt":"2021-09-03T10:20:20","guid":{"rendered":"https:\/\/www.ksttukku.fi\/kauppa\/?post_type=product&#038;p=8181"},"modified":"2021-09-03T13:20:22","modified_gmt":"2021-09-03T10:20:22","slug":"led-kattovalaisin-glossy-kaukosaatimella-51cm-36w-2160lm","status":"publish","type":"product","link":"https:\/\/www.ksttukku.fi\/kauppa\/tuote\/led-kattovalaisin-glossy-kaukosaatimella-51cm-36w-2160lm\/","title":{"rendered":"LED-kattovalaisin Glossy kaukos\u00e4\u00e4timell\u00e4 51cm, 36W, 2160lm"},"content":{"rendered":"<p data-sanitized-data-mce-fragment=\"1\">Teho: 36W<\/p>\n<p data-sanitized-data-mce-fragment=\"1\">Valovirta: 2160 lm<\/p>\n<p data-sanitized-data-mce-fragment=\"1\">Ra&gt;80<\/p>\n<p data-sanitized-data-mce-fragment=\"1\">V\u00e4ril\u00e4mp\u00f6tila vaihdettavissa 3000 K &#8211; 6500 K<\/p>\n<p data-sanitized-data-mce-fragment=\"1\">Mitat: \u00d8 5100 mm, korkeus 70 mm<\/p>\n<p data-sanitized-data-mce-fragment=\"1\">Valon tehoa ja v\u00e4ril\u00e4mp\u00f6tilaa voi s\u00e4\u00e4t\u00e4\u00e4 mukana tulevalla kaukos\u00e4\u00e4timell\u00e4.<\/p>\n<p data-sanitized-data-mce-fragment=\"1\">Kaukos\u00e4\u00e4timen toiminnot: -ON\/OFF -V\u00e4ril\u00e4mp\u00f6tilan s\u00e4\u00e4t\u00f6 -Himmennys -Y\u00f6valo-toiminto<\/p>\n","protected":false},"excerpt":{"rendered":"<p>Teho: 36W Valovirta: 2160 lm Ra&gt;80 V\u00e4ril\u00e4mp\u00f6tila vaihdettavissa 3000 K &#8211; 6500 K Mitat: \u00d8 5100 mm, korkeus 70 mm Valon tehoa ja v\u00e4ril\u00e4mp\u00f6tilaa voi s\u00e4\u00e4t\u00e4\u00e4 mukana tulevalla kaukos\u00e4\u00e4timell\u00e4. Kaukos\u00e4\u00e4timen toiminnot: -ON\/OFF -V\u00e4ril\u00e4mp\u00f6tilan s\u00e4\u00e4t\u00f6 -Himmennys -Y\u00f6valo-toiminto<\/p>\n","protected":false},"featured_media":8182,"comment_status":"closed","ping_status":"closed","template":"","meta":[],"product_brand":[],"product_cat":[40,35,34],"product_tag":[],"class_list":{"0":"post-8181","1":"product","2":"type-product","3":"status-publish","4":"has-post-thumbnail","6":"product_cat-kattovalaisimet","7":"product_cat-sisavalaisimet","8":"product_cat-valaisimet","10":"first","11":"instock","12":"taxable","13":"shipping-taxable","14":"purchasable","15":"product-type-simple"},"_links":{"self":[{"href":"https:\/\/www.ksttukku.fi\/kauppa\/wp-json\/wp\/v2\/product\/8181","targetHints":{"allow":["GET"]}}],"collection":[{"href":"https:\/\/www.ksttukku.fi\/kauppa\/wp-json\/wp\/v2\/product"}],"about":[{"href":"https:\/\/www.ksttukku.fi\/kauppa\/wp-json\/wp\/v2\/types\/product"}],"replies":[{"embeddable":true,"href":"https:\/\/www.ksttukku.fi\/kauppa\/wp-json\/wp\/v2\/comments?post=8181"}],"wp:featuredmedia":[{"embeddable":true,"href":"https:\/\/www.ksttukku.fi\/kauppa\/wp-json\/wp\/v2\/media\/8182"}],"wp:attachment":[{"href":"https:\/\/www.ksttukku.fi\/kauppa\/wp-json\/wp\/v2\/media?parent=8181"}],"wp:term":[{"taxonomy":"product_brand","embeddable":true,"href":"https:\/\/www.ksttukku.fi\/kauppa\/wp-json\/wp\/v2\/product_brand?post=8181"},{"taxonomy":"product_cat","embeddable":true,"href":"https:\/\/www.ksttukku.fi\/kauppa\/wp-json\/wp\/v2\/product_cat?post=8181"},{"taxonomy":"product_tag","embeddable":true,"href":"https:\/\/www.ksttukku.fi\/kauppa\/wp-json\/wp\/v2\/product_tag?post=8181"}],"curies":[{"name":"wp","href":"https:\/\/api.w.org\/{rel}","templated":true}]}}